{"id":692078,"date":"2024-10-14T15:42:17","date_gmt":"2024-10-14T13:42:17","guid":{"rendered":"https:\/\/streetmarkets.fr\/app\/produit\/pantalon-flare-h24-femme-navy\/"},"modified":"2025-03-15T01:03:53","modified_gmt":"2025-03-15T00:03:53","slug":"pantalon-flare-h24-femme-navy","status":"publish","type":"product","link":"https:\/\/streetmarkets.fr\/app\/produit\/pantalon-flare-h24-femme-navy\/","title":{"rendered":"Pantalon Flare (H24 \/ FEMME \/ Navy)"},"content":{"rendered":"<p>Confectionn\u00e9 en laine m\u00e9rinos certifi\u00e9e RWS (Responsible Wool Standard), ce pantalon flare c\u00f4tel\u00e9 joue des volumes pour une silhouette \u00e9lanc\u00e9e. \u00c9lastiqu\u00e9 \u00e0 la taille, il r\u00e9v\u00e8le des bandes lat\u00e9rales contrast\u00e9es, accentuant un tomb\u00e9 \u00e9vas\u00e9. Compl\u00e9tez votre look casual avec le top coordonn\u00e9.<\/p>\n<p>&#8211; Pantalon long et flare en laine m\u00e9rinos Femme<br \/>\n<br \/>&#8211; C\u00f4tel\u00e9<br \/>\n<br \/>&#8211; Taille \u00e9lastiqu\u00e9e<br \/>\n<br \/>&#8211; Bandes lat\u00e9rales contrast\u00e9es<br \/>\n<br \/>&#8211; Bas \u00e9vas\u00e9<br \/>\n<br \/>&#8211; Coupe slim<br \/>\n<br \/>&#8211; Laine m\u00e9rinos : respirante et thermor\u00e9gulatrice, elle peut \u00eatre port\u00e9e \u00e9t\u00e9 comme hiver<\/p>\n","protected":false},"excerpt":{"rendered":"<p>Confectionn\u00e9 en laine m\u00e9rinos certifi\u00e9e RWS (Responsible Wool Standard), ce pantalon flare c\u00f4tel\u00e9 joue des volumes pour une silhouette \u00e9lanc\u00e9e. \u00c9lastiqu\u00e9 \u00e0 la taille, il r\u00e9v\u00e8le des bandes lat\u00e9rales contrast\u00e9es, accentuant un tomb\u00e9 \u00e9vas\u00e9. Compl\u00e9tez votre look casual avec le top coordonn\u00e9. &#8211; Pantalon long et flare en laine m\u00e9rinos Femme &#8211; C\u00f4tel\u00e9 &#8211; Taille [&hellip;]<\/p>\n","protected":false},"featured_media":692079,"comment_status":"open","ping_status":"closed","template":"","meta":[],"product_brand":[6868],"product_cat":[1756,1762],"product_tag":[2244],"acf":[],"_links":{"self":[{"href":"https:\/\/streetmarkets.fr\/app\/wp-json\/wp\/v2\/product\/692078"}],"collection":[{"href":"https:\/\/streetmarkets.fr\/app\/wp-json\/wp\/v2\/product"}],"about":[{"href":"https:\/\/streetmarkets.fr\/app\/wp-json\/wp\/v2\/types\/product"}],"replies":[{"embeddable":true,"href":"https:\/\/streetmarkets.fr\/app\/wp-json\/wp\/v2\/comments?post=692078"}],"wp:featuredmedia":[{"embeddable":true,"href":"https:\/\/streetmarkets.fr\/app\/wp-json\/wp\/v2\/media\/692079"}],"wp:attachment":[{"href":"https:\/\/streetmarkets.fr\/app\/wp-json\/wp\/v2\/media?parent=692078"}],"wp:term":[{"taxonomy":"product_brand","embeddable":true,"href":"https:\/\/streetmarkets.fr\/app\/wp-json\/wp\/v2\/product_brand?post=692078"},{"taxonomy":"product_cat","embeddable":true,"href":"https:\/\/streetmarkets.fr\/app\/wp-json\/wp\/v2\/product_cat?post=692078"},{"taxonomy":"product_tag","embeddable":true,"href":"https:\/\/streetmarkets.fr\/app\/wp-json\/wp\/v2\/product_tag?post=692078"}],"curies":[{"name":"wp","href":"https:\/\/api.w.org\/{rel}","templated":true}]}}