{"id":692066,"date":"2024-10-14T15:42:16","date_gmt":"2024-10-14T13:42:16","guid":{"rendered":"https:\/\/streetmarkets.fr\/app\/produit\/robe-longue-manche-longue-h24-femme-chocolat\/"},"modified":"2025-01-24T01:08:33","modified_gmt":"2025-01-24T00:08:33","slug":"robe-longue-manche-longue-h24-femme-chocolat","status":"publish","type":"product","link":"https:\/\/streetmarkets.fr\/app\/produit\/robe-longue-manche-longue-h24-femme-chocolat\/","title":{"rendered":"Robe Longue Manche Longue (H24 \/ FEMME \/ Chocolat)"},"content":{"rendered":"<p>Confectionn\u00e9e en 100% laine m\u00e9rinos certifi\u00e9e RWS (Responsible Wool Standard), cette robe longue c\u00f4tel\u00e9e conf\u00e8re une silhouette \u00e9l\u00e9gante et ajust\u00e9e, r\u00e9hauss\u00e9e d&#8217;une jupe d\u00e9licatement fendue. Dot\u00e9e d&#8217;un col rond, elle d\u00e9voile des manches longues orn\u00e9es de boutons nacr\u00e9s.<\/p>\n<p>&#8211; Robe longue en laine m\u00e9rinos Femme<br \/>\n<br \/>&#8211; C\u00f4tel\u00e9e<br \/>\n<br \/>&#8211; Col rond<br \/>\n<br \/>&#8211; Manches longues<br \/>\n<br \/>&#8211; Poignets \u00e0 boutons nacr\u00e9s<br \/>\n<br \/>&#8211; Fente \u00e0 l&#8217;avant<br \/>\n<br \/>&#8211; Coupe slim<br \/>\n<br \/>&#8211; Laine m\u00e9rinos : respirante et thermor\u00e9gulatrice, elle peut \u00eatre port\u00e9e \u00e9t\u00e9 comme hiver<\/p>\n","protected":false},"excerpt":{"rendered":"<p>Confectionn\u00e9e en 100% laine m\u00e9rinos certifi\u00e9e RWS (Responsible Wool Standard), cette robe longue c\u00f4tel\u00e9e conf\u00e8re une silhouette \u00e9l\u00e9gante et ajust\u00e9e, r\u00e9hauss\u00e9e d&#8217;une jupe d\u00e9licatement fendue. Dot\u00e9e d&#8217;un col rond, elle d\u00e9voile des manches longues orn\u00e9es de boutons nacr\u00e9s. &#8211; Robe longue en laine m\u00e9rinos Femme &#8211; C\u00f4tel\u00e9e &#8211; Col rond &#8211; Manches longues &#8211; Poignets [&hellip;]<\/p>\n","protected":false},"featured_media":692067,"comment_status":"open","ping_status":"closed","template":"","meta":[],"product_brand":[6868],"product_cat":[1756,1762],"product_tag":[2244],"acf":[],"_links":{"self":[{"href":"https:\/\/streetmarkets.fr\/app\/wp-json\/wp\/v2\/product\/692066"}],"collection":[{"href":"https:\/\/streetmarkets.fr\/app\/wp-json\/wp\/v2\/product"}],"about":[{"href":"https:\/\/streetmarkets.fr\/app\/wp-json\/wp\/v2\/types\/product"}],"replies":[{"embeddable":true,"href":"https:\/\/streetmarkets.fr\/app\/wp-json\/wp\/v2\/comments?post=692066"}],"wp:featuredmedia":[{"embeddable":true,"href":"https:\/\/streetmarkets.fr\/app\/wp-json\/wp\/v2\/media\/692067"}],"wp:attachment":[{"href":"https:\/\/streetmarkets.fr\/app\/wp-json\/wp\/v2\/media?parent=692066"}],"wp:term":[{"taxonomy":"product_brand","embeddable":true,"href":"https:\/\/streetmarkets.fr\/app\/wp-json\/wp\/v2\/product_brand?post=692066"},{"taxonomy":"product_cat","embeddable":true,"href":"https:\/\/streetmarkets.fr\/app\/wp-json\/wp\/v2\/product_cat?post=692066"},{"taxonomy":"product_tag","embeddable":true,"href":"https:\/\/streetmarkets.fr\/app\/wp-json\/wp\/v2\/product_tag?post=692066"}],"curies":[{"name":"wp","href":"https:\/\/api.w.org\/{rel}","templated":true}]}}