{"id":692008,"date":"2024-10-14T15:41:49","date_gmt":"2024-10-14T13:41:49","guid":{"rendered":"https:\/\/streetmarkets.fr\/app\/produit\/robe-courte-manche-courte-bijoux-coeur-h24-femme-noir-100-laine-merinos-rws\/"},"modified":"2025-03-20T00:56:55","modified_gmt":"2025-03-19T23:56:55","slug":"robe-courte-manche-courte-bijoux-coeur-h24-femme-noir-100-laine-merinos-rws","status":"publish","type":"product","link":"https:\/\/streetmarkets.fr\/app\/produit\/robe-courte-manche-courte-bijoux-coeur-h24-femme-noir-100-laine-merinos-rws\/","title":{"rendered":"Robe Courte Manche Courte Bijoux Coeur (H24 \/ FEMME \/ Noir \/ 100% Laine M\u00e9rinos RWS)"},"content":{"rendered":"<p>Une maille c\u00f4tel\u00e9e, douce et a\u00e9r\u00e9e pour cette robe courte et ajust\u00e9e, confectionn\u00e9e en laine m\u00e9rinos certifi\u00e9e RWS (Responsible Wool Standard). Avec un col rond et des manches courtes, elle d\u00e9voile des d\u00e9coupes c\u0153urs \u00e0 la taille, orn\u00e9es de bijoux scintillants, pour une allure irr\u00e9sistible. <\/p>\n<p>&#8211; Robe courte en laine m\u00e9rinos Femme<br \/>\n<br \/>&#8211; D\u00e9coupes bijoux c\u0153urs<br \/>\n<br \/>&#8211; Col rond<br \/>\n<br \/>&#8211; Manches courtes<br \/>\n<br \/>&#8211; C\u00f4tel\u00e9<br \/>\n<br \/>&#8211; Coupe slim<br \/>\n<br \/>&#8211; Laine m\u00e9rinos : respirante et thermor\u00e9gulatrice, elle peut \u00eatre port\u00e9e \u00e9t\u00e9 comme hiver<\/p>\n","protected":false},"excerpt":{"rendered":"<p>Une maille c\u00f4tel\u00e9e, douce et a\u00e9r\u00e9e pour cette robe courte et ajust\u00e9e, confectionn\u00e9e en laine m\u00e9rinos certifi\u00e9e RWS (Responsible Wool Standard). Avec un col rond et des manches courtes, elle d\u00e9voile des d\u00e9coupes c\u0153urs \u00e0 la taille, orn\u00e9es de bijoux scintillants, pour une allure irr\u00e9sistible. &#8211; Robe courte en laine m\u00e9rinos Femme &#8211; D\u00e9coupes bijoux [&hellip;]<\/p>\n","protected":false},"featured_media":692009,"comment_status":"open","ping_status":"closed","template":"","meta":[],"product_brand":[6868],"product_cat":[1756,1762],"product_tag":[2244],"acf":[],"_links":{"self":[{"href":"https:\/\/streetmarkets.fr\/app\/wp-json\/wp\/v2\/product\/692008"}],"collection":[{"href":"https:\/\/streetmarkets.fr\/app\/wp-json\/wp\/v2\/product"}],"about":[{"href":"https:\/\/streetmarkets.fr\/app\/wp-json\/wp\/v2\/types\/product"}],"replies":[{"embeddable":true,"href":"https:\/\/streetmarkets.fr\/app\/wp-json\/wp\/v2\/comments?post=692008"}],"wp:featuredmedia":[{"embeddable":true,"href":"https:\/\/streetmarkets.fr\/app\/wp-json\/wp\/v2\/media\/692009"}],"wp:attachment":[{"href":"https:\/\/streetmarkets.fr\/app\/wp-json\/wp\/v2\/media?parent=692008"}],"wp:term":[{"taxonomy":"product_brand","embeddable":true,"href":"https:\/\/streetmarkets.fr\/app\/wp-json\/wp\/v2\/product_brand?post=692008"},{"taxonomy":"product_cat","embeddable":true,"href":"https:\/\/streetmarkets.fr\/app\/wp-json\/wp\/v2\/product_cat?post=692008"},{"taxonomy":"product_tag","embeddable":true,"href":"https:\/\/streetmarkets.fr\/app\/wp-json\/wp\/v2\/product_tag?post=692008"}],"curies":[{"name":"wp","href":"https:\/\/api.w.org\/{rel}","templated":true}]}}