{"id":691724,"date":"2024-10-14T15:41:12","date_gmt":"2024-10-14T13:41:12","guid":{"rendered":"https:\/\/streetmarkets.fr\/app\/produit\/pull-col-montant-h24-femme-fairy-blue\/"},"modified":"2025-02-04T01:06:26","modified_gmt":"2025-02-04T00:06:26","slug":"pull-col-montant-h24-femme-fairy-blue","status":"publish","type":"product","link":"https:\/\/streetmarkets.fr\/app\/produit\/pull-col-montant-h24-femme-fairy-blue\/","title":{"rendered":"Pull Col Montant (H24 \/ FEMME \/ Fairy Blue)"},"content":{"rendered":"<p>Nuance douce et d\u00e9tail signature, ce pull oversize se pare d&#8217;une broderie &#8220;Future Dynasty&#8221; \u00e0 l&#8217;avant. Confectionn\u00e9 en cachemire, un col montant et des manches longues apportent une touche de sophistication \u00e0 l&#8217;allure. Associez-le \u00e0 une jupe fluide pour un look \u00e9l\u00e9gant.<\/p>\n<p>&#8211; Pull en cachemire certifi\u00e9 GCS\u00ae Femme<br \/>\n<br \/>&#8211; Broderie &#8220;Future Dynasty&#8221;<br \/>\n<br \/>&#8211; Col montant<br \/>\n<br \/>&#8211; Manches longues<br \/>\n<br \/>&#8211; Bords c\u00f4tel\u00e9s<br \/>\n<br \/>&#8211; Coupe oversize<br \/>\n<br \/>&#8211; Le Good Cashmere Standard\u00ae (GCS) est une norme ind\u00e9pendante pour un cachemire plus durable et plus responsable. Il vise \u00e0 am\u00e9liorer le bien-\u00eatre des ch\u00e8vres cachemire, les conditions de travail des \u00e9leveurs ainsi qu&#8217;\u00e0 prot\u00e9ger l&#8217;environnement.<br \/>&#8211; <u>Cachemire 2 fils<\/u> <\/p>\n","protected":false},"excerpt":{"rendered":"<p>Nuance douce et d\u00e9tail signature, ce pull oversize se pare d&#8217;une broderie &#8220;Future Dynasty&#8221; \u00e0 l&#8217;avant. Confectionn\u00e9 en cachemire, un col montant et des manches longues apportent une touche de sophistication \u00e0 l&#8217;allure. Associez-le \u00e0 une jupe fluide pour un look \u00e9l\u00e9gant. &#8211; Pull en cachemire certifi\u00e9 GCS\u00ae Femme &#8211; Broderie &#8220;Future Dynasty&#8221; &#8211; Col [&hellip;]<\/p>\n","protected":false},"featured_media":691725,"comment_status":"open","ping_status":"closed","template":"","meta":[],"product_brand":[6868],"product_cat":[1756,1762],"product_tag":[2244],"acf":[],"_links":{"self":[{"href":"https:\/\/streetmarkets.fr\/app\/wp-json\/wp\/v2\/product\/691724"}],"collection":[{"href":"https:\/\/streetmarkets.fr\/app\/wp-json\/wp\/v2\/product"}],"about":[{"href":"https:\/\/streetmarkets.fr\/app\/wp-json\/wp\/v2\/types\/product"}],"replies":[{"embeddable":true,"href":"https:\/\/streetmarkets.fr\/app\/wp-json\/wp\/v2\/comments?post=691724"}],"wp:featuredmedia":[{"embeddable":true,"href":"https:\/\/streetmarkets.fr\/app\/wp-json\/wp\/v2\/media\/691725"}],"wp:attachment":[{"href":"https:\/\/streetmarkets.fr\/app\/wp-json\/wp\/v2\/media?parent=691724"}],"wp:term":[{"taxonomy":"product_brand","embeddable":true,"href":"https:\/\/streetmarkets.fr\/app\/wp-json\/wp\/v2\/product_brand?post=691724"},{"taxonomy":"product_cat","embeddable":true,"href":"https:\/\/streetmarkets.fr\/app\/wp-json\/wp\/v2\/product_cat?post=691724"},{"taxonomy":"product_tag","embeddable":true,"href":"https:\/\/streetmarkets.fr\/app\/wp-json\/wp\/v2\/product_tag?post=691724"}],"curies":[{"name":"wp","href":"https:\/\/api.w.org\/{rel}","templated":true}]}}