{"id":691571,"date":"2024-10-14T15:41:02","date_gmt":"2024-10-14T13:41:02","guid":{"rendered":"https:\/\/streetmarkets.fr\/app\/produit\/jogging-large-bicolore-h24-femme-chocolat\/"},"modified":"2025-03-10T01:07:35","modified_gmt":"2025-03-10T00:07:35","slug":"jogging-large-bicolore-h24-femme-chocolat","status":"publish","type":"product","link":"https:\/\/streetmarkets.fr\/app\/produit\/jogging-large-bicolore-h24-femme-chocolat\/","title":{"rendered":"Jogging Large Bicolore (H24 \/ FEMME \/ Chocolat)"},"content":{"rendered":"<p>Une maille douce s&#8217;invite sur ce jogging long confectionn\u00e9 en cachemire. Sa taille \u00e9lastiqu\u00e9e et son tomb\u00e9 large, soulign\u00e9s par des liser\u00e9s contrast\u00e9s, dessinent une silhouette \u00e9lanc\u00e9e. Associez-le au pull sans manches coordonn\u00e9 pour un total look chic et casual.<\/p>\n<p>&#8211; Jogging large et long en cachemire certifi\u00e9 GCS\u00ae Femme<br \/>\n<br \/>&#8211; Liser\u00e9s contrast\u00e9s<br \/>\n<br \/>&#8211; Taille \u00e9lastiqu\u00e9e<br \/>\n<br \/>&#8211; Coupe regular<br \/>\n<br \/>&#8211; Le Good Cashmere Standard\u00ae (GCS) est une norme ind\u00e9pendante pour un cachemire plus durable et plus responsable. Il vise \u00e0 am\u00e9liorer le bien-\u00eatre des ch\u00e8vres cachemire, les conditions de travail des \u00e9leveurs ainsi qu&#8217;\u00e0 prot\u00e9ger l&#8217;environnement.<br \/>&#8211; <u>Cachemire 2 fils<\/u> <\/p>\n","protected":false},"excerpt":{"rendered":"<p>Une maille douce s&#8217;invite sur ce jogging long confectionn\u00e9 en cachemire. Sa taille \u00e9lastiqu\u00e9e et son tomb\u00e9 large, soulign\u00e9s par des liser\u00e9s contrast\u00e9s, dessinent une silhouette \u00e9lanc\u00e9e. Associez-le au pull sans manches coordonn\u00e9 pour un total look chic et casual. &#8211; Jogging large et long en cachemire certifi\u00e9 GCS\u00ae Femme &#8211; Liser\u00e9s contrast\u00e9s &#8211; Taille [&hellip;]<\/p>\n","protected":false},"featured_media":691572,"comment_status":"open","ping_status":"closed","template":"","meta":[],"product_brand":[6868],"product_cat":[1756,1762],"product_tag":[2244],"acf":[],"_links":{"self":[{"href":"https:\/\/streetmarkets.fr\/app\/wp-json\/wp\/v2\/product\/691571"}],"collection":[{"href":"https:\/\/streetmarkets.fr\/app\/wp-json\/wp\/v2\/product"}],"about":[{"href":"https:\/\/streetmarkets.fr\/app\/wp-json\/wp\/v2\/types\/product"}],"replies":[{"embeddable":true,"href":"https:\/\/streetmarkets.fr\/app\/wp-json\/wp\/v2\/comments?post=691571"}],"wp:featuredmedia":[{"embeddable":true,"href":"https:\/\/streetmarkets.fr\/app\/wp-json\/wp\/v2\/media\/691572"}],"wp:attachment":[{"href":"https:\/\/streetmarkets.fr\/app\/wp-json\/wp\/v2\/media?parent=691571"}],"wp:term":[{"taxonomy":"product_brand","embeddable":true,"href":"https:\/\/streetmarkets.fr\/app\/wp-json\/wp\/v2\/product_brand?post=691571"},{"taxonomy":"product_cat","embeddable":true,"href":"https:\/\/streetmarkets.fr\/app\/wp-json\/wp\/v2\/product_cat?post=691571"},{"taxonomy":"product_tag","embeddable":true,"href":"https:\/\/streetmarkets.fr\/app\/wp-json\/wp\/v2\/product_tag?post=691571"}],"curies":[{"name":"wp","href":"https:\/\/api.w.org\/{rel}","templated":true}]}}