{"id":691515,"date":"2024-10-14T15:40:59","date_gmt":"2024-10-14T13:40:59","guid":{"rendered":"https:\/\/streetmarkets.fr\/app\/produit\/top-asymetrique-jersey-h24-femme-hot-leopard\/"},"modified":"2025-03-15T01:03:51","modified_gmt":"2025-03-15T00:03:51","slug":"top-asymetrique-jersey-h24-femme-hot-leopard","status":"publish","type":"product","link":"https:\/\/streetmarkets.fr\/app\/produit\/top-asymetrique-jersey-h24-femme-hot-leopard\/","title":{"rendered":"Top Asymetrique Jersey (H24 \/ FEMME \/ Hot Leopard)"},"content":{"rendered":"<p>Beaucoup d&#8217;allure pour ce top orn\u00e9 d&#8217;un imprim\u00e9 l\u00e9opard. Muni de manches longues, il d\u00e9voile une \u00e9paule d\u00e9nud\u00e9e et un col asym\u00e9trique pour transcender votre silhouette de saison. \u00c0 porter \u00e0 m\u00eame la peau, il se mixe \u00e0 un pantalon ample ou une jupe structur\u00e9e.<\/p>\n<p>&#8211; Top asym\u00e9trique Femme<br \/>\n<br \/>&#8211; Imprim\u00e9 l\u00e9opard<br \/>\n<br \/>&#8211; \u00c9paule d\u00e9nud\u00e9e<br \/>\n<br \/>&#8211; Manches longues<br \/>\n<br \/>&#8211; Coupe slim<\/p>\n","protected":false},"excerpt":{"rendered":"<p>Beaucoup d&#8217;allure pour ce top orn\u00e9 d&#8217;un imprim\u00e9 l\u00e9opard. Muni de manches longues, il d\u00e9voile une \u00e9paule d\u00e9nud\u00e9e et un col asym\u00e9trique pour transcender votre silhouette de saison. \u00c0 porter \u00e0 m\u00eame la peau, il se mixe \u00e0 un pantalon ample ou une jupe structur\u00e9e. &#8211; Top asym\u00e9trique Femme &#8211; Imprim\u00e9 l\u00e9opard &#8211; \u00c9paule d\u00e9nud\u00e9e [&hellip;]<\/p>\n","protected":false},"featured_media":691516,"comment_status":"open","ping_status":"closed","template":"","meta":[],"product_brand":[6868],"product_cat":[1756,1762],"product_tag":[2244],"acf":[],"_links":{"self":[{"href":"https:\/\/streetmarkets.fr\/app\/wp-json\/wp\/v2\/product\/691515"}],"collection":[{"href":"https:\/\/streetmarkets.fr\/app\/wp-json\/wp\/v2\/product"}],"about":[{"href":"https:\/\/streetmarkets.fr\/app\/wp-json\/wp\/v2\/types\/product"}],"replies":[{"embeddable":true,"href":"https:\/\/streetmarkets.fr\/app\/wp-json\/wp\/v2\/comments?post=691515"}],"wp:featuredmedia":[{"embeddable":true,"href":"https:\/\/streetmarkets.fr\/app\/wp-json\/wp\/v2\/media\/691516"}],"wp:attachment":[{"href":"https:\/\/streetmarkets.fr\/app\/wp-json\/wp\/v2\/media?parent=691515"}],"wp:term":[{"taxonomy":"product_brand","embeddable":true,"href":"https:\/\/streetmarkets.fr\/app\/wp-json\/wp\/v2\/product_brand?post=691515"},{"taxonomy":"product_cat","embeddable":true,"href":"https:\/\/streetmarkets.fr\/app\/wp-json\/wp\/v2\/product_cat?post=691515"},{"taxonomy":"product_tag","embeddable":true,"href":"https:\/\/streetmarkets.fr\/app\/wp-json\/wp\/v2\/product_tag?post=691515"}],"curies":[{"name":"wp","href":"https:\/\/api.w.org\/{rel}","templated":true}]}}