{"id":691493,"date":"2024-10-14T15:40:58","date_gmt":"2024-10-14T13:40:58","guid":{"rendered":"https:\/\/streetmarkets.fr\/app\/produit\/pull-col-v-bandes-manches-multicolore-h24-femme-sable\/"},"modified":"2025-03-13T00:59:02","modified_gmt":"2025-03-12T23:59:02","slug":"pull-col-v-bandes-manches-multicolore-h24-femme-sable","status":"publish","type":"product","link":"https:\/\/streetmarkets.fr\/app\/produit\/pull-col-v-bandes-manches-multicolore-h24-femme-sable\/","title":{"rendered":"Pull Col V Bandes Manches Multicolore (H24 \/ FEMME \/ Sable)"},"content":{"rendered":"<p>Une maille douce pour ce pull court confectionn\u00e9 en cachemire 4 fils. Muni d&#8217;un col V et de bords c\u00f4tel\u00e9s, il r\u00e9v\u00e8le des bandes multicolores le long des manches longues, le d\u00e9tail signature du vestiaire FROM FUTURE. Facile \u00e0 mixer, compl\u00e9tez votre look avec un jean droit ou un jogging molletonn\u00e9.<\/p>\n<p>&#8211; Pull court en cachemire certifi\u00e9 GCS\u00ae Femme<br \/>\n<br \/>&#8211; Col V<br \/>\n<br \/>&#8211; Bandes multicolores<br \/>\n<br \/>&#8211; Manches longues<br \/>\n<br \/>&#8211; Bords c\u00f4tel\u00e9s<br \/>\n<br \/>&#8211; Coupe regular<br \/>\n<br \/>&#8211; Le Good Cashmere Standard\u00ae (GCS) est une norme ind\u00e9pendante pour un cachemire plus durable et plus responsable. Il vise \u00e0 am\u00e9liorer le bien-\u00eatre des ch\u00e8vres cachemire, les conditions de travail des \u00e9leveurs ainsi qu&#8217;\u00e0 prot\u00e9ger l&#8217;environnement.<\/p>\n","protected":false},"excerpt":{"rendered":"<p>Une maille douce pour ce pull court confectionn\u00e9 en cachemire 4 fils. Muni d&#8217;un col V et de bords c\u00f4tel\u00e9s, il r\u00e9v\u00e8le des bandes multicolores le long des manches longues, le d\u00e9tail signature du vestiaire FROM FUTURE. Facile \u00e0 mixer, compl\u00e9tez votre look avec un jean droit ou un jogging molletonn\u00e9. &#8211; Pull court en [&hellip;]<\/p>\n","protected":false},"featured_media":691494,"comment_status":"open","ping_status":"closed","template":"","meta":[],"product_brand":[6868],"product_cat":[1756,1762],"product_tag":[2244],"acf":[],"_links":{"self":[{"href":"https:\/\/streetmarkets.fr\/app\/wp-json\/wp\/v2\/product\/691493"}],"collection":[{"href":"https:\/\/streetmarkets.fr\/app\/wp-json\/wp\/v2\/product"}],"about":[{"href":"https:\/\/streetmarkets.fr\/app\/wp-json\/wp\/v2\/types\/product"}],"replies":[{"embeddable":true,"href":"https:\/\/streetmarkets.fr\/app\/wp-json\/wp\/v2\/comments?post=691493"}],"wp:featuredmedia":[{"embeddable":true,"href":"https:\/\/streetmarkets.fr\/app\/wp-json\/wp\/v2\/media\/691494"}],"wp:attachment":[{"href":"https:\/\/streetmarkets.fr\/app\/wp-json\/wp\/v2\/media?parent=691493"}],"wp:term":[{"taxonomy":"product_brand","embeddable":true,"href":"https:\/\/streetmarkets.fr\/app\/wp-json\/wp\/v2\/product_brand?post=691493"},{"taxonomy":"product_cat","embeddable":true,"href":"https:\/\/streetmarkets.fr\/app\/wp-json\/wp\/v2\/product_cat?post=691493"},{"taxonomy":"product_tag","embeddable":true,"href":"https:\/\/streetmarkets.fr\/app\/wp-json\/wp\/v2\/product_tag?post=691493"}],"curies":[{"name":"wp","href":"https:\/\/api.w.org\/{rel}","templated":true}]}}