{"id":691435,"date":"2024-10-14T15:40:19","date_gmt":"2024-10-14T13:40:19","guid":{"rendered":"https:\/\/streetmarkets.fr\/app\/produit\/pull-col-rond-basique-h24-femme-raspberry-pink\/"},"modified":"2024-12-30T01:05:58","modified_gmt":"2024-12-30T00:05:58","slug":"pull-col-rond-basique-h24-femme-raspberry-pink","status":"publish","type":"product","link":"https:\/\/streetmarkets.fr\/app\/produit\/pull-col-rond-basique-h24-femme-raspberry-pink\/","title":{"rendered":"Pull Col Rond Basique (H24 \/ FEMME \/ Raspberry Pink)"},"content":{"rendered":"<p>Optez pour l&#8217;\u00e9l\u00e9gance intemporelle avec ce pull ajust\u00e9, confectionn\u00e9 en cachemire. Muni d&#8217;un col rond, de manches longues et de bords c\u00f4tel\u00e9s, il se d\u00e9cline dans un colorama vibrant pour twister votre vestiaire FROM FUTURE. Intemporel et indispensable, il se mixe \u00e0 un jean droit ou une jupe fluide.<\/p>\n<p>&#8211; Pull en cachemire certifi\u00e9 GCS\u00ae Femme<br \/>\n<br \/>&#8211; Col rond<br \/>\n<br \/>&#8211; Manches longues<br \/>\n<br \/>&#8211; Bords c\u00f4tel\u00e9s<br \/>\n<br \/>&#8211; Coupe slim<br \/>\n<br \/>&#8211; Le Good Cashmere Standard\u00ae (GCS) est une norme ind\u00e9pendante pour un cachemire plus durable et plus responsable. Il vise \u00e0 am\u00e9liorer le bien-\u00eatre des ch\u00e8vres cachemire, les conditions de travail des \u00e9leveurs ainsi qu&#8217;\u00e0 prot\u00e9ger l&#8217;environnement.<br \/>&#8211; <u>Cachemire 2 fils<\/u> <\/p>\n","protected":false},"excerpt":{"rendered":"<p>Optez pour l&#8217;\u00e9l\u00e9gance intemporelle avec ce pull ajust\u00e9, confectionn\u00e9 en cachemire. Muni d&#8217;un col rond, de manches longues et de bords c\u00f4tel\u00e9s, il se d\u00e9cline dans un colorama vibrant pour twister votre vestiaire FROM FUTURE. Intemporel et indispensable, il se mixe \u00e0 un jean droit ou une jupe fluide. &#8211; Pull en cachemire certifi\u00e9 GCS\u00ae [&hellip;]<\/p>\n","protected":false},"featured_media":691436,"comment_status":"open","ping_status":"closed","template":"","meta":[],"product_brand":[6868],"product_cat":[1756,1762],"product_tag":[2244],"acf":[],"_links":{"self":[{"href":"https:\/\/streetmarkets.fr\/app\/wp-json\/wp\/v2\/product\/691435"}],"collection":[{"href":"https:\/\/streetmarkets.fr\/app\/wp-json\/wp\/v2\/product"}],"about":[{"href":"https:\/\/streetmarkets.fr\/app\/wp-json\/wp\/v2\/types\/product"}],"replies":[{"embeddable":true,"href":"https:\/\/streetmarkets.fr\/app\/wp-json\/wp\/v2\/comments?post=691435"}],"wp:featuredmedia":[{"embeddable":true,"href":"https:\/\/streetmarkets.fr\/app\/wp-json\/wp\/v2\/media\/691436"}],"wp:attachment":[{"href":"https:\/\/streetmarkets.fr\/app\/wp-json\/wp\/v2\/media?parent=691435"}],"wp:term":[{"taxonomy":"product_brand","embeddable":true,"href":"https:\/\/streetmarkets.fr\/app\/wp-json\/wp\/v2\/product_brand?post=691435"},{"taxonomy":"product_cat","embeddable":true,"href":"https:\/\/streetmarkets.fr\/app\/wp-json\/wp\/v2\/product_cat?post=691435"},{"taxonomy":"product_tag","embeddable":true,"href":"https:\/\/streetmarkets.fr\/app\/wp-json\/wp\/v2\/product_tag?post=691435"}],"curies":[{"name":"wp","href":"https:\/\/api.w.org\/{rel}","templated":true}]}}