{"id":691085,"date":"2024-10-14T15:39:34","date_gmt":"2024-10-14T13:39:34","guid":{"rendered":"https:\/\/streetmarkets.fr\/app\/produit\/pull-hoodie-h24-femme-ecru-chine\/"},"modified":"2025-03-10T01:07:12","modified_gmt":"2025-03-10T00:07:12","slug":"pull-hoodie-h24-femme-ecru-chine","status":"publish","type":"product","link":"https:\/\/streetmarkets.fr\/app\/produit\/pull-hoodie-h24-femme-ecru-chine\/","title":{"rendered":"Pull Hoodie (H24 \/ FEMME \/ Ecru Chine)"},"content":{"rendered":"<p>Twist\u00e9 de d\u00e9tails c\u00f4tel\u00e9s, ce pull hoodie court s&#8217;adopte sans effort pour une silhouette d\u00e9contract\u00e9e. Confectionn\u00e9 en cachemire, il est muni d&#8217;une capuche \u00e0 cordons, de manches longues et de bords ajust\u00e9s. \u00c0 porter sans mod\u00e9ration, il s&#8217;associe \u00e0 une jupe fluide ou un pantalon ample.<\/p>\n<p>&#8211; Pull hoodie court en cachemire certifi\u00e9 GCS\u00ae Femme<br \/>\n<br \/>&#8211; D\u00e9tails c\u00f4tel\u00e9s<br \/>\n<br \/>&#8211; Capuche \u00e0 cordons<br \/>\n<br \/>&#8211; Manches longues<br \/>\n<br \/>&#8211; Bords c\u00f4tel\u00e9s<br \/>\n<br \/>&#8211; Coupe regular<br \/>\n<br \/>&#8211; Le Good Cashmere Standard\u00ae (GCS) est une norme ind\u00e9pendante pour un cachemire plus durable et plus responsable. Il vise \u00e0 am\u00e9liorer le bien-\u00eatre des ch\u00e8vres cachemire, les conditions de travail des \u00e9leveurs ainsi qu&#8217;\u00e0 prot\u00e9ger l&#8217;environnement.<\/p>\n","protected":false},"excerpt":{"rendered":"<p>Twist\u00e9 de d\u00e9tails c\u00f4tel\u00e9s, ce pull hoodie court s&#8217;adopte sans effort pour une silhouette d\u00e9contract\u00e9e. Confectionn\u00e9 en cachemire, il est muni d&#8217;une capuche \u00e0 cordons, de manches longues et de bords ajust\u00e9s. \u00c0 porter sans mod\u00e9ration, il s&#8217;associe \u00e0 une jupe fluide ou un pantalon ample. &#8211; Pull hoodie court en cachemire certifi\u00e9 GCS\u00ae Femme [&hellip;]<\/p>\n","protected":false},"featured_media":691086,"comment_status":"open","ping_status":"closed","template":"","meta":[],"product_brand":[6868],"product_cat":[1756,1762],"product_tag":[2244],"acf":[],"_links":{"self":[{"href":"https:\/\/streetmarkets.fr\/app\/wp-json\/wp\/v2\/product\/691085"}],"collection":[{"href":"https:\/\/streetmarkets.fr\/app\/wp-json\/wp\/v2\/product"}],"about":[{"href":"https:\/\/streetmarkets.fr\/app\/wp-json\/wp\/v2\/types\/product"}],"replies":[{"embeddable":true,"href":"https:\/\/streetmarkets.fr\/app\/wp-json\/wp\/v2\/comments?post=691085"}],"wp:featuredmedia":[{"embeddable":true,"href":"https:\/\/streetmarkets.fr\/app\/wp-json\/wp\/v2\/media\/691086"}],"wp:attachment":[{"href":"https:\/\/streetmarkets.fr\/app\/wp-json\/wp\/v2\/media?parent=691085"}],"wp:term":[{"taxonomy":"product_brand","embeddable":true,"href":"https:\/\/streetmarkets.fr\/app\/wp-json\/wp\/v2\/product_brand?post=691085"},{"taxonomy":"product_cat","embeddable":true,"href":"https:\/\/streetmarkets.fr\/app\/wp-json\/wp\/v2\/product_cat?post=691085"},{"taxonomy":"product_tag","embeddable":true,"href":"https:\/\/streetmarkets.fr\/app\/wp-json\/wp\/v2\/product_tag?post=691085"}],"curies":[{"name":"wp","href":"https:\/\/api.w.org\/{rel}","templated":true}]}}