{"id":690955,"date":"2024-10-14T15:39:03","date_gmt":"2024-10-14T13:39:03","guid":{"rendered":"https:\/\/streetmarkets.fr\/app\/produit\/pull-hoodie-zippe-h24-homme-lava-grey\/"},"modified":"2024-12-21T01:05:17","modified_gmt":"2024-12-21T00:05:17","slug":"pull-hoodie-zippe-h24-homme-lava-grey","status":"publish","type":"product","link":"https:\/\/streetmarkets.fr\/app\/produit\/pull-hoodie-zippe-h24-homme-lava-grey\/","title":{"rendered":"Pull Hoodie Zipp\u00e9 (H24 \/ HOMME \/ Lava Grey)"},"content":{"rendered":"<p>Confectionn\u00e9 en cachemire, ce pull hoodie zipp\u00e9 r\u00e9chauffera votre silhouette de saison. Orn\u00e9 de liser\u00e9s contrast\u00e9s, il d\u00e9voile une capuche \u00e0 cordons, des manches longues, deux poches et des bords c\u00f4tel\u00e9s. Associez-le \u00e0 un t-shirt ample et un jean d\u00e9contract\u00e9.<\/p>\n<p>&#8211; Pull hoodie en cachemire GCS\u00ae Homme<br \/>\n<br \/>&#8211; Liser\u00e9s contrast\u00e9s<br \/>\n<br \/>&#8211; Capuche \u00e0 cordons<br \/>\n<br \/>&#8211; Fermeture zipp\u00e9e<br \/>\n<br \/>&#8211; 2 poches<br \/>\n<br \/>&#8211; Manches longues<br \/>\n<br \/>&#8211; Bords c\u00f4tel\u00e9s<br \/>\n<br \/>&#8211; Coupe regular<br \/>\n<br \/>&#8211; Le Good Cashmere Standard\u00ae (GCS) est une norme ind\u00e9pendante pour un cachemire plus durable et plus responsable. Il vise \u00e0 am\u00e9liorer le bien-\u00eatre des ch\u00e8vres cachemire, les conditions de travail des \u00e9leveurs ainsi qu&#8217;\u00e0 prot\u00e9ger l&#8217;environnement.<br \/>&#8211; <u>Cachemire 4 fils<\/u> <\/p>\n","protected":false},"excerpt":{"rendered":"<p>Confectionn\u00e9 en cachemire, ce pull hoodie zipp\u00e9 r\u00e9chauffera votre silhouette de saison. Orn\u00e9 de liser\u00e9s contrast\u00e9s, il d\u00e9voile une capuche \u00e0 cordons, des manches longues, deux poches et des bords c\u00f4tel\u00e9s. Associez-le \u00e0 un t-shirt ample et un jean d\u00e9contract\u00e9. &#8211; Pull hoodie en cachemire GCS\u00ae Homme &#8211; Liser\u00e9s contrast\u00e9s &#8211; Capuche \u00e0 cordons &#8211; [&hellip;]<\/p>\n","protected":false},"featured_media":690956,"comment_status":"open","ping_status":"closed","template":"","meta":[],"product_brand":[6868],"product_cat":[1756,1758],"product_tag":[2244],"acf":[],"_links":{"self":[{"href":"https:\/\/streetmarkets.fr\/app\/wp-json\/wp\/v2\/product\/690955"}],"collection":[{"href":"https:\/\/streetmarkets.fr\/app\/wp-json\/wp\/v2\/product"}],"about":[{"href":"https:\/\/streetmarkets.fr\/app\/wp-json\/wp\/v2\/types\/product"}],"replies":[{"embeddable":true,"href":"https:\/\/streetmarkets.fr\/app\/wp-json\/wp\/v2\/comments?post=690955"}],"wp:featuredmedia":[{"embeddable":true,"href":"https:\/\/streetmarkets.fr\/app\/wp-json\/wp\/v2\/media\/690956"}],"wp:attachment":[{"href":"https:\/\/streetmarkets.fr\/app\/wp-json\/wp\/v2\/media?parent=690955"}],"wp:term":[{"taxonomy":"product_brand","embeddable":true,"href":"https:\/\/streetmarkets.fr\/app\/wp-json\/wp\/v2\/product_brand?post=690955"},{"taxonomy":"product_cat","embeddable":true,"href":"https:\/\/streetmarkets.fr\/app\/wp-json\/wp\/v2\/product_cat?post=690955"},{"taxonomy":"product_tag","embeddable":true,"href":"https:\/\/streetmarkets.fr\/app\/wp-json\/wp\/v2\/product_tag?post=690955"}],"curies":[{"name":"wp","href":"https:\/\/api.w.org\/{rel}","templated":true}]}}