{"id":690622,"date":"2024-10-14T15:38:23","date_gmt":"2024-10-14T13:38:23","guid":{"rendered":"https:\/\/streetmarkets.fr\/app\/produit\/pull-col-polo-basique-h24-homme-gris-chine-fonce\/"},"modified":"2025-03-15T01:04:34","modified_gmt":"2025-03-15T00:04:34","slug":"pull-col-polo-basique-h24-homme-gris-chine-fonce","status":"publish","type":"product","link":"https:\/\/streetmarkets.fr\/app\/produit\/pull-col-polo-basique-h24-homme-gris-chine-fonce\/","title":{"rendered":"Pull Col Polo Basique (H24 \/ HOMME \/ Gris Chin\u00e9 Fonc\u00e9)"},"content":{"rendered":"<p>Pi\u00e8ce incontournable du vestiaire, ce pull confectionn\u00e9 en cachemire 2 fils incarne l&#8217;\u00e9l\u00e9gance intemporelle. Muni de manches longues, d&#8217;un col polo boutonn\u00e9 et de bords c\u00f4tel\u00e9s, il conf\u00e8re une silhouette structur\u00e9e tout en douceur. Autorisant tous les styles, mixez-le \u00e0 un jean casual et une veste structur\u00e9e.<\/p>\n<p>&#8211; Pull en cachemire 2 fils certifi\u00e9 GCS\u00ae Homme<br \/>\n<br \/>&#8211; Col polo boutonn\u00e9<br \/>\n<br \/>&#8211; Manches longues<br \/>\n<br \/>&#8211; Bords c\u00f4tel\u00e9s<br \/>\n<br \/>&#8211; Coupe regular<br \/>\n<br \/>&#8211; Le Good Cashmere Standard\u00ae (GCS) est une norme ind\u00e9pendante pour un cachemire plus durable et plus responsable. Il vise \u00e0 am\u00e9liorer le bien-\u00eatre des ch\u00e8vres cachemire, les conditions de travail des \u00e9leveurs ainsi qu&#8217;\u00e0 prot\u00e9ger l&#8217;environnement.<\/p>\n","protected":false},"excerpt":{"rendered":"<p>Pi\u00e8ce incontournable du vestiaire, ce pull confectionn\u00e9 en cachemire 2 fils incarne l&#8217;\u00e9l\u00e9gance intemporelle. Muni de manches longues, d&#8217;un col polo boutonn\u00e9 et de bords c\u00f4tel\u00e9s, il conf\u00e8re une silhouette structur\u00e9e tout en douceur. Autorisant tous les styles, mixez-le \u00e0 un jean casual et une veste structur\u00e9e. &#8211; Pull en cachemire 2 fils certifi\u00e9 GCS\u00ae [&hellip;]<\/p>\n","protected":false},"featured_media":690623,"comment_status":"open","ping_status":"closed","template":"","meta":[],"product_brand":[6868],"product_cat":[1756,1758],"product_tag":[2244],"acf":[],"_links":{"self":[{"href":"https:\/\/streetmarkets.fr\/app\/wp-json\/wp\/v2\/product\/690622"}],"collection":[{"href":"https:\/\/streetmarkets.fr\/app\/wp-json\/wp\/v2\/product"}],"about":[{"href":"https:\/\/streetmarkets.fr\/app\/wp-json\/wp\/v2\/types\/product"}],"replies":[{"embeddable":true,"href":"https:\/\/streetmarkets.fr\/app\/wp-json\/wp\/v2\/comments?post=690622"}],"wp:featuredmedia":[{"embeddable":true,"href":"https:\/\/streetmarkets.fr\/app\/wp-json\/wp\/v2\/media\/690623"}],"wp:attachment":[{"href":"https:\/\/streetmarkets.fr\/app\/wp-json\/wp\/v2\/media?parent=690622"}],"wp:term":[{"taxonomy":"product_brand","embeddable":true,"href":"https:\/\/streetmarkets.fr\/app\/wp-json\/wp\/v2\/product_brand?post=690622"},{"taxonomy":"product_cat","embeddable":true,"href":"https:\/\/streetmarkets.fr\/app\/wp-json\/wp\/v2\/product_cat?post=690622"},{"taxonomy":"product_tag","embeddable":true,"href":"https:\/\/streetmarkets.fr\/app\/wp-json\/wp\/v2\/product_tag?post=690622"}],"curies":[{"name":"wp","href":"https:\/\/api.w.org\/{rel}","templated":true}]}}