{"id":690612,"date":"2024-10-14T15:38:23","date_gmt":"2024-10-14T13:38:23","guid":{"rendered":"https:\/\/streetmarkets.fr\/app\/produit\/pull-col-rond-h24-femme-pink-mouline\/"},"modified":"2025-03-10T01:07:10","modified_gmt":"2025-03-10T00:07:10","slug":"pull-col-rond-h24-femme-pink-mouline","status":"publish","type":"product","link":"https:\/\/streetmarkets.fr\/app\/produit\/pull-col-rond-h24-femme-pink-mouline\/","title":{"rendered":"Pull Col Rond (H24 \/ FEMME \/ Pink Mouline)"},"content":{"rendered":"<p>Un jeu de contrastes illumine ce pull en cachemire, orn\u00e9 de bandes d\u00e9grad\u00e9es de roses le long des manches. Muni d&#8217;un col rond et de bords c\u00f4tel\u00e9s, il s\u00e9duit par sa coupe impeccable et ses lignes affirm\u00e9es. Pour un look r\u00e9solument chic, il s&#8217;associe \u00e0 une robe fluide ou une jupe structur\u00e9e.<\/p>\n<p>&#8211; Pull en cachemire certifi\u00e9 GCS\u00ae Femme<br \/>\n<br \/>&#8211; Bandes contrast\u00e9es<br \/>\n<br \/>&#8211; Col rond<br \/>\n<br \/>&#8211; Manches longues<br \/>\n<br \/>&#8211; Bords c\u00f4tel\u00e9s<br \/>\n<br \/>&#8211; Coupe regular<br \/>\n<br \/>&#8211; Le Good Cashmere Standard\u00ae (GCS) est une norme ind\u00e9pendante pour un cachemire plus durable et plus responsable. Il vise \u00e0 am\u00e9liorer le bien-\u00eatre des ch\u00e8vres cachemire, les conditions de travail des \u00e9leveurs ainsi qu&#8217;\u00e0 prot\u00e9ger l&#8217;environnement.<br \/>&#8211; <u>Cachemire 4 fils<\/u> <\/p>\n","protected":false},"excerpt":{"rendered":"<p>Un jeu de contrastes illumine ce pull en cachemire, orn\u00e9 de bandes d\u00e9grad\u00e9es de roses le long des manches. Muni d&#8217;un col rond et de bords c\u00f4tel\u00e9s, il s\u00e9duit par sa coupe impeccable et ses lignes affirm\u00e9es. Pour un look r\u00e9solument chic, il s&#8217;associe \u00e0 une robe fluide ou une jupe structur\u00e9e. &#8211; Pull en [&hellip;]<\/p>\n","protected":false},"featured_media":690613,"comment_status":"open","ping_status":"closed","template":"","meta":[],"product_brand":[6868],"product_cat":[1756,1762],"product_tag":[2244],"acf":[],"_links":{"self":[{"href":"https:\/\/streetmarkets.fr\/app\/wp-json\/wp\/v2\/product\/690612"}],"collection":[{"href":"https:\/\/streetmarkets.fr\/app\/wp-json\/wp\/v2\/product"}],"about":[{"href":"https:\/\/streetmarkets.fr\/app\/wp-json\/wp\/v2\/types\/product"}],"replies":[{"embeddable":true,"href":"https:\/\/streetmarkets.fr\/app\/wp-json\/wp\/v2\/comments?post=690612"}],"wp:featuredmedia":[{"embeddable":true,"href":"https:\/\/streetmarkets.fr\/app\/wp-json\/wp\/v2\/media\/690613"}],"wp:attachment":[{"href":"https:\/\/streetmarkets.fr\/app\/wp-json\/wp\/v2\/media?parent=690612"}],"wp:term":[{"taxonomy":"product_brand","embeddable":true,"href":"https:\/\/streetmarkets.fr\/app\/wp-json\/wp\/v2\/product_brand?post=690612"},{"taxonomy":"product_cat","embeddable":true,"href":"https:\/\/streetmarkets.fr\/app\/wp-json\/wp\/v2\/product_cat?post=690612"},{"taxonomy":"product_tag","embeddable":true,"href":"https:\/\/streetmarkets.fr\/app\/wp-json\/wp\/v2\/product_tag?post=690612"}],"curies":[{"name":"wp","href":"https:\/\/api.w.org\/{rel}","templated":true}]}}