{"id":690558,"date":"2024-10-14T15:38:20","date_gmt":"2024-10-14T13:38:20","guid":{"rendered":"https:\/\/streetmarkets.fr\/app\/produit\/cagoule-a-cotes-h24-accessoires-magic-lilac\/"},"modified":"2024-12-22T00:58:41","modified_gmt":"2024-12-21T23:58:41","slug":"cagoule-a-cotes-h24-accessoires-magic-lilac","status":"publish","type":"product","link":"https:\/\/streetmarkets.fr\/app\/produit\/cagoule-a-cotes-h24-accessoires-magic-lilac\/","title":{"rendered":"Cagoule Regular \u00e0 Cotes (H24 \/ ACCESSOIRES \/ Magic Lilac)"},"content":{"rendered":"<p>Enveloppez-vous de douceur avec cette cagoule c\u00f4tel\u00e9e confectionn\u00e9e en cachemire. Dot\u00e9e de liens de serrage pour un ajustement parfait, elle r\u00e9chauffe votre silhouette avec une touche d&#8217;\u00e9l\u00e9gance \u00e0 vos looks de saison.<\/p>\n<p>&#8211; Cagoule en cachemire certifi\u00e9 GCS\u00ae <br \/>&#8211; C\u00f4tel\u00e9 <br \/>&#8211; Liens de serrage <br \/>&#8211; Coupe regular <br \/>&#8211; Le Good Cashmere Standard\u00ae (GCS) est une norme ind\u00e9pendante pour un cachemire plus durable et plus responsable. Il vise \u00e0 am\u00e9liorer le bien-\u00eatre des ch\u00e8vres cachemire, les conditions de travail des \u00e9leveurs ainsi qu&#8217;\u00e0 prot\u00e9ger l&#8217;environnement.<br \/>&#8211; <u>Cachemire 4 fils<\/u><\/p>\n","protected":false},"excerpt":{"rendered":"<p>Enveloppez-vous de douceur avec cette cagoule c\u00f4tel\u00e9e confectionn\u00e9e en cachemire. Dot\u00e9e de liens de serrage pour un ajustement parfait, elle r\u00e9chauffe votre silhouette avec une touche d&#8217;\u00e9l\u00e9gance \u00e0 vos looks de saison. &#8211; Cagoule en cachemire certifi\u00e9 GCS\u00ae &#8211; C\u00f4tel\u00e9 &#8211; Liens de serrage &#8211; Coupe regular &#8211; Le Good Cashmere Standard\u00ae (GCS) est une [&hellip;]<\/p>\n","protected":false},"featured_media":690559,"comment_status":"open","ping_status":"closed","template":"","meta":[],"product_brand":[6868],"product_cat":[1756,1764],"product_tag":[2244],"acf":[],"_links":{"self":[{"href":"https:\/\/streetmarkets.fr\/app\/wp-json\/wp\/v2\/product\/690558"}],"collection":[{"href":"https:\/\/streetmarkets.fr\/app\/wp-json\/wp\/v2\/product"}],"about":[{"href":"https:\/\/streetmarkets.fr\/app\/wp-json\/wp\/v2\/types\/product"}],"replies":[{"embeddable":true,"href":"https:\/\/streetmarkets.fr\/app\/wp-json\/wp\/v2\/comments?post=690558"}],"wp:featuredmedia":[{"embeddable":true,"href":"https:\/\/streetmarkets.fr\/app\/wp-json\/wp\/v2\/media\/690559"}],"wp:attachment":[{"href":"https:\/\/streetmarkets.fr\/app\/wp-json\/wp\/v2\/media?parent=690558"}],"wp:term":[{"taxonomy":"product_brand","embeddable":true,"href":"https:\/\/streetmarkets.fr\/app\/wp-json\/wp\/v2\/product_brand?post=690558"},{"taxonomy":"product_cat","embeddable":true,"href":"https:\/\/streetmarkets.fr\/app\/wp-json\/wp\/v2\/product_cat?post=690558"},{"taxonomy":"product_tag","embeddable":true,"href":"https:\/\/streetmarkets.fr\/app\/wp-json\/wp\/v2\/product_tag?post=690558"}],"curies":[{"name":"wp","href":"https:\/\/api.w.org\/{rel}","templated":true}]}}