{"id":690119,"date":"2024-10-14T15:37:07","date_gmt":"2024-10-14T13:37:07","guid":{"rendered":"https:\/\/streetmarkets.fr\/app\/produit\/top-caraco-h24-femme-winter-leopard\/"},"modified":"2025-03-15T01:03:23","modified_gmt":"2025-03-15T00:03:23","slug":"top-caraco-h24-femme-winter-leopard","status":"publish","type":"product","link":"https:\/\/streetmarkets.fr\/app\/produit\/top-caraco-h24-femme-winter-leopard\/","title":{"rendered":"Top Caraco (H24 \/ FEMME \/ Winter Leopard)"},"content":{"rendered":"<p>En satin de soie l\u00e9ger, brillant et soyeux, ce top caraco se distingue par sa coupe impeccable et ses d\u00e9tails audacieux. Muni de bretelles fines, il d\u00e9voile un d\u00e9collet\u00e9 en V. \u00c0 porter de jour comme de nuit, associez-le \u00e0 une jupe fluide ou un pantalon ample.<\/p>\n<p>&#8211; Top caraco en satin de soie Femme<br \/>\n<br \/>&#8211; D\u00e9collet\u00e9 en V<br \/>\n<br \/>&#8211; Bretelles fines<br \/>\n<br \/>&#8211; Coupe regular<\/p>\n","protected":false},"excerpt":{"rendered":"<p>En satin de soie l\u00e9ger, brillant et soyeux, ce top caraco se distingue par sa coupe impeccable et ses d\u00e9tails audacieux. Muni de bretelles fines, il d\u00e9voile un d\u00e9collet\u00e9 en V. \u00c0 porter de jour comme de nuit, associez-le \u00e0 une jupe fluide ou un pantalon ample. &#8211; Top caraco en satin de soie Femme [&hellip;]<\/p>\n","protected":false},"featured_media":690120,"comment_status":"open","ping_status":"closed","template":"","meta":[],"product_brand":[6868],"product_cat":[1756,1762],"product_tag":[2244],"acf":[],"_links":{"self":[{"href":"https:\/\/streetmarkets.fr\/app\/wp-json\/wp\/v2\/product\/690119"}],"collection":[{"href":"https:\/\/streetmarkets.fr\/app\/wp-json\/wp\/v2\/product"}],"about":[{"href":"https:\/\/streetmarkets.fr\/app\/wp-json\/wp\/v2\/types\/product"}],"replies":[{"embeddable":true,"href":"https:\/\/streetmarkets.fr\/app\/wp-json\/wp\/v2\/comments?post=690119"}],"wp:featuredmedia":[{"embeddable":true,"href":"https:\/\/streetmarkets.fr\/app\/wp-json\/wp\/v2\/media\/690120"}],"wp:attachment":[{"href":"https:\/\/streetmarkets.fr\/app\/wp-json\/wp\/v2\/media?parent=690119"}],"wp:term":[{"taxonomy":"product_brand","embeddable":true,"href":"https:\/\/streetmarkets.fr\/app\/wp-json\/wp\/v2\/product_brand?post=690119"},{"taxonomy":"product_cat","embeddable":true,"href":"https:\/\/streetmarkets.fr\/app\/wp-json\/wp\/v2\/product_cat?post=690119"},{"taxonomy":"product_tag","embeddable":true,"href":"https:\/\/streetmarkets.fr\/app\/wp-json\/wp\/v2\/product_tag?post=690119"}],"curies":[{"name":"wp","href":"https:\/\/api.w.org\/{rel}","templated":true}]}}