{"id":689672,"date":"2024-10-14T15:36:14","date_gmt":"2024-10-14T13:36:14","guid":{"rendered":"https:\/\/streetmarkets.fr\/app\/produit\/pull-col-rond-h24-femme-bright-red-100-cachemire\/"},"modified":"2025-01-17T00:59:20","modified_gmt":"2025-01-16T23:59:20","slug":"pull-col-rond-h24-femme-bright-red-100-cachemire","status":"publish","type":"product","link":"https:\/\/streetmarkets.fr\/app\/produit\/pull-col-rond-h24-femme-bright-red-100-cachemire\/","title":{"rendered":"Pull Col Rond (H24 \/ FEMME \/ Bright Red \/ 100% Cachemire)"},"content":{"rendered":"<p>Confectionn\u00e9 en cachemire 2 fils, ce pull court bicolore se twiste d&#8217;un jeu de contrastes pour apporter un suppl\u00e9ment d&#8217;audace \u00e0 votre allure. Muni d&#8217;un col rond, de manches courtes et de bords c\u00f4tel\u00e9s, il d\u00e9voile une broderie signature FF \u00e0 l&#8217;avant. Associez-le \u00e0 un jean ample ou une jupe fluide pour un look chic et casual.<\/p>\n<p>&#8211; Pull court en cachemire 2 fils certifi\u00e9 GCS\u00ae Femme<br \/>\n<br \/>&#8211; Bicolore<br \/>\n<br \/>&#8211; Broderie FF<br \/>\n<br \/>&#8211; Col rond<br \/>\n<br \/>&#8211; Manches courtes<br \/>\n<br \/>&#8211; Bords c\u00f4tel\u00e9s<br \/>\n<br \/>&#8211; Coupe regular<br \/>\n<br \/>&#8211; Le Good Cashmere Standard\u00ae (GCS) est une norme ind\u00e9pendante pour un cachemire plus durable et plus responsable. Il vise \u00e0 am\u00e9liorer le bien-\u00eatre des ch\u00e8vres cachemire, les conditions de travail des \u00e9leveurs ainsi qu&#8217;\u00e0 prot\u00e9ger l&#8217;environnement.<\/p>\n","protected":false},"excerpt":{"rendered":"<p>Confectionn\u00e9 en cachemire 2 fils, ce pull court bicolore se twiste d&#8217;un jeu de contrastes pour apporter un suppl\u00e9ment d&#8217;audace \u00e0 votre allure. Muni d&#8217;un col rond, de manches courtes et de bords c\u00f4tel\u00e9s, il d\u00e9voile une broderie signature FF \u00e0 l&#8217;avant. Associez-le \u00e0 un jean ample ou une jupe fluide pour un look chic [&hellip;]<\/p>\n","protected":false},"featured_media":689673,"comment_status":"open","ping_status":"closed","template":"","meta":[],"product_brand":[6868],"product_cat":[1756,1762],"product_tag":[2244],"acf":[],"_links":{"self":[{"href":"https:\/\/streetmarkets.fr\/app\/wp-json\/wp\/v2\/product\/689672"}],"collection":[{"href":"https:\/\/streetmarkets.fr\/app\/wp-json\/wp\/v2\/product"}],"about":[{"href":"https:\/\/streetmarkets.fr\/app\/wp-json\/wp\/v2\/types\/product"}],"replies":[{"embeddable":true,"href":"https:\/\/streetmarkets.fr\/app\/wp-json\/wp\/v2\/comments?post=689672"}],"wp:featuredmedia":[{"embeddable":true,"href":"https:\/\/streetmarkets.fr\/app\/wp-json\/wp\/v2\/media\/689673"}],"wp:attachment":[{"href":"https:\/\/streetmarkets.fr\/app\/wp-json\/wp\/v2\/media?parent=689672"}],"wp:term":[{"taxonomy":"product_brand","embeddable":true,"href":"https:\/\/streetmarkets.fr\/app\/wp-json\/wp\/v2\/product_brand?post=689672"},{"taxonomy":"product_cat","embeddable":true,"href":"https:\/\/streetmarkets.fr\/app\/wp-json\/wp\/v2\/product_cat?post=689672"},{"taxonomy":"product_tag","embeddable":true,"href":"https:\/\/streetmarkets.fr\/app\/wp-json\/wp\/v2\/product_tag?post=689672"}],"curies":[{"name":"wp","href":"https:\/\/api.w.org\/{rel}","templated":true}]}}