{"id":689548,"date":"2024-10-14T15:36:08","date_gmt":"2024-10-14T13:36:08","guid":{"rendered":"https:\/\/streetmarkets.fr\/app\/produit\/pull-cardigan-a-motif-losange-h24-femme-gris-chine-fonce-100-cachemire\/"},"modified":"2025-03-05T00:57:52","modified_gmt":"2025-03-04T23:57:52","slug":"pull-cardigan-a-motif-losange-h24-femme-gris-chine-fonce-100-cachemire","status":"publish","type":"product","link":"https:\/\/streetmarkets.fr\/app\/produit\/pull-cardigan-a-motif-losange-h24-femme-gris-chine-fonce-100-cachemire\/","title":{"rendered":"Pull Cardigan \u00c0 Motif Losange (H24 \/ FEMME \/ Gris Chin\u00e9 Fonc\u00e9 \/ 100% Cachemire)"},"content":{"rendered":"<p>Confectionn\u00e9 en cachemire, ce pull cardigan conf\u00e8re une allure chic et structur\u00e9e d&#8217;un col V, d&#8217;une fermeture boutonn\u00e9e et de bords contrast\u00e9s. Infiniment doux, des losanges se r\u00e9v\u00e8lent sur les manches longues pour twister votre silhouette. Mixez-le \u00e0 une jupe fluide ou un pantalon de tailleur pour un look sophistiqu\u00e9.<\/p>\n<p>&#8211; Pull cardigan en cachemire certifi\u00e9 GCS\u00ae Femme<br \/>\n<br \/>&#8211; Motifs intarsia losanges contrast\u00e9s<br \/>\n<br \/>&#8211; Col V<br \/>\n<br \/>&#8211; Fermeture \u00e0 boutons grav\u00e9s From Future<br \/>\n<br \/>&#8211; Manches longues<br \/>\n<br \/>&#8211; Bords contrast\u00e9s et c\u00f4tel\u00e9s<br \/>\n<br \/>&#8211; Coupe regular<br \/>\n<br \/>&#8211; Le Good Cashmere Standard\u00ae (GCS) est une norme ind\u00e9pendante pour un cachemire plus durable et plus responsable. Il vise \u00e0 am\u00e9liorer le bien-\u00eatre des ch\u00e8vres cachemire, les conditions de travail des \u00e9leveurs ainsi qu&#8217;\u00e0 prot\u00e9ger l&#8217;environnement.<br \/>&#8211; <u>Cachemire 2 fils<\/u> <\/p>\n","protected":false},"excerpt":{"rendered":"<p>Confectionn\u00e9 en cachemire, ce pull cardigan conf\u00e8re une allure chic et structur\u00e9e d&#8217;un col V, d&#8217;une fermeture boutonn\u00e9e et de bords contrast\u00e9s. Infiniment doux, des losanges se r\u00e9v\u00e8lent sur les manches longues pour twister votre silhouette. Mixez-le \u00e0 une jupe fluide ou un pantalon de tailleur pour un look sophistiqu\u00e9. &#8211; Pull cardigan en cachemire [&hellip;]<\/p>\n","protected":false},"featured_media":689549,"comment_status":"open","ping_status":"closed","template":"","meta":[],"product_brand":[6868],"product_cat":[1756,1762],"product_tag":[2244],"acf":[],"_links":{"self":[{"href":"https:\/\/streetmarkets.fr\/app\/wp-json\/wp\/v2\/product\/689548"}],"collection":[{"href":"https:\/\/streetmarkets.fr\/app\/wp-json\/wp\/v2\/product"}],"about":[{"href":"https:\/\/streetmarkets.fr\/app\/wp-json\/wp\/v2\/types\/product"}],"replies":[{"embeddable":true,"href":"https:\/\/streetmarkets.fr\/app\/wp-json\/wp\/v2\/comments?post=689548"}],"wp:featuredmedia":[{"embeddable":true,"href":"https:\/\/streetmarkets.fr\/app\/wp-json\/wp\/v2\/media\/689549"}],"wp:attachment":[{"href":"https:\/\/streetmarkets.fr\/app\/wp-json\/wp\/v2\/media?parent=689548"}],"wp:term":[{"taxonomy":"product_brand","embeddable":true,"href":"https:\/\/streetmarkets.fr\/app\/wp-json\/wp\/v2\/product_brand?post=689548"},{"taxonomy":"product_cat","embeddable":true,"href":"https:\/\/streetmarkets.fr\/app\/wp-json\/wp\/v2\/product_cat?post=689548"},{"taxonomy":"product_tag","embeddable":true,"href":"https:\/\/streetmarkets.fr\/app\/wp-json\/wp\/v2\/product_tag?post=689548"}],"curies":[{"name":"wp","href":"https:\/\/api.w.org\/{rel}","templated":true}]}}