{"id":689527,"date":"2024-10-14T15:35:41","date_gmt":"2024-10-14T13:35:41","guid":{"rendered":"https:\/\/streetmarkets.fr\/app\/produit\/top-manches-longues-h24-femme-noir-100-cachemire\/"},"modified":"2025-01-16T01:13:25","modified_gmt":"2025-01-16T00:13:25","slug":"top-manches-longues-h24-femme-noir-100-cachemire","status":"publish","type":"product","link":"https:\/\/streetmarkets.fr\/app\/produit\/top-manches-longues-h24-femme-noir-100-cachemire\/","title":{"rendered":"Top Manches Longues (H24 \/ FEMME \/ Noir \/ 100% Cachemire)"},"content":{"rendered":"<p>Confectionn\u00e9 en cachemire, ce top court et ajust\u00e9 se pare d&#8217;une fermeture orn\u00e9e de boutons bijoux &#8220;Future&#8221;. \u00c0 porter \u00e0 m\u00eame la peau, il d\u00e9voile un d\u00e9collet\u00e9 en V et des manches longues pour une allure audacieuse et \u00e9l\u00e9gante. \u00c0 porter sans mod\u00e9ration, il s&#8217;associe \u00e0 votre jupe pr\u00e9f\u00e9r\u00e9e.<\/p>\n<p>&#8211; Top court en cachemire certifi\u00e9 GCS\u00ae Femme<br \/>\n<br \/>&#8211; Col V<br \/>\n<br \/>&#8211; Fermeture \u00e0 boutons bijoux Future<br \/>\n<br \/>&#8211; Manches longues<br \/>\n<br \/>&#8211; Bords c\u00f4tel\u00e9s<br \/>\n<br \/>&#8211; Coupe slim<br \/>\n<br \/>&#8211; Le Good Cashmere Standard\u00ae (GCS) est une norme ind\u00e9pendante pour un cachemire plus durable et plus responsable. Il vise \u00e0 am\u00e9liorer le bien-\u00eatre des ch\u00e8vres cachemire, les conditions de travail des \u00e9leveurs ainsi qu&#8217;\u00e0 prot\u00e9ger l&#8217;environnement.<br \/>&#8211; <u>Cachemire 2 fils<\/u> <\/p>\n","protected":false},"excerpt":{"rendered":"<p>Confectionn\u00e9 en cachemire, ce top court et ajust\u00e9 se pare d&#8217;une fermeture orn\u00e9e de boutons bijoux &#8220;Future&#8221;. \u00c0 porter \u00e0 m\u00eame la peau, il d\u00e9voile un d\u00e9collet\u00e9 en V et des manches longues pour une allure audacieuse et \u00e9l\u00e9gante. \u00c0 porter sans mod\u00e9ration, il s&#8217;associe \u00e0 votre jupe pr\u00e9f\u00e9r\u00e9e. &#8211; Top court en cachemire certifi\u00e9 [&hellip;]<\/p>\n","protected":false},"featured_media":689528,"comment_status":"open","ping_status":"closed","template":"","meta":[],"product_brand":[6868],"product_cat":[1756,1762],"product_tag":[2244],"acf":[],"_links":{"self":[{"href":"https:\/\/streetmarkets.fr\/app\/wp-json\/wp\/v2\/product\/689527"}],"collection":[{"href":"https:\/\/streetmarkets.fr\/app\/wp-json\/wp\/v2\/product"}],"about":[{"href":"https:\/\/streetmarkets.fr\/app\/wp-json\/wp\/v2\/types\/product"}],"replies":[{"embeddable":true,"href":"https:\/\/streetmarkets.fr\/app\/wp-json\/wp\/v2\/comments?post=689527"}],"wp:featuredmedia":[{"embeddable":true,"href":"https:\/\/streetmarkets.fr\/app\/wp-json\/wp\/v2\/media\/689528"}],"wp:attachment":[{"href":"https:\/\/streetmarkets.fr\/app\/wp-json\/wp\/v2\/media?parent=689527"}],"wp:term":[{"taxonomy":"product_brand","embeddable":true,"href":"https:\/\/streetmarkets.fr\/app\/wp-json\/wp\/v2\/product_brand?post=689527"},{"taxonomy":"product_cat","embeddable":true,"href":"https:\/\/streetmarkets.fr\/app\/wp-json\/wp\/v2\/product_cat?post=689527"},{"taxonomy":"product_tag","embeddable":true,"href":"https:\/\/streetmarkets.fr\/app\/wp-json\/wp\/v2\/product_tag?post=689527"}],"curies":[{"name":"wp","href":"https:\/\/api.w.org\/{rel}","templated":true}]}}