{"id":689393,"date":"2024-10-14T15:35:35","date_gmt":"2024-10-14T13:35:35","guid":{"rendered":"https:\/\/streetmarkets.fr\/app\/produit\/sweatshirt-hoodie-coeur-h24-femme-iced-sand\/"},"modified":"2025-03-05T00:57:51","modified_gmt":"2025-03-04T23:57:51","slug":"sweatshirt-hoodie-coeur-h24-femme-iced-sand","status":"publish","type":"product","link":"https:\/\/streetmarkets.fr\/app\/produit\/sweatshirt-hoodie-coeur-h24-femme-iced-sand\/","title":{"rendered":"Sweatshirt Hoodie Coeur (H24 \/ FEMME \/ Iced Sand )"},"content":{"rendered":"<p>Muni d&#8217;une capuche \u00e0 cordons, d&#8217;une poche avant et de manches longues, ce sweatshirt hoodie ovesize en coton d\u00e9voile un c\u0153ur brod\u00e9 &#8220;FUTURE&#8221; sur la poitrine. <br \/>Facile \u00e0 mixer, cet essentiel se porte sans mod\u00e9ration pour accompagner vos looks. Rejoignez le Club ! <\/p>\n<p>&#8211; Sweatshirt hoodie en coton Femme <br \/>&#8211; C\u0153ur &#8220;FUTURE&#8221; sur la poitrine <br \/>&#8211; Capuche \u00e0 cordons <br \/>&#8211; Manches longues <br \/>&#8211; Poche avant <br \/>&#8211; Coupe oversize <br \/>&#8211; Fabriqu\u00e9 au Portugal<\/p>\n","protected":false},"excerpt":{"rendered":"<p>Muni d&#8217;une capuche \u00e0 cordons, d&#8217;une poche avant et de manches longues, ce sweatshirt hoodie ovesize en coton d\u00e9voile un c\u0153ur brod\u00e9 &#8220;FUTURE&#8221; sur la poitrine. Facile \u00e0 mixer, cet essentiel se porte sans mod\u00e9ration pour accompagner vos looks. Rejoignez le Club ! &#8211; Sweatshirt hoodie en coton Femme &#8211; C\u0153ur &#8220;FUTURE&#8221; sur la poitrine [&hellip;]<\/p>\n","protected":false},"featured_media":689394,"comment_status":"open","ping_status":"closed","template":"","meta":[],"product_brand":[6868],"product_cat":[1756,1762],"product_tag":[2244],"acf":[],"_links":{"self":[{"href":"https:\/\/streetmarkets.fr\/app\/wp-json\/wp\/v2\/product\/689393"}],"collection":[{"href":"https:\/\/streetmarkets.fr\/app\/wp-json\/wp\/v2\/product"}],"about":[{"href":"https:\/\/streetmarkets.fr\/app\/wp-json\/wp\/v2\/types\/product"}],"replies":[{"embeddable":true,"href":"https:\/\/streetmarkets.fr\/app\/wp-json\/wp\/v2\/comments?post=689393"}],"wp:featuredmedia":[{"embeddable":true,"href":"https:\/\/streetmarkets.fr\/app\/wp-json\/wp\/v2\/media\/689394"}],"wp:attachment":[{"href":"https:\/\/streetmarkets.fr\/app\/wp-json\/wp\/v2\/media?parent=689393"}],"wp:term":[{"taxonomy":"product_brand","embeddable":true,"href":"https:\/\/streetmarkets.fr\/app\/wp-json\/wp\/v2\/product_brand?post=689393"},{"taxonomy":"product_cat","embeddable":true,"href":"https:\/\/streetmarkets.fr\/app\/wp-json\/wp\/v2\/product_cat?post=689393"},{"taxonomy":"product_tag","embeddable":true,"href":"https:\/\/streetmarkets.fr\/app\/wp-json\/wp\/v2\/product_tag?post=689393"}],"curies":[{"name":"wp","href":"https:\/\/api.w.org\/{rel}","templated":true}]}}