{"id":689371,"date":"2024-10-14T15:35:34","date_gmt":"2024-10-14T13:35:34","guid":{"rendered":"https:\/\/streetmarkets.fr\/app\/produit\/pull-col-v-h24-femme-utopic-pink-100-cachemire\/"},"modified":"2025-02-08T01:03:13","modified_gmt":"2025-02-08T00:03:13","slug":"pull-col-v-h24-femme-utopic-pink-100-cachemire","status":"publish","type":"product","link":"https:\/\/streetmarkets.fr\/app\/produit\/pull-col-v-h24-femme-utopic-pink-100-cachemire\/","title":{"rendered":"Pull Col V (H24 \/ FEMME \/ Utopic Pink \/ 100% Cachemire)"},"content":{"rendered":"<p>Confectionn\u00e9 en cachemire, ce pull oversize vient structurer l&#8217;allure avec une pointe d&#8217;audace. Des bandes contrast\u00e9es soulignent le col V, les manches longues et le bas, insufflant un look \u00e9l\u00e9gant et affirm\u00e9. <\/p>\n<p>&#8211; Pull en cachemire certifi\u00e9 GCS\u00ae Femme<br \/>\n<br \/>&#8211; Bandes contrast\u00e9es en intarsia<br \/>\n<br \/>&#8211; Col V<br \/>\n<br \/>&#8211; Manches longues<br \/>\n<br \/>&#8211; Bords c\u00f4tel\u00e9s<br \/>\n<br \/>&#8211; Coupe oversize<br \/>\n<br \/>&#8211; Le Good Cashmere Standard\u00ae (GCS) est une norme ind\u00e9pendante pour un cachemire plus durable et plus responsable. Il vise \u00e0 am\u00e9liorer le bien-\u00eatre des ch\u00e8vres cachemire, les conditions de travail des \u00e9leveurs ainsi qu&#8217;\u00e0 prot\u00e9ger l&#8217;environnement.<br \/>&#8211; <u>Cachemire 2 fils<\/u> <\/p>\n","protected":false},"excerpt":{"rendered":"<p>Confectionn\u00e9 en cachemire, ce pull oversize vient structurer l&#8217;allure avec une pointe d&#8217;audace. Des bandes contrast\u00e9es soulignent le col V, les manches longues et le bas, insufflant un look \u00e9l\u00e9gant et affirm\u00e9. &#8211; Pull en cachemire certifi\u00e9 GCS\u00ae Femme &#8211; Bandes contrast\u00e9es en intarsia &#8211; Col V &#8211; Manches longues &#8211; Bords c\u00f4tel\u00e9s &#8211; Coupe [&hellip;]<\/p>\n","protected":false},"featured_media":689372,"comment_status":"open","ping_status":"closed","template":"","meta":[],"product_brand":[6868],"product_cat":[1756,1762],"product_tag":[2244],"acf":[],"_links":{"self":[{"href":"https:\/\/streetmarkets.fr\/app\/wp-json\/wp\/v2\/product\/689371"}],"collection":[{"href":"https:\/\/streetmarkets.fr\/app\/wp-json\/wp\/v2\/product"}],"about":[{"href":"https:\/\/streetmarkets.fr\/app\/wp-json\/wp\/v2\/types\/product"}],"replies":[{"embeddable":true,"href":"https:\/\/streetmarkets.fr\/app\/wp-json\/wp\/v2\/comments?post=689371"}],"wp:featuredmedia":[{"embeddable":true,"href":"https:\/\/streetmarkets.fr\/app\/wp-json\/wp\/v2\/media\/689372"}],"wp:attachment":[{"href":"https:\/\/streetmarkets.fr\/app\/wp-json\/wp\/v2\/media?parent=689371"}],"wp:term":[{"taxonomy":"product_brand","embeddable":true,"href":"https:\/\/streetmarkets.fr\/app\/wp-json\/wp\/v2\/product_brand?post=689371"},{"taxonomy":"product_cat","embeddable":true,"href":"https:\/\/streetmarkets.fr\/app\/wp-json\/wp\/v2\/product_cat?post=689371"},{"taxonomy":"product_tag","embeddable":true,"href":"https:\/\/streetmarkets.fr\/app\/wp-json\/wp\/v2\/product_tag?post=689371"}],"curies":[{"name":"wp","href":"https:\/\/api.w.org\/{rel}","templated":true}]}}