{"id":688637,"date":"2024-10-14T15:33:42","date_gmt":"2024-10-14T13:33:42","guid":{"rendered":"https:\/\/streetmarkets.fr\/app\/produit\/jean-large-s24-femme-ecru\/"},"modified":"2025-04-18T01:51:09","modified_gmt":"2025-04-17T23:51:09","slug":"jean-large-s24-femme-ecru","status":"publish","type":"product","link":"https:\/\/streetmarkets.fr\/app\/produit\/jean-large-s24-femme-ecru\/","title":{"rendered":"Jean Large (S24 \/ FEMME \/ Ecru)"},"content":{"rendered":"<p>Une coupe large et \u00e9vas\u00e9e pour flatter votre silhouette futuriste. Muni d&#8217;une fermeture zipp\u00e9e et boutonn\u00e9e, ce jean en coton affiche cinq poches, une broderie &#8220;From Future&#8221; et des bords bruts. \u00c9l\u00e9gant et audacieux, mixez-le \u00e0 pull moelleux et des escarpins. <\/p>\n<p>&#8211; Jean large en coton Femme<br \/>\n<br \/>&#8211; Broderie &#8220;From Future&#8221;<br \/>\n<br \/>&#8211; 2 poches avant<br \/>\n<br \/>&#8211; 2 poches au dos<br \/>\n<br \/>&#8211; Fermeture zipp\u00e9e et boutonn\u00e9e<br \/>\n<br \/>&#8211; Bords bruts<br \/>\n<br \/>&#8211; Bas \u00e9vas\u00e9<br \/>\n<br \/>&#8211; Coupe regular<\/p>\n","protected":false},"excerpt":{"rendered":"<p>Une coupe large et \u00e9vas\u00e9e pour flatter votre silhouette futuriste. Muni d&#8217;une fermeture zipp\u00e9e et boutonn\u00e9e, ce jean en coton affiche cinq poches, une broderie &#8220;From Future&#8221; et des bords bruts. \u00c9l\u00e9gant et audacieux, mixez-le \u00e0 pull moelleux et des escarpins. &#8211; Jean large en coton Femme &#8211; Broderie &#8220;From Future&#8221; &#8211; 2 poches avant [&hellip;]<\/p>\n","protected":false},"featured_media":688638,"comment_status":"open","ping_status":"closed","template":"","meta":[],"product_brand":[6868],"product_cat":[1756,1762],"product_tag":[2244],"acf":[],"_links":{"self":[{"href":"https:\/\/streetmarkets.fr\/app\/wp-json\/wp\/v2\/product\/688637"}],"collection":[{"href":"https:\/\/streetmarkets.fr\/app\/wp-json\/wp\/v2\/product"}],"about":[{"href":"https:\/\/streetmarkets.fr\/app\/wp-json\/wp\/v2\/types\/product"}],"replies":[{"embeddable":true,"href":"https:\/\/streetmarkets.fr\/app\/wp-json\/wp\/v2\/comments?post=688637"}],"wp:featuredmedia":[{"embeddable":true,"href":"https:\/\/streetmarkets.fr\/app\/wp-json\/wp\/v2\/media\/688638"}],"wp:attachment":[{"href":"https:\/\/streetmarkets.fr\/app\/wp-json\/wp\/v2\/media?parent=688637"}],"wp:term":[{"taxonomy":"product_brand","embeddable":true,"href":"https:\/\/streetmarkets.fr\/app\/wp-json\/wp\/v2\/product_brand?post=688637"},{"taxonomy":"product_cat","embeddable":true,"href":"https:\/\/streetmarkets.fr\/app\/wp-json\/wp\/v2\/product_cat?post=688637"},{"taxonomy":"product_tag","embeddable":true,"href":"https:\/\/streetmarkets.fr\/app\/wp-json\/wp\/v2\/product_tag?post=688637"}],"curies":[{"name":"wp","href":"https:\/\/api.w.org\/{rel}","templated":true}]}}