{"id":688462,"date":"2024-10-14T15:33:33","date_gmt":"2024-10-14T13:33:33","guid":{"rendered":"https:\/\/streetmarkets.fr\/app\/produit\/pantalon-s24-femme-noir\/"},"modified":"2025-03-15T01:02:44","modified_gmt":"2025-03-15T00:02:44","slug":"pantalon-s24-femme-noir","status":"publish","type":"product","link":"https:\/\/streetmarkets.fr\/app\/produit\/pantalon-s24-femme-noir\/","title":{"rendered":"Pantalon (S24 \/ FEMME \/ Noir)"},"content":{"rendered":"<p>R\u00e9hausser votre silhouette futuriste avec ce pantalon d\u00e9licatement pliss\u00e9. Muni d&#8217;une fermeture zipp\u00e9e et de deux poches, il pr\u00e9sente une coupe \u00e9vas\u00e9e en pattes d&#8217;\u00e9l\u00e9phant. Compl\u00e9tez votre look chic et casual avec une maille moelleuse ou une chemise satin\u00e9e. <\/p>\n<p>&#8211; Pantalon Femme <br \/>&#8211; Plis <br \/>&#8211; 2 poches avant <br \/>&#8211; Fermeture zipp\u00e9e \u00e0 crochet <br \/>&#8211; Pattes d&#8217;\u00e9l\u00e9phant<\/p>\n","protected":false},"excerpt":{"rendered":"<p>R\u00e9hausser votre silhouette futuriste avec ce pantalon d\u00e9licatement pliss\u00e9. Muni d&#8217;une fermeture zipp\u00e9e et de deux poches, il pr\u00e9sente une coupe \u00e9vas\u00e9e en pattes d&#8217;\u00e9l\u00e9phant. Compl\u00e9tez votre look chic et casual avec une maille moelleuse ou une chemise satin\u00e9e. &#8211; Pantalon Femme &#8211; Plis &#8211; 2 poches avant &#8211; Fermeture zipp\u00e9e \u00e0 crochet &#8211; Pattes [&hellip;]<\/p>\n","protected":false},"featured_media":688463,"comment_status":"open","ping_status":"closed","template":"","meta":[],"product_brand":[6868],"product_cat":[1756,1762],"product_tag":[2244],"acf":[],"_links":{"self":[{"href":"https:\/\/streetmarkets.fr\/app\/wp-json\/wp\/v2\/product\/688462"}],"collection":[{"href":"https:\/\/streetmarkets.fr\/app\/wp-json\/wp\/v2\/product"}],"about":[{"href":"https:\/\/streetmarkets.fr\/app\/wp-json\/wp\/v2\/types\/product"}],"replies":[{"embeddable":true,"href":"https:\/\/streetmarkets.fr\/app\/wp-json\/wp\/v2\/comments?post=688462"}],"wp:featuredmedia":[{"embeddable":true,"href":"https:\/\/streetmarkets.fr\/app\/wp-json\/wp\/v2\/media\/688463"}],"wp:attachment":[{"href":"https:\/\/streetmarkets.fr\/app\/wp-json\/wp\/v2\/media?parent=688462"}],"wp:term":[{"taxonomy":"product_brand","embeddable":true,"href":"https:\/\/streetmarkets.fr\/app\/wp-json\/wp\/v2\/product_brand?post=688462"},{"taxonomy":"product_cat","embeddable":true,"href":"https:\/\/streetmarkets.fr\/app\/wp-json\/wp\/v2\/product_cat?post=688462"},{"taxonomy":"product_tag","embeddable":true,"href":"https:\/\/streetmarkets.fr\/app\/wp-json\/wp\/v2\/product_tag?post=688462"}],"curies":[{"name":"wp","href":"https:\/\/api.w.org\/{rel}","templated":true}]}}