{"id":688407,"date":"2024-10-14T15:33:31","date_gmt":"2024-10-14T13:33:31","guid":{"rendered":"https:\/\/streetmarkets.fr\/app\/produit\/sweatshirt-hoodie-coeur-s24-femme-navy\/"},"modified":"2025-01-05T01:02:32","modified_gmt":"2025-01-05T00:02:32","slug":"sweatshirt-hoodie-coeur-s24-femme-navy","status":"publish","type":"product","link":"https:\/\/streetmarkets.fr\/app\/produit\/sweatshirt-hoodie-coeur-s24-femme-navy\/","title":{"rendered":"Sweatshirt Hoodie Coeur (S24 \/ FEMME \/ Navy)"},"content":{"rendered":"<p>Muni d&#8217;une capuche et de manches longues, ce sweatshirt hoodie long en coton d\u00e9voile un c\u0153ur floqu\u00e9 &#8220;FUTURE&#8221; sur la poitrine. Pi\u00e8ce incontournable du vestiaire futuriste, elle se mixe avec un jean casual ou un pantalon ample.<\/p>\n<p>&#8211; Sweatshirt hoodie long en coton Femme<br \/>\n<br \/>&#8211; Capuche \u00e0 cordons<br \/>\n<br \/>&#8211; Manches longues<br \/>\n<br \/>&#8211; C\u0153ur floqu\u00e9 &#8220;FUTURE&#8221; sur la poitrine<br \/>\n<br \/>&#8211; Fabriqu\u00e9 au Portugal<\/p>\n","protected":false},"excerpt":{"rendered":"<p>Muni d&#8217;une capuche et de manches longues, ce sweatshirt hoodie long en coton d\u00e9voile un c\u0153ur floqu\u00e9 &#8220;FUTURE&#8221; sur la poitrine. Pi\u00e8ce incontournable du vestiaire futuriste, elle se mixe avec un jean casual ou un pantalon ample. &#8211; Sweatshirt hoodie long en coton Femme &#8211; Capuche \u00e0 cordons &#8211; Manches longues &#8211; C\u0153ur floqu\u00e9 &#8220;FUTURE&#8221; [&hellip;]<\/p>\n","protected":false},"featured_media":688408,"comment_status":"open","ping_status":"closed","template":"","meta":[],"product_brand":[6868],"product_cat":[1756,1762],"product_tag":[2244],"acf":[],"_links":{"self":[{"href":"https:\/\/streetmarkets.fr\/app\/wp-json\/wp\/v2\/product\/688407"}],"collection":[{"href":"https:\/\/streetmarkets.fr\/app\/wp-json\/wp\/v2\/product"}],"about":[{"href":"https:\/\/streetmarkets.fr\/app\/wp-json\/wp\/v2\/types\/product"}],"replies":[{"embeddable":true,"href":"https:\/\/streetmarkets.fr\/app\/wp-json\/wp\/v2\/comments?post=688407"}],"wp:featuredmedia":[{"embeddable":true,"href":"https:\/\/streetmarkets.fr\/app\/wp-json\/wp\/v2\/media\/688408"}],"wp:attachment":[{"href":"https:\/\/streetmarkets.fr\/app\/wp-json\/wp\/v2\/media?parent=688407"}],"wp:term":[{"taxonomy":"product_brand","embeddable":true,"href":"https:\/\/streetmarkets.fr\/app\/wp-json\/wp\/v2\/product_brand?post=688407"},{"taxonomy":"product_cat","embeddable":true,"href":"https:\/\/streetmarkets.fr\/app\/wp-json\/wp\/v2\/product_cat?post=688407"},{"taxonomy":"product_tag","embeddable":true,"href":"https:\/\/streetmarkets.fr\/app\/wp-json\/wp\/v2\/product_tag?post=688407"}],"curies":[{"name":"wp","href":"https:\/\/api.w.org\/{rel}","templated":true}]}}