{"id":688226,"date":"2024-10-14T15:33:05","date_gmt":"2024-10-14T13:33:05","guid":{"rendered":"https:\/\/streetmarkets.fr\/app\/produit\/chemise-manches-longues-s24-homme-blanc\/"},"modified":"2025-10-02T01:59:55","modified_gmt":"2025-10-01T23:59:55","slug":"chemise-manches-longues-s24-homme-blanc","status":"publish","type":"product","link":"https:\/\/streetmarkets.fr\/app\/produit\/chemise-manches-longues-s24-homme-blanc\/","title":{"rendered":"Chemise Manches Longues (S24 \/ HOMME \/ Blanc)"},"content":{"rendered":"<p>Incarnant l&#8217;\u00e9l\u00e9gance cosmique, cette chemise en coton accompagnera vos looks futuristes. Munie d&#8217;un col chemise, d&#8217;une fermeture boutonn\u00e9e et de manches longues, elle conf\u00e8re une silhouette structur\u00e9e et ajust\u00e9e. Un basique du vestiaire masculin, il se mixe \u00e0 tous les styles.<\/p>\n<p>&#8211; Chemise en coton Homme<br \/>\n<br \/>&#8211; Col chemise<br \/>\n<br \/>&#8211; Fermeture boutonn\u00e9e<br \/>\n<br \/>&#8211; Manches longues<br \/>\n<br \/>&#8211; Coupe regular<\/p>\n","protected":false},"excerpt":{"rendered":"<p>Incarnant l&#8217;\u00e9l\u00e9gance cosmique, cette chemise en coton accompagnera vos looks futuristes. Munie d&#8217;un col chemise, d&#8217;une fermeture boutonn\u00e9e et de manches longues, elle conf\u00e8re une silhouette structur\u00e9e et ajust\u00e9e. Un basique du vestiaire masculin, il se mixe \u00e0 tous les styles. &#8211; Chemise en coton Homme &#8211; Col chemise &#8211; Fermeture boutonn\u00e9e &#8211; Manches longues [&hellip;]<\/p>\n","protected":false},"featured_media":688227,"comment_status":"open","ping_status":"closed","template":"","meta":[],"product_brand":[6868],"product_cat":[1756,1758],"product_tag":[2244],"acf":[],"_links":{"self":[{"href":"https:\/\/streetmarkets.fr\/app\/wp-json\/wp\/v2\/product\/688226"}],"collection":[{"href":"https:\/\/streetmarkets.fr\/app\/wp-json\/wp\/v2\/product"}],"about":[{"href":"https:\/\/streetmarkets.fr\/app\/wp-json\/wp\/v2\/types\/product"}],"replies":[{"embeddable":true,"href":"https:\/\/streetmarkets.fr\/app\/wp-json\/wp\/v2\/comments?post=688226"}],"wp:featuredmedia":[{"embeddable":true,"href":"https:\/\/streetmarkets.fr\/app\/wp-json\/wp\/v2\/media\/688227"}],"wp:attachment":[{"href":"https:\/\/streetmarkets.fr\/app\/wp-json\/wp\/v2\/media?parent=688226"}],"wp:term":[{"taxonomy":"product_brand","embeddable":true,"href":"https:\/\/streetmarkets.fr\/app\/wp-json\/wp\/v2\/product_brand?post=688226"},{"taxonomy":"product_cat","embeddable":true,"href":"https:\/\/streetmarkets.fr\/app\/wp-json\/wp\/v2\/product_cat?post=688226"},{"taxonomy":"product_tag","embeddable":true,"href":"https:\/\/streetmarkets.fr\/app\/wp-json\/wp\/v2\/product_tag?post=688226"}],"curies":[{"name":"wp","href":"https:\/\/api.w.org\/{rel}","templated":true}]}}