{"id":688161,"date":"2024-10-14T15:33:02","date_gmt":"2024-10-14T13:33:02","guid":{"rendered":"https:\/\/streetmarkets.fr\/app\/produit\/casquette-a-visiere-courbee-coeur-s24-accessoires-noir\/"},"modified":"2025-02-19T01:10:05","modified_gmt":"2025-02-19T00:10:05","slug":"casquette-a-visiere-courbee-coeur-s24-accessoires-noir","status":"publish","type":"product","link":"https:\/\/streetmarkets.fr\/app\/produit\/casquette-a-visiere-courbee-coeur-s24-accessoires-noir\/","title":{"rendered":"Casquette \u00e0 Visi\u00e8re Courb\u00e9e Coeur (S24 \/ ACCESSOIRES \/ Noir)"},"content":{"rendered":"<p>Orn\u00e9e d&#8217;un c\u0153ur brod\u00e9 et contrast\u00e9 \u00e0 l&#8217;avant, cette casquette en coton, munie d&#8217;une sangle ajustable, apporte une touche d&#8217;\u00e9clat \u00e0 votre silhouette futuriste. \u00c0 la fois chic et casual, elle compl\u00e8te votre allure de saison avec \u00e9l\u00e9gance et style.<\/p>\n<p>&#8211; Casquette en coton<br \/>\n<br \/>&#8211; Broderie c\u0153ur<br \/>\n<br \/>&#8211; Visi\u00e8re courb\u00e9e<br \/>\n<br \/>&#8211; Sangle ajustable<br \/>\n<br \/>&#8211; Taille unique<\/p>\n","protected":false},"excerpt":{"rendered":"<p>Orn\u00e9e d&#8217;un c\u0153ur brod\u00e9 et contrast\u00e9 \u00e0 l&#8217;avant, cette casquette en coton, munie d&#8217;une sangle ajustable, apporte une touche d&#8217;\u00e9clat \u00e0 votre silhouette futuriste. \u00c0 la fois chic et casual, elle compl\u00e8te votre allure de saison avec \u00e9l\u00e9gance et style. &#8211; Casquette en coton &#8211; Broderie c\u0153ur &#8211; Visi\u00e8re courb\u00e9e &#8211; Sangle ajustable &#8211; Taille [&hellip;]<\/p>\n","protected":false},"featured_media":688162,"comment_status":"open","ping_status":"closed","template":"","meta":[],"product_brand":[6868],"product_cat":[1756,1764],"product_tag":[2244],"acf":[],"_links":{"self":[{"href":"https:\/\/streetmarkets.fr\/app\/wp-json\/wp\/v2\/product\/688161"}],"collection":[{"href":"https:\/\/streetmarkets.fr\/app\/wp-json\/wp\/v2\/product"}],"about":[{"href":"https:\/\/streetmarkets.fr\/app\/wp-json\/wp\/v2\/types\/product"}],"replies":[{"embeddable":true,"href":"https:\/\/streetmarkets.fr\/app\/wp-json\/wp\/v2\/comments?post=688161"}],"wp:featuredmedia":[{"embeddable":true,"href":"https:\/\/streetmarkets.fr\/app\/wp-json\/wp\/v2\/media\/688162"}],"wp:attachment":[{"href":"https:\/\/streetmarkets.fr\/app\/wp-json\/wp\/v2\/media?parent=688161"}],"wp:term":[{"taxonomy":"product_brand","embeddable":true,"href":"https:\/\/streetmarkets.fr\/app\/wp-json\/wp\/v2\/product_brand?post=688161"},{"taxonomy":"product_cat","embeddable":true,"href":"https:\/\/streetmarkets.fr\/app\/wp-json\/wp\/v2\/product_cat?post=688161"},{"taxonomy":"product_tag","embeddable":true,"href":"https:\/\/streetmarkets.fr\/app\/wp-json\/wp\/v2\/product_tag?post=688161"}],"curies":[{"name":"wp","href":"https:\/\/api.w.org\/{rel}","templated":true}]}}