{"id":687995,"date":"2024-10-14T15:32:18","date_gmt":"2024-10-14T13:32:18","guid":{"rendered":"https:\/\/streetmarkets.fr\/app\/produit\/jean-tapered-jackson-s23-homme-light-blue\/"},"modified":"2025-01-08T01:12:42","modified_gmt":"2025-01-08T00:12:42","slug":"jean-tapered-jackson-s23-homme-light-blue","status":"publish","type":"product","link":"https:\/\/streetmarkets.fr\/app\/produit\/jean-tapered-jackson-s23-homme-light-blue\/","title":{"rendered":"Jean Tapered Jackson ( S23 \/ HOMME \/ Light Blue )"},"content":{"rendered":"<p><!--\ntd {border: 1px solid #cccccc;}br {mso-data-placement:same-cell;}\n--><br \/>\n<span data-sheets-value='{\"1\":2,\"2\":\"Coupe droite pour le jean slim Jackson, d\u00e9voilant de multiples poches et une broderie \"From Future\".\\n\\n- Jean fusel\u00e9 Homme\\n- Fermeture boutonn\u00e9e\\n- Poches\\n- Broderie From Future sur la poche gauche\\n- Coupe slim\"}' data-sheets-userformat='{\"2\":14783,\"3\":{\"1\":0,\"3\":1},\"4\":{\"1\":2,\"2\":16043212},\"5\":{\"1\":[{\"1\":2,\"2\":0,\"5\":{\"1\":2,\"2\":0}},{\"1\":0,\"2\":0,\"3\":3},{\"1\":1,\"2\":0,\"4\":1}]},\"6\":{\"1\":[{\"1\":2,\"2\":0,\"5\":{\"1\":2,\"2\":0}},{\"1\":0,\"2\":0,\"3\":3},{\"1\":1,\"2\":0,\"4\":1}]},\"7\":{\"1\":[{\"1\":2,\"2\":0,\"5\":{\"1\":2,\"2\":0}},{\"1\":0,\"2\":0,\"3\":3},{\"1\":1,\"2\":0,\"4\":1}]},\"8\":{\"1\":[{\"1\":2,\"2\":0,\"5\":{\"1\":2,\"2\":0}},{\"1\":0,\"2\":0,\"3\":3},{\"1\":1,\"2\":0,\"4\":1}]},\"10\":1,\"11\":4,\"14\":{\"1\":3,\"3\":1},\"15\":\"Calibri\",\"16\":11}'>Coupe tapered pour le jean Jackson, d\u00e9voilant de multiples poches et une broderie &#8220;From Future&#8221;.<\/p>\n<p>&#8211; Jean fusel\u00e9 Homme<br \/>&#8211; Fermeture boutonn\u00e9e<br \/>&#8211; Poches<br \/>&#8211; Broderie From Future sur la poche gauche<br \/>&#8211; Coupe tapered<\/span><\/p>\n","protected":false},"excerpt":{"rendered":"<p>Coupe tapered pour le jean Jackson, d\u00e9voilant de multiples poches et une broderie &#8220;From Future&#8221;. &#8211; Jean fusel\u00e9 Homme&#8211; Fermeture boutonn\u00e9e&#8211; Poches&#8211; Broderie From Future sur la poche gauche&#8211; Coupe tapered<\/p>\n","protected":false},"featured_media":687996,"comment_status":"open","ping_status":"closed","template":"","meta":[],"product_brand":[6868],"product_cat":[1756,1758],"product_tag":[2244],"acf":[],"_links":{"self":[{"href":"https:\/\/streetmarkets.fr\/app\/wp-json\/wp\/v2\/product\/687995"}],"collection":[{"href":"https:\/\/streetmarkets.fr\/app\/wp-json\/wp\/v2\/product"}],"about":[{"href":"https:\/\/streetmarkets.fr\/app\/wp-json\/wp\/v2\/types\/product"}],"replies":[{"embeddable":true,"href":"https:\/\/streetmarkets.fr\/app\/wp-json\/wp\/v2\/comments?post=687995"}],"wp:featuredmedia":[{"embeddable":true,"href":"https:\/\/streetmarkets.fr\/app\/wp-json\/wp\/v2\/media\/687996"}],"wp:attachment":[{"href":"https:\/\/streetmarkets.fr\/app\/wp-json\/wp\/v2\/media?parent=687995"}],"wp:term":[{"taxonomy":"product_brand","embeddable":true,"href":"https:\/\/streetmarkets.fr\/app\/wp-json\/wp\/v2\/product_brand?post=687995"},{"taxonomy":"product_cat","embeddable":true,"href":"https:\/\/streetmarkets.fr\/app\/wp-json\/wp\/v2\/product_cat?post=687995"},{"taxonomy":"product_tag","embeddable":true,"href":"https:\/\/streetmarkets.fr\/app\/wp-json\/wp\/v2\/product_tag?post=687995"}],"curies":[{"name":"wp","href":"https:\/\/api.w.org\/{rel}","templated":true}]}}