{"id":679872,"date":"2024-10-13T21:33:44","date_gmt":"2024-10-13T19:33:44","guid":{"rendered":"https:\/\/streetmarkets.fr\/app\/produit\/carte-cadeau\/"},"modified":"2026-05-11T03:33:45","modified_gmt":"2026-05-11T01:33:45","slug":"carte-cadeau","status":"publish","type":"product","link":"https:\/\/streetmarkets.fr\/app\/produit\/carte-cadeau\/","title":{"rendered":"Carte-Cadeau"},"content":{"rendered":"<ul class=\"structured-component-list\">\n<li class=\"structured-component-list__item\"><span class=\"structured-component-text zds-body-s structured-component-text--with-prefix\"><span>Elle s&#8217;envoie par e-mail ou peut \u00eatre r\u00e9cup\u00e9r\u00e9e en boutique<\/span><\/span><\/li>\n<li class=\"structured-component-list__item\">Elle est valable en ligne ou en boutique<\/li>\n<li class=\"structured-component-list__item\">Elle a une dur\u00e9e de validit\u00e9 d&#8217;un an \u00e0 compter de la date de commande\u00a0<\/li>\n<\/ul>\n","protected":false},"excerpt":{"rendered":"<p>Elle s&#8217;envoie par e-mail ou peut \u00eatre r\u00e9cup\u00e9r\u00e9e en boutique Elle est valable en ligne ou en boutique Elle a une dur\u00e9e de validit\u00e9 d&#8217;un an \u00e0 compter de la date de commande\u00a0<\/p>\n","protected":false},"featured_media":679873,"comment_status":"open","ping_status":"closed","template":"","meta":[],"product_brand":[],"product_cat":[1756,1764],"product_tag":[2122],"acf":[],"_links":{"self":[{"href":"https:\/\/streetmarkets.fr\/app\/wp-json\/wp\/v2\/product\/679872"}],"collection":[{"href":"https:\/\/streetmarkets.fr\/app\/wp-json\/wp\/v2\/product"}],"about":[{"href":"https:\/\/streetmarkets.fr\/app\/wp-json\/wp\/v2\/types\/product"}],"replies":[{"embeddable":true,"href":"https:\/\/streetmarkets.fr\/app\/wp-json\/wp\/v2\/comments?post=679872"}],"wp:featuredmedia":[{"embeddable":true,"href":"https:\/\/streetmarkets.fr\/app\/wp-json\/wp\/v2\/media\/679873"}],"wp:attachment":[{"href":"https:\/\/streetmarkets.fr\/app\/wp-json\/wp\/v2\/media?parent=679872"}],"wp:term":[{"taxonomy":"product_brand","embeddable":true,"href":"https:\/\/streetmarkets.fr\/app\/wp-json\/wp\/v2\/product_brand?post=679872"},{"taxonomy":"product_cat","embeddable":true,"href":"https:\/\/streetmarkets.fr\/app\/wp-json\/wp\/v2\/product_cat?post=679872"},{"taxonomy":"product_tag","embeddable":true,"href":"https:\/\/streetmarkets.fr\/app\/wp-json\/wp\/v2\/product_tag?post=679872"}],"curies":[{"name":"wp","href":"https:\/\/api.w.org\/{rel}","templated":true}]}}