{"id":678389,"date":"2024-10-13T21:30:56","date_gmt":"2024-10-13T19:30:56","guid":{"rendered":"https:\/\/streetmarkets.fr\/app\/produit\/veste-a-capuche-zippe-anthracite\/"},"modified":"2026-05-08T04:31:05","modified_gmt":"2026-05-08T02:31:05","slug":"veste-a-capuche-zippe-anthracite","status":"publish","type":"product","link":"https:\/\/streetmarkets.fr\/app\/produit\/veste-a-capuche-zippe-anthracite\/","title":{"rendered":"Veste \u00e0 capuche zipp\u00e9 anthracite"},"content":{"rendered":"<p>Enfilez notre veste \u00e0 capuche zipp\u00e9 pour une chaleur instantan\u00e9e gr\u00e2ce \u00e0 sa doublure en coton et un style sans effort. La capuche vous prot\u00e8ge du vent et des intemp\u00e9ries, tandis que la fermeture \u00e9clair s&#8217;adaptera \u00e0 vos besoins et envies.<\/p>\n","protected":false},"excerpt":{"rendered":"<p>Enfilez notre veste \u00e0 capuche zipp\u00e9 pour une chaleur instantan\u00e9e gr\u00e2ce \u00e0 sa doublure en coton et un style sans effort. La capuche vous prot\u00e8ge du vent et des intemp\u00e9ries, tandis que la fermeture \u00e9clair s&#8217;adaptera \u00e0 vos besoins et envies.<\/p>\n","protected":false},"featured_media":678390,"comment_status":"open","ping_status":"closed","template":"","meta":[],"product_brand":[],"product_cat":[1756,1762],"product_tag":[1810],"acf":[],"_links":{"self":[{"href":"https:\/\/streetmarkets.fr\/app\/wp-json\/wp\/v2\/product\/678389"}],"collection":[{"href":"https:\/\/streetmarkets.fr\/app\/wp-json\/wp\/v2\/product"}],"about":[{"href":"https:\/\/streetmarkets.fr\/app\/wp-json\/wp\/v2\/types\/product"}],"replies":[{"embeddable":true,"href":"https:\/\/streetmarkets.fr\/app\/wp-json\/wp\/v2\/comments?post=678389"}],"wp:featuredmedia":[{"embeddable":true,"href":"https:\/\/streetmarkets.fr\/app\/wp-json\/wp\/v2\/media\/678390"}],"wp:attachment":[{"href":"https:\/\/streetmarkets.fr\/app\/wp-json\/wp\/v2\/media?parent=678389"}],"wp:term":[{"taxonomy":"product_brand","embeddable":true,"href":"https:\/\/streetmarkets.fr\/app\/wp-json\/wp\/v2\/product_brand?post=678389"},{"taxonomy":"product_cat","embeddable":true,"href":"https:\/\/streetmarkets.fr\/app\/wp-json\/wp\/v2\/product_cat?post=678389"},{"taxonomy":"product_tag","embeddable":true,"href":"https:\/\/streetmarkets.fr\/app\/wp-json\/wp\/v2\/product_tag?post=678389"}],"curies":[{"name":"wp","href":"https:\/\/api.w.org\/{rel}","templated":true}]}}