{"id":677148,"date":"2024-10-13T19:13:24","date_gmt":"2024-10-13T17:13:24","guid":{"rendered":"https:\/\/streetmarkets.fr\/app\/produit\/medaillon-lettres\/"},"modified":"2026-04-25T01:49:59","modified_gmt":"2026-04-24T23:49:59","slug":"medaillon-lettres","status":"publish","type":"product","link":"https:\/\/streetmarkets.fr\/app\/produit\/medaillon-lettres\/","title":{"rendered":"M\u00e9daillon &#8211; Lettres"},"content":{"rendered":"<div style=\"text-align: left\" class=\"prdescription\">\n<div class=\"prdescription\">\n<div class=\"prdescription\">\n<div class=\"prdescription\">\n<p>Un bijou d\u00e9licat et po\u00e9tique, id\u00e9al \u00e0 (s&#8217;)offrir.<\/p>\n<p><span style=\"font-family: -apple-system, BlinkMacSystemFont, 'San Francisco', 'Segoe UI', Roboto, 'Helvetica Neue', sans-serif;font-size: 0.875rem\"><span>Chaque pi\u00e8ce est fabriqu\u00e9e enti\u00e8rement \u00e0 la main et peut pr\u00e9senter des l\u00e9g\u00e8res diff\u00e9rences de couleur, de forme et\/ou de taille.<\/span><\/span><\/p>\n<p><span style=\"font-family: -apple-system, BlinkMacSystemFont, 'San Francisco', 'Segoe UI', Roboto, 'Helvetica Neue', sans-serif;font-size: 0.875rem\"><span>Les m\u00e9daillons sont livr\u00e9s sans cha\u00eene.<\/span><\/span><\/p>\n<p><span style=\"font-family: -apple-system, BlinkMacSystemFont, 'San Francisco', 'Segoe UI', Roboto, 'Helvetica Neue', sans-serif;font-size: 0.875rem\"><span><strong>Cet article est uniquement disponible en achat en boutique ou en Click &amp; Collect !<\/strong><\/span><\/span><\/p>\n<\/div>\n<\/div>\n<\/div>\n<\/div>\n","protected":false},"excerpt":{"rendered":"<p>Un bijou d\u00e9licat et po\u00e9tique, id\u00e9al \u00e0 (s&#8217;)offrir. Chaque pi\u00e8ce est fabriqu\u00e9e enti\u00e8rement \u00e0 la main et peut pr\u00e9senter des l\u00e9g\u00e8res diff\u00e9rences de couleur, de forme et\/ou de taille. Les m\u00e9daillons sont livr\u00e9s sans cha\u00eene. Cet article est uniquement disponible en achat en boutique ou en Click &amp; Collect !<\/p>\n","protected":false},"featured_media":677149,"comment_status":"open","ping_status":"closed","template":"","meta":[],"product_brand":[],"product_cat":[1807,1756],"product_tag":[2244],"acf":[],"_links":{"self":[{"href":"https:\/\/streetmarkets.fr\/app\/wp-json\/wp\/v2\/product\/677148"}],"collection":[{"href":"https:\/\/streetmarkets.fr\/app\/wp-json\/wp\/v2\/product"}],"about":[{"href":"https:\/\/streetmarkets.fr\/app\/wp-json\/wp\/v2\/types\/product"}],"replies":[{"embeddable":true,"href":"https:\/\/streetmarkets.fr\/app\/wp-json\/wp\/v2\/comments?post=677148"}],"wp:featuredmedia":[{"embeddable":true,"href":"https:\/\/streetmarkets.fr\/app\/wp-json\/wp\/v2\/media\/677149"}],"wp:attachment":[{"href":"https:\/\/streetmarkets.fr\/app\/wp-json\/wp\/v2\/media?parent=677148"}],"wp:term":[{"taxonomy":"product_brand","embeddable":true,"href":"https:\/\/streetmarkets.fr\/app\/wp-json\/wp\/v2\/product_brand?post=677148"},{"taxonomy":"product_cat","embeddable":true,"href":"https:\/\/streetmarkets.fr\/app\/wp-json\/wp\/v2\/product_cat?post=677148"},{"taxonomy":"product_tag","embeddable":true,"href":"https:\/\/streetmarkets.fr\/app\/wp-json\/wp\/v2\/product_tag?post=677148"}],"curies":[{"name":"wp","href":"https:\/\/api.w.org\/{rel}","templated":true}]}}