{"id":677127,"date":"2024-10-13T19:13:23","date_gmt":"2024-10-13T17:13:23","guid":{"rendered":"https:\/\/streetmarkets.fr\/app\/produit\/sac-de-plage-tresse-madam-stoltz-jaune\/"},"modified":"2026-05-11T01:49:45","modified_gmt":"2026-05-10T23:49:45","slug":"sac-de-plage-tresse-madam-stoltz-jaune","status":"publish","type":"product","link":"https:\/\/streetmarkets.fr\/app\/produit\/sac-de-plage-tresse-madam-stoltz-jaune\/","title":{"rendered":"Sac de plage tress\u00e9 Madam Stoltz &#8211; Jaune"},"content":{"rendered":"<div style=\"text-align: left\" class=\"prdescription\" data-mce-style=\"text-align: left;\">\n<div style=\"text-align: left\" class=\"prdescription\" data-mce-style=\"text-align: left;\">\n<div class=\"prdescription\">\n<div class=\"prdescription\">\n<p><span>Dans une d\u00e9marche de commerce \u00e9quitable, les collections Madam Stoltz sont r\u00e9alis\u00e9es en Inde aupr\u00e8s d&#8217;artisans. Madam Stoltz m\u00e9lange le minimalisme scandinave avec la tradition rustique, po\u00e9tique du monde hindou.<\/span><\/p>\n<p><span>Ce sac de plage tress\u00e9 est parfait pour emporter toutes vos petites affaires pour une vir\u00e9e \u00e0 la plage, pour un pique nique en plein air ou bien tout simplement pour faire vos courses. R\u00e9sistant, il a \u00e9t\u00e9 fabriqu\u00e9 \u00e0 partir d&#8217;herbe de mer et de corde pour durer le plus longtemps possible.\u00a0<\/span><\/p>\n<p>   <strong>Caract\u00e9ristiques\u00a0<\/strong><\/p>\n<div class=\"prdescription\">\n<div class=\"prdescription\" data-mce-fragment=\"1\">Composition :\u00a0Herbe de mer, corde\u00a0<br \/>Dimensions : 35 x 23 cm\u00a0<\/div>\n<div class=\"prdescription\" data-mce-fragment=\"1\">\n<div class=\"prdescription\"><\/div>\n<\/div>\n<p>\n<\/div>\n<\/div>\n<\/div>\n<\/div>\n<\/div>\n<div style=\"text-align: left\" data-mce-style=\"text-align: left;\">\n<ul><\/ul>\n<ul><\/ul>\n<p>\n<\/div>\n<p><!--\ntd {border: 1px solid #ccc;}br {mso-data-placement:same-cell;}\n--><\/p>\n","protected":false},"excerpt":{"rendered":"<p>Dans une d\u00e9marche de commerce \u00e9quitable, les collections Madam Stoltz sont r\u00e9alis\u00e9es en Inde aupr\u00e8s d&#8217;artisans. Madam Stoltz m\u00e9lange le minimalisme scandinave avec la tradition rustique, po\u00e9tique du monde hindou. Ce sac de plage tress\u00e9 est parfait pour emporter toutes vos petites affaires pour une vir\u00e9e \u00e0 la plage, pour un pique nique en plein [&hellip;]<\/p>\n","protected":false},"featured_media":677128,"comment_status":"open","ping_status":"closed","template":"","meta":[],"product_brand":[],"product_cat":[1756,1764],"product_tag":[2244],"acf":[],"_links":{"self":[{"href":"https:\/\/streetmarkets.fr\/app\/wp-json\/wp\/v2\/product\/677127"}],"collection":[{"href":"https:\/\/streetmarkets.fr\/app\/wp-json\/wp\/v2\/product"}],"about":[{"href":"https:\/\/streetmarkets.fr\/app\/wp-json\/wp\/v2\/types\/product"}],"replies":[{"embeddable":true,"href":"https:\/\/streetmarkets.fr\/app\/wp-json\/wp\/v2\/comments?post=677127"}],"wp:featuredmedia":[{"embeddable":true,"href":"https:\/\/streetmarkets.fr\/app\/wp-json\/wp\/v2\/media\/677128"}],"wp:attachment":[{"href":"https:\/\/streetmarkets.fr\/app\/wp-json\/wp\/v2\/media?parent=677127"}],"wp:term":[{"taxonomy":"product_brand","embeddable":true,"href":"https:\/\/streetmarkets.fr\/app\/wp-json\/wp\/v2\/product_brand?post=677127"},{"taxonomy":"product_cat","embeddable":true,"href":"https:\/\/streetmarkets.fr\/app\/wp-json\/wp\/v2\/product_cat?post=677127"},{"taxonomy":"product_tag","embeddable":true,"href":"https:\/\/streetmarkets.fr\/app\/wp-json\/wp\/v2\/product_tag?post=677127"}],"curies":[{"name":"wp","href":"https:\/\/api.w.org\/{rel}","templated":true}]}}