{"id":677026,"date":"2024-10-13T19:13:06","date_gmt":"2024-10-13T17:13:06","guid":{"rendered":"https:\/\/streetmarkets.fr\/app\/produit\/bracelet-luce\/"},"modified":"2026-05-11T01:49:44","modified_gmt":"2026-05-10T23:49:44","slug":"bracelet-luce","status":"publish","type":"product","link":"https:\/\/streetmarkets.fr\/app\/produit\/bracelet-luce\/","title":{"rendered":"Bracelet Luce"},"content":{"rendered":"<p><span>Le bracelet\u00a0Luce est en plaqu\u00e9 or 3 microns\u00a0est fin et \u00e9l\u00e9gant avec un motif rappelant un noeud plat.\u00a0<\/span><\/p>\n<pre dir=\"ltr\" data-placeholder=\"Traduction\" class=\"tw-data-text tw-text-large XcVN5d tw-ta\"><span lang=\"fr\"><\/span><\/pre>\n<p><span>Tous les bijoux Waekura\u00a0r\u00e9sistent \u00e0 l&#8217;eau, au temps, et ne noircissent pas.\u00a0<\/span>Tant dans le style que dans la qualit\u00e9, la marque fait tout pour imaginer et cr\u00e9er ce que vous souhaitez porter\u00a0<span>chaque jour.\u00a0<\/span><\/p>\n<p><strong>Caract\u00e9ristiques<\/strong>\u00a0<br \/>Bracelet plaqu\u00e9 or\u00a03 microns\u00a0<br \/>Garantie d&#8217;un an et r\u00e9sistant \u00e0 l&#8217;eau <br \/>Aucun risque d&#8217;allergie (sans nickel, sans plomb)<br \/>Longueur : 15 cm + rallonge de 3 cm\u00a0<\/p>\n<p><strong>Ce mod\u00e8le vous pla\u00eet mais n&#8217;est plus disponible ? Contactez-nous \u00e0 bonjour@nadyut.com pour le pr\u00e9commander ! Vous le recevrez entre 1 et 2 semaines.<\/strong><\/p>\n","protected":false},"excerpt":{"rendered":"<p>Le bracelet\u00a0Luce est en plaqu\u00e9 or 3 microns\u00a0est fin et \u00e9l\u00e9gant avec un motif rappelant un noeud plat.\u00a0 Tous les bijoux Waekura\u00a0r\u00e9sistent \u00e0 l&#8217;eau, au temps, et ne noircissent pas.\u00a0Tant dans le style que dans la qualit\u00e9, la marque fait tout pour imaginer et cr\u00e9er ce que vous souhaitez porter\u00a0chaque jour.\u00a0 Caract\u00e9ristiques\u00a0Bracelet plaqu\u00e9 or\u00a03 microns\u00a0Garantie [&hellip;]<\/p>\n","protected":false},"featured_media":677027,"comment_status":"open","ping_status":"closed","template":"","meta":[],"product_brand":[],"product_cat":[1807,1756],"product_tag":[2244],"acf":[],"_links":{"self":[{"href":"https:\/\/streetmarkets.fr\/app\/wp-json\/wp\/v2\/product\/677026"}],"collection":[{"href":"https:\/\/streetmarkets.fr\/app\/wp-json\/wp\/v2\/product"}],"about":[{"href":"https:\/\/streetmarkets.fr\/app\/wp-json\/wp\/v2\/types\/product"}],"replies":[{"embeddable":true,"href":"https:\/\/streetmarkets.fr\/app\/wp-json\/wp\/v2\/comments?post=677026"}],"wp:featuredmedia":[{"embeddable":true,"href":"https:\/\/streetmarkets.fr\/app\/wp-json\/wp\/v2\/media\/677027"}],"wp:attachment":[{"href":"https:\/\/streetmarkets.fr\/app\/wp-json\/wp\/v2\/media?parent=677026"}],"wp:term":[{"taxonomy":"product_brand","embeddable":true,"href":"https:\/\/streetmarkets.fr\/app\/wp-json\/wp\/v2\/product_brand?post=677026"},{"taxonomy":"product_cat","embeddable":true,"href":"https:\/\/streetmarkets.fr\/app\/wp-json\/wp\/v2\/product_cat?post=677026"},{"taxonomy":"product_tag","embeddable":true,"href":"https:\/\/streetmarkets.fr\/app\/wp-json\/wp\/v2\/product_tag?post=677026"}],"curies":[{"name":"wp","href":"https:\/\/api.w.org\/{rel}","templated":true}]}}