{"id":676893,"date":"2024-10-13T19:13:02","date_gmt":"2024-10-13T17:13:02","guid":{"rendered":"https:\/\/streetmarkets.fr\/app\/produit\/pins-bows\/"},"modified":"2026-04-25T01:49:40","modified_gmt":"2026-04-24T23:49:40","slug":"pins-bows","status":"publish","type":"product","link":"https:\/\/streetmarkets.fr\/app\/produit\/pins-bows\/","title":{"rendered":"Pin&#8217;s &#8211; Bows"},"content":{"rendered":"<p><span style=\"font-size: 0.875rem\">Apportez une touche de fantaisie \u00e0 votre tenue avec ces pin&#8217;s Bows, une cr\u00e9ation pleine de charme qui apporte une touche de relaxation \u00e0 vos tenues.<\/span><\/p>\n<div class=\"prdescription\" style=\"text-align: left\">\n<div class=\"prdescription\">\n<div class=\"prdescription\">\n<p><span>Parfait pour ajouter une note d&#8217;originalit\u00e9 \u00e0 vos accessoires avec ce pin&#8217;s unique.<\/span><\/p>\n<\/div>\n<\/div>\n<\/div>\n","protected":false},"excerpt":{"rendered":"<p>Apportez une touche de fantaisie \u00e0 votre tenue avec ces pin&#8217;s Bows, une cr\u00e9ation pleine de charme qui apporte une touche de relaxation \u00e0 vos tenues. Parfait pour ajouter une note d&#8217;originalit\u00e9 \u00e0 vos accessoires avec ce pin&#8217;s unique.<\/p>\n","protected":false},"featured_media":676894,"comment_status":"open","ping_status":"closed","template":"","meta":[],"product_brand":[],"product_cat":[1756,1764],"product_tag":[2244],"acf":[],"_links":{"self":[{"href":"https:\/\/streetmarkets.fr\/app\/wp-json\/wp\/v2\/product\/676893"}],"collection":[{"href":"https:\/\/streetmarkets.fr\/app\/wp-json\/wp\/v2\/product"}],"about":[{"href":"https:\/\/streetmarkets.fr\/app\/wp-json\/wp\/v2\/types\/product"}],"replies":[{"embeddable":true,"href":"https:\/\/streetmarkets.fr\/app\/wp-json\/wp\/v2\/comments?post=676893"}],"wp:featuredmedia":[{"embeddable":true,"href":"https:\/\/streetmarkets.fr\/app\/wp-json\/wp\/v2\/media\/676894"}],"wp:attachment":[{"href":"https:\/\/streetmarkets.fr\/app\/wp-json\/wp\/v2\/media?parent=676893"}],"wp:term":[{"taxonomy":"product_brand","embeddable":true,"href":"https:\/\/streetmarkets.fr\/app\/wp-json\/wp\/v2\/product_brand?post=676893"},{"taxonomy":"product_cat","embeddable":true,"href":"https:\/\/streetmarkets.fr\/app\/wp-json\/wp\/v2\/product_cat?post=676893"},{"taxonomy":"product_tag","embeddable":true,"href":"https:\/\/streetmarkets.fr\/app\/wp-json\/wp\/v2\/product_tag?post=676893"}],"curies":[{"name":"wp","href":"https:\/\/api.w.org\/{rel}","templated":true}]}}