{"id":676710,"date":"2024-10-13T19:12:25","date_gmt":"2024-10-13T17:12:25","guid":{"rendered":"https:\/\/streetmarkets.fr\/app\/produit\/babouche-marocaine-bleu-poudre\/"},"modified":"2026-05-09T01:49:42","modified_gmt":"2026-05-08T23:49:42","slug":"babouche-marocaine-bleu-poudre","status":"publish","type":"product","link":"https:\/\/streetmarkets.fr\/app\/produit\/babouche-marocaine-bleu-poudre\/","title":{"rendered":"Babouche Marocaine &#8211; Bleu Poudre"},"content":{"rendered":"<p><span>Les chaussons Babouche en cuir bleu poudr\u00e9 sont une version moderne d&#8217;un design traditionnel. Ces pantoufles en cuir sont fabriqu\u00e9es \u00e0 la main par des artisans maroquiniers au Maroc.<\/span><\/p>\n<p><span>Chaque paire refl\u00e8te un engagement envers la tradition tout en embrassant le confort et l&#8217;esth\u00e9tique contemporaine. C&#8217;est un choix id\u00e9al pour quiconque cherche \u00e0 offrir un cadeau \u00e0 la fois chic et authentique.<\/span><\/p>\n<div class=\"flex-1 overflow-hidden\">\n<div class=\"react-scroll-to-bottom--css-phvgr-79elbk h-full\">\n<div class=\"react-scroll-to-bottom--css-phvgr-1n7m0yu\">\n<div class=\"flex flex-col text-sm pb-9\">\n<div class=\"w-full text-token-text-primary\" dir=\"auto\" data-testid=\"conversation-turn-33\">\n<div class=\"px-4 py-2 justify-center text-base md:gap-6 m-auto\">\n<div class=\"flex flex-1 text-base mx-auto gap-3 juice:gap-4 juice:md:gap-6 md:px-5 lg:px-1 xl:px-5 md:max-w-3xl lg:max-w-[40rem] xl:max-w-[48rem]\">\n<div class=\"relative flex w-full flex-col agent-turn\">\n<div class=\"flex-col gap-1 md:gap-3\">\n<div class=\"flex flex-grow flex-col max-w-full\">\n<div data-message-author-role=\"assistant\" data-message-id=\"a1032f64-bdb6-417c-bd93-1fa3f1e337a3\" dir=\"auto\" class=\"min-h-[20px] text-message flex flex-col items-start gap-3 whitespace-pre-wrap break-words [.text-message+&amp;]:mt-5 overflow-x-auto\">\n<div class=\"markdown prose w-full break-words dark:prose-invert light\">\n<p>Elles constituent un cadeau \u00e9l\u00e9gant pour des occasions telles que les anniversaires, la Saint-Valentin ou la f\u00eate des M\u00e8res, parfait pour ceux qui appr\u00e9cient la slow fashion et le savoir-faire artisanal.<\/p>\n<\/div>\n<\/div>\n<\/div>\n<\/div>\n<\/div>\n<\/div>\n<\/div>\n<\/div>\n<\/div>\n<\/div>\n<\/div>\n<\/div>\n<p><span>Cr\u00e9ez votre propre collection de babouches parmi notre large gamme de couleurs et de styles pour vos clients ce printemps et cet \u00e9t\u00e9.<\/span><\/p>\n","protected":false},"excerpt":{"rendered":"<p>Les chaussons Babouche en cuir bleu poudr\u00e9 sont une version moderne d&#8217;un design traditionnel. Ces pantoufles en cuir sont fabriqu\u00e9es \u00e0 la main par des artisans maroquiniers au Maroc. Chaque paire refl\u00e8te un engagement envers la tradition tout en embrassant le confort et l&#8217;esth\u00e9tique contemporaine. C&#8217;est un choix id\u00e9al pour quiconque cherche \u00e0 offrir un [&hellip;]<\/p>\n","protected":false},"featured_media":676711,"comment_status":"open","ping_status":"closed","template":"","meta":[],"product_brand":[],"product_cat":[1756,1763],"product_tag":[2244],"acf":[],"_links":{"self":[{"href":"https:\/\/streetmarkets.fr\/app\/wp-json\/wp\/v2\/product\/676710"}],"collection":[{"href":"https:\/\/streetmarkets.fr\/app\/wp-json\/wp\/v2\/product"}],"about":[{"href":"https:\/\/streetmarkets.fr\/app\/wp-json\/wp\/v2\/types\/product"}],"replies":[{"embeddable":true,"href":"https:\/\/streetmarkets.fr\/app\/wp-json\/wp\/v2\/comments?post=676710"}],"wp:featuredmedia":[{"embeddable":true,"href":"https:\/\/streetmarkets.fr\/app\/wp-json\/wp\/v2\/media\/676711"}],"wp:attachment":[{"href":"https:\/\/streetmarkets.fr\/app\/wp-json\/wp\/v2\/media?parent=676710"}],"wp:term":[{"taxonomy":"product_brand","embeddable":true,"href":"https:\/\/streetmarkets.fr\/app\/wp-json\/wp\/v2\/product_brand?post=676710"},{"taxonomy":"product_cat","embeddable":true,"href":"https:\/\/streetmarkets.fr\/app\/wp-json\/wp\/v2\/product_cat?post=676710"},{"taxonomy":"product_tag","embeddable":true,"href":"https:\/\/streetmarkets.fr\/app\/wp-json\/wp\/v2\/product_tag?post=676710"}],"curies":[{"name":"wp","href":"https:\/\/api.w.org\/{rel}","templated":true}]}}