{"id":676307,"date":"2024-10-13T19:11:43","date_gmt":"2024-10-13T17:11:43","guid":{"rendered":"https:\/\/streetmarkets.fr\/app\/produit\/cartable-blossom-safran\/"},"modified":"2026-05-04T01:49:43","modified_gmt":"2026-05-03T23:49:43","slug":"cartable-blossom-safran","status":"publish","type":"product","link":"https:\/\/streetmarkets.fr\/app\/produit\/cartable-blossom-safran\/","title":{"rendered":"Cartable &#8211; Blossom safran"},"content":{"rendered":"<p>\u00a0<\/p>\n<div style=\"text-align: left\" class=\"prdescription\">\n<div style=\"text-align: left\" class=\"prdescription\">\n<div class=\"prdescription\">\n<div class=\"prdescription\">\n<p class=\"sous-titre\">Gabrielle Paris a pour ambition de proposer des produits de d\u00e9coration de grande qualit\u00e9 pour r\u00e9pondre aux exigences des familles d\u2019aujourd\u2019hui et de demain qui veulent vivre leur int\u00e9rieur en beaut\u00e9 et sans contraintes.<\/p>\n<p>Ajoutez une\u00a0touche de couleur\u00a0\u00e0 vos\u00a0tenues\u00a0avec\u00a0le\u00a0cartable\u00a0blossom\u00a0safran de Gabrielle Paris. \u00c9l\u00e9gant et color\u00e9, il sera parfait sur vous et m\u00eame sur vos\u00a0bouts de chou pour contenir des livres, des v\u00eatements ou bien des jouets.\u00a0<\/p>\n<\/div>\n<\/div>\n<\/div>\n<\/div>\n<div style=\"text-align: left\" class=\"prdescription\">\n<div class=\"prdescription\">\n<div class=\"prdescription\"><strong>Caract\u00e9ristiques\u00a0<\/strong><\/div>\n<div class=\"prdescription\">100% coton<br \/>Dimensions :\u00a0 <span>\u00a0<\/span><span data-mce-fragment=\"1\">35 x 24 x 9 cm<\/span>\n<\/div>\n<div class=\"prdescription\"><span data-mce-fragment=\"1\">Bretelles ajustables<\/span><\/div>\n<div class=\"prdescription\"><span data-mce-fragment=\"1\">Fermeture clip m\u00e9tallique\u00a0<\/span><\/div>\n<\/div>\n<\/div>\n<div style=\"text-align: left\"><\/div>\n","protected":false},"excerpt":{"rendered":"<p>\u00a0 Gabrielle Paris a pour ambition de proposer des produits de d\u00e9coration de grande qualit\u00e9 pour r\u00e9pondre aux exigences des familles d\u2019aujourd\u2019hui et de demain qui veulent vivre leur int\u00e9rieur en beaut\u00e9 et sans contraintes. Ajoutez une\u00a0touche de couleur\u00a0\u00e0 vos\u00a0tenues\u00a0avec\u00a0le\u00a0cartable\u00a0blossom\u00a0safran de Gabrielle Paris. \u00c9l\u00e9gant et color\u00e9, il sera parfait sur vous et m\u00eame sur vos\u00a0bouts [&hellip;]<\/p>\n","protected":false},"featured_media":676308,"comment_status":"open","ping_status":"closed","template":"","meta":[],"product_brand":[],"product_cat":[1756,1764],"product_tag":[2244],"acf":[],"_links":{"self":[{"href":"https:\/\/streetmarkets.fr\/app\/wp-json\/wp\/v2\/product\/676307"}],"collection":[{"href":"https:\/\/streetmarkets.fr\/app\/wp-json\/wp\/v2\/product"}],"about":[{"href":"https:\/\/streetmarkets.fr\/app\/wp-json\/wp\/v2\/types\/product"}],"replies":[{"embeddable":true,"href":"https:\/\/streetmarkets.fr\/app\/wp-json\/wp\/v2\/comments?post=676307"}],"wp:featuredmedia":[{"embeddable":true,"href":"https:\/\/streetmarkets.fr\/app\/wp-json\/wp\/v2\/media\/676308"}],"wp:attachment":[{"href":"https:\/\/streetmarkets.fr\/app\/wp-json\/wp\/v2\/media?parent=676307"}],"wp:term":[{"taxonomy":"product_brand","embeddable":true,"href":"https:\/\/streetmarkets.fr\/app\/wp-json\/wp\/v2\/product_brand?post=676307"},{"taxonomy":"product_cat","embeddable":true,"href":"https:\/\/streetmarkets.fr\/app\/wp-json\/wp\/v2\/product_cat?post=676307"},{"taxonomy":"product_tag","embeddable":true,"href":"https:\/\/streetmarkets.fr\/app\/wp-json\/wp\/v2\/product_tag?post=676307"}],"curies":[{"name":"wp","href":"https:\/\/api.w.org\/{rel}","templated":true}]}}