{"id":672285,"date":"2024-10-13T18:46:43","date_gmt":"2024-10-13T16:46:43","guid":{"rendered":"https:\/\/streetmarkets.fr\/app\/produit\/tasse-polona-polona-audrey\/"},"modified":"2024-10-13T18:46:55","modified_gmt":"2024-10-13T16:46:55","slug":"tasse-polona-polona-audrey","status":"publish","type":"product","link":"https:\/\/streetmarkets.fr\/app\/produit\/tasse-polona-polona-audrey\/","title":{"rendered":"Tasse Polona Polona Audrey"},"content":{"rendered":"<p>L\u2019artiste slov\u00e8ne Polona rend hommage \u00e0 Audrey, l\u2019ic\u00f4ne de Hollywood. Offrez-lui un caf\u00e9 original avec l\u2019actrice pour un remake du diamant sur canap\u00e9.<\/p>\n<h3>L\u2019ic\u00f4ne Audrey fait son cin\u00e9ma en mode porcelaine<\/h3>\n<p>La cr\u00e9atrice slov\u00e8ne Polona Pacnik rend hommage \u00e0 Audrey, la splendide. L\u2019actrice qui Adore siroter du caf\u00e9 et grignoter des croissants, tout en regardant des parures assorties et des chaussures faites pour les femmes sensuelles. On appr\u00e9cie ses grandes lunettes de soleil qui apporteront son c\u00f4t\u00e9 glamour au petit matin en d\u00e9gustant un bon caf\u00e9.<\/p>\n<h3>Tout Savoir sur la Tasse Audrey, la splendide<\/h3>\n<p>D\u00e9couvrez notre Audrey, l\u2019ic\u00f4ne du cin\u00e9ma, en mode tasse \u00e0 caf\u00e9. Fabriqu\u00e9e en porcelaine de chine et finie \u00e0 la main, cette tasse est obtenue par un processus de double cuisson \u00e0 1400\u00b0C, puis elle est ensuite d\u00e9cor\u00e9e \u00e0 l\u2019effigie de la c\u00e9l\u00e8bre actrice des \u00ab Vacances Romaines \u00bb. Une tasse made in Europe qui rappelle que cette \u00ab Dr\u00f4le de Frimousse \u00bb, m\u00eame dans le caf\u00e9, est toujours aussi sensuelle avec son packaging insolite.<\/p>\n","protected":false},"excerpt":{"rendered":"<p>L\u2019artiste slov\u00e8ne Polona rend hommage \u00e0 Audrey, l\u2019ic\u00f4ne de Hollywood. Offrez-lui un caf\u00e9 original avec l\u2019actrice pour un remake du diamant sur canap\u00e9. L\u2019ic\u00f4ne Audrey fait son cin\u00e9ma en mode porcelaine La cr\u00e9atrice slov\u00e8ne Polona Pacnik rend hommage \u00e0 Audrey, la splendide. L\u2019actrice qui Adore siroter du caf\u00e9 et grignoter des croissants, tout en regardant [&hellip;]<\/p>\n","protected":false},"featured_media":672286,"comment_status":"open","ping_status":"closed","template":"","meta":[],"product_brand":[],"product_cat":[1756,1764],"product_tag":[],"acf":[],"_links":{"self":[{"href":"https:\/\/streetmarkets.fr\/app\/wp-json\/wp\/v2\/product\/672285"}],"collection":[{"href":"https:\/\/streetmarkets.fr\/app\/wp-json\/wp\/v2\/product"}],"about":[{"href":"https:\/\/streetmarkets.fr\/app\/wp-json\/wp\/v2\/types\/product"}],"replies":[{"embeddable":true,"href":"https:\/\/streetmarkets.fr\/app\/wp-json\/wp\/v2\/comments?post=672285"}],"wp:featuredmedia":[{"embeddable":true,"href":"https:\/\/streetmarkets.fr\/app\/wp-json\/wp\/v2\/media\/672286"}],"wp:attachment":[{"href":"https:\/\/streetmarkets.fr\/app\/wp-json\/wp\/v2\/media?parent=672285"}],"wp:term":[{"taxonomy":"product_brand","embeddable":true,"href":"https:\/\/streetmarkets.fr\/app\/wp-json\/wp\/v2\/product_brand?post=672285"},{"taxonomy":"product_cat","embeddable":true,"href":"https:\/\/streetmarkets.fr\/app\/wp-json\/wp\/v2\/product_cat?post=672285"},{"taxonomy":"product_tag","embeddable":true,"href":"https:\/\/streetmarkets.fr\/app\/wp-json\/wp\/v2\/product_tag?post=672285"}],"curies":[{"name":"wp","href":"https:\/\/api.w.org\/{rel}","templated":true}]}}