{"id":672277,"date":"2024-10-13T18:46:42","date_gmt":"2024-10-13T16:46:42","guid":{"rendered":"https:\/\/streetmarkets.fr\/app\/produit\/montmartre-n2-slim-version-noir-cadeau-t-shirt-femme-de-paris\/"},"modified":"2024-10-13T18:46:55","modified_gmt":"2024-10-13T16:46:55","slug":"montmartre-n2-slim-version-noir-cadeau-t-shirt-femme-de-paris","status":"publish","type":"product","link":"https:\/\/streetmarkets.fr\/app\/produit\/montmartre-n2-slim-version-noir-cadeau-t-shirt-femme-de-paris\/","title":{"rendered":"Montmartre N\u00b02 slim version Noir | Cadeau T-Shirt Femme de Paris"},"content":{"rendered":"<p>Offrez un T-shirt de Montmartre in\u00e9dit pour elle, avec Paris en noir. Un cadeau pour les femmes qui aiment les cols V et le Slim !<\/p>\n<h2>Le T-Shirt Bio\u00a0Noir pour un cadeau femme de Montmartre<\/h2>\n<h3>Montmartre N\u00b02 slim Noir, Offrez-lui un T-Shirt \u00e9dit\u00e9 en 50 ex<\/h3>\n<p>You &amp; Me Paris et la marque Kapitals s\u2019associent pour une id\u00e9e folle\u00a0: Lancer une \u00e9dition de T-shirt homme et femme \u00e9dit\u00e9e \u00e0 seulement 50 exemplaires toutes tailles, tous cols et toutes couleurs confondues. Le concept est simple \u00e0 chaque \u00e9dition, quelque chose change\u00a0: un nom, une couleur du lettrage .. Seul Montmartre reste\u00a0! Ainsi pour sa seconde \u00e9dition, retrouvez la ville de paris en noir pour un t-shirt femme unique !\u00a0<\/p>\n<h3>Montmartre N\u00b02 slim Paris Noir, T-shirt col V \u00a0bio pour Femme<\/h3>\n<p>Montmartre N\u00b0 2 slim est un T-shirt en version col V et coton BIO. Retrouvez Tokyo, New-York, Sydney, Montmartre et Paris en couleurs Noir. <br \/>\u00a0<br \/>\u00a0\u00a0\u00a0\u00a0\u00a0\u00a0\u00a0\u00a0 \u2022\u00a0\u00a0\u00a0\u00a0\u00a0\u00a0\u00a0 100% coton BIO*<br \/>\u00a0\u00a0\u00a0\u00a0\u00a0\u00a0\u00a0\u00a0 \u2022\u00a0\u00a0\u00a0\u00a0\u00a0\u00a0\u00a0 Gris chin\u00e9 : 70% coton bio \/ 30% viscose<br \/>\u00a0\u00a0\u00a0\u00a0\u00a0\u00a0\u00a0\u00a0 \u2022\u00a0\u00a0\u00a0\u00a0\u00a0\u00a0\u00a0 Col en bord-c\u00f4te 2 slim avec \u00e9lasthanne<br \/>\u00a0\u00a0\u00a0\u00a0\u00a0\u00a0\u00a0\u00a0 \u2022\u00a0\u00a0\u00a0\u00a0\u00a0\u00a0\u00a0 Coupe ajust\u00e9e mode<br \/>\u00a0\u00a0\u00a0\u00a0\u00a0\u00a0\u00a0\u00a0 \u2022\u00a0\u00a0\u00a0\u00a0\u00a0\u00a0\u00a0 Bande de propret\u00e9 ton sur ton \u00e0 l\u2019encolure<\/p>\n<p><a href=\"\/brand\/69-you-me-paris\"> <img decoding=\"async\" src=\"\/img\/cms\/00%20all%20site\/Brand%20Marque\/you%20&amp;%20Me%20paris\/you_and_me_paris_france.png\" alt=\"\" \/><\/a> You &amp; Me Paris | La s\u00e9l\u00e9ction en 1 clic<\/p>\n<h2>Montmartre N\u00b02 slim Noir | Le cadeau Femme de Paris<\/h2>\n<p>Situ\u00e9 dans rue des Martyrs, au c\u0153ur de Montmartre, You &amp; Me Paris c\u2019est le concept store avant-gardiste autour du plaisir de vivre. Une boutique cadeau qui s\u00e9lectionne des id\u00e9es \u00e0 offrir pour femmes et pour femmes amoureux de mode et de design. Le T-shirt col V Montmartre N\u00b02 slim en noir est aujourd\u2019hui un best, car plus qu\u2019une boutique, You &amp; Me Paris est un \u00e9tat d\u2019esprit pour rendre son cadeau unique !<\/p>\n<h2>Montmartre N\u00b02 slim avec Paris en noir, le T-shirt femme \u00e0 offrir !<\/h2>\n<p>Voil\u00e0 une super id\u00e9e cadeau et surtout unique. Avec son col V et paris en noir, You &amp; Me et Kapitals lancent un super concept car il sera difficile de trouver le m\u00eame dans le monde. 50 exemplaires toutes tailles, tous cols et toutes couleurs confondues, et pas plus. \u00c7a c\u2019est unique !<\/p>\n<p>La Note:<\/p>\n<p><strong>4,5\/5<\/strong><\/p>\n","protected":false},"excerpt":{"rendered":"<p>Offrez un T-shirt de Montmartre in\u00e9dit pour elle, avec Paris en noir. Un cadeau pour les femmes qui aiment les cols V et le Slim ! Le T-Shirt Bio\u00a0Noir pour un cadeau femme de Montmartre Montmartre N\u00b02 slim Noir, Offrez-lui un T-Shirt \u00e9dit\u00e9 en 50 ex You &amp; Me Paris et la marque Kapitals s\u2019associent [&hellip;]<\/p>\n","protected":false},"featured_media":672278,"comment_status":"open","ping_status":"closed","template":"","meta":[],"product_brand":[],"product_cat":[1756,1758],"product_tag":[],"acf":[],"_links":{"self":[{"href":"https:\/\/streetmarkets.fr\/app\/wp-json\/wp\/v2\/product\/672277"}],"collection":[{"href":"https:\/\/streetmarkets.fr\/app\/wp-json\/wp\/v2\/product"}],"about":[{"href":"https:\/\/streetmarkets.fr\/app\/wp-json\/wp\/v2\/types\/product"}],"replies":[{"embeddable":true,"href":"https:\/\/streetmarkets.fr\/app\/wp-json\/wp\/v2\/comments?post=672277"}],"wp:featuredmedia":[{"embeddable":true,"href":"https:\/\/streetmarkets.fr\/app\/wp-json\/wp\/v2\/media\/672278"}],"wp:attachment":[{"href":"https:\/\/streetmarkets.fr\/app\/wp-json\/wp\/v2\/media?parent=672277"}],"wp:term":[{"taxonomy":"product_brand","embeddable":true,"href":"https:\/\/streetmarkets.fr\/app\/wp-json\/wp\/v2\/product_brand?post=672277"},{"taxonomy":"product_cat","embeddable":true,"href":"https:\/\/streetmarkets.fr\/app\/wp-json\/wp\/v2\/product_cat?post=672277"},{"taxonomy":"product_tag","embeddable":true,"href":"https:\/\/streetmarkets.fr\/app\/wp-json\/wp\/v2\/product_tag?post=672277"}],"curies":[{"name":"wp","href":"https:\/\/api.w.org\/{rel}","templated":true}]}}