{"id":672113,"date":"2024-10-13T18:46:39","date_gmt":"2024-10-13T16:46:39","guid":{"rendered":"https:\/\/streetmarkets.fr\/app\/produit\/sac-a-main-hindbag-margault\/"},"modified":"2024-10-14T01:45:57","modified_gmt":"2024-10-13T23:45:57","slug":"sac-a-main-hindbag-margault","status":"publish","type":"product","link":"https:\/\/streetmarkets.fr\/app\/produit\/sac-a-main-hindbag-margault\/","title":{"rendered":"Sac \u00e0 Main Hindbag Margault"},"content":{"rendered":"<p>Margault, c\u2019est le sac \u00e0 main en coton bio de Hindbag. La marque \u00e9cologique de femmes qui aiment la mode color\u00e9e.<\/p>\n<h3>Chic et color\u00e9, Margault c\u2019est tendance !<\/h3>\n<p>Margault, c\u2019est le sac \u00e0 main rectangulaire, tendance et chic de Hindbag. On peut le porter \u00e0 la main ou en besace eti ainsi, donner un style color\u00e9 \u00e0 son look. Avec des poches avant et arri\u00e8re- super pratiques, la texture matelass\u00e9e de Margault donne une \u00e9l\u00e9gance \u00e0 la femme \u00e9t\u00e9 comme hivers. La marque Fran\u00e7aise \u00e9thique et solidaire d\u2019accessoires qui sont fabriqu\u00e9s par une ONG indienne, SSMI, qui \u0153uvre \u00e0 l\u2019\u00e9mancipation des femmes et l\u2019\u00e9ducation des enfants. Pensez \u00e9coresponsable !<\/p>\n<h3>Tout savoir Le sac \u00e0 main Margault de Hindbag<\/h3>\n<p>Coton bio \u00e9pais 500g \/ m2 labellis\u00e9 GOTS, super r\u00e9sistant<br \/>Texture Matelass\u00e9e qui donne du volume <br \/>Grande poche avant ferm\u00e9e par un boutin aimant\u00e9<br \/>Poche arri\u00e8re plaqu\u00e9 et zipp\u00e9e pour les clefs et papier<br \/>Dimensions : L 17 cm &#8211; H 23 cm \u2013 P 5 cm<br \/>Bandouli\u00e8re ajustable pour tous les d\u00e9placements<br \/>On le porte \u00e0 la main ou en besaceDessin\u00e9 en France et fabriqu\u00e9 par une ONG indienne, SSMI, qui \u0153uvre \u00e0 l&#8217;\u00e9mancipation des femmes et l&#8217;\u00e9ducation des enfants en Inde.<\/p>\n","protected":false},"excerpt":{"rendered":"<p>Margault, c\u2019est le sac \u00e0 main en coton bio de Hindbag. La marque \u00e9cologique de femmes qui aiment la mode color\u00e9e. Chic et color\u00e9, Margault c\u2019est tendance ! Margault, c\u2019est le sac \u00e0 main rectangulaire, tendance et chic de Hindbag. On peut le porter \u00e0 la main ou en besace eti ainsi, donner un style [&hellip;]<\/p>\n","protected":false},"featured_media":672114,"comment_status":"open","ping_status":"closed","template":"","meta":[],"product_brand":[],"product_cat":[1756,1764],"product_tag":[1810],"acf":[],"_links":{"self":[{"href":"https:\/\/streetmarkets.fr\/app\/wp-json\/wp\/v2\/product\/672113"}],"collection":[{"href":"https:\/\/streetmarkets.fr\/app\/wp-json\/wp\/v2\/product"}],"about":[{"href":"https:\/\/streetmarkets.fr\/app\/wp-json\/wp\/v2\/types\/product"}],"replies":[{"embeddable":true,"href":"https:\/\/streetmarkets.fr\/app\/wp-json\/wp\/v2\/comments?post=672113"}],"wp:featuredmedia":[{"embeddable":true,"href":"https:\/\/streetmarkets.fr\/app\/wp-json\/wp\/v2\/media\/672114"}],"wp:attachment":[{"href":"https:\/\/streetmarkets.fr\/app\/wp-json\/wp\/v2\/media?parent=672113"}],"wp:term":[{"taxonomy":"product_brand","embeddable":true,"href":"https:\/\/streetmarkets.fr\/app\/wp-json\/wp\/v2\/product_brand?post=672113"},{"taxonomy":"product_cat","embeddable":true,"href":"https:\/\/streetmarkets.fr\/app\/wp-json\/wp\/v2\/product_cat?post=672113"},{"taxonomy":"product_tag","embeddable":true,"href":"https:\/\/streetmarkets.fr\/app\/wp-json\/wp\/v2\/product_tag?post=672113"}],"curies":[{"name":"wp","href":"https:\/\/api.w.org\/{rel}","templated":true}]}}