{"id":671920,"date":"2024-10-13T18:46:34","date_gmt":"2024-10-13T16:46:34","guid":{"rendered":"https:\/\/streetmarkets.fr\/app\/produit\/sac-a-dos-lefrik-daily\/"},"modified":"2024-10-14T01:45:56","modified_gmt":"2024-10-13T23:45:56","slug":"sac-a-dos-lefrik-daily","status":"publish","type":"product","link":"https:\/\/streetmarkets.fr\/app\/produit\/sac-a-dos-lefrik-daily\/","title":{"rendered":"Sac \u00e0 dos Lefrik Daily"},"content":{"rendered":"<p>Lefrik c\u2019est la marque des sacs \u00e0 dos urbains et responsables. Daily est fabriqu\u00e9 plastique recycl\u00e9, un mod\u00e8le pour la plan\u00e8te.<\/p>\n<h3>Daily, le sac \u00e0 dos de Lefrik qu\u2019on a en main<\/h3>\n<p>Daily c\u2019est le sac \u00e0 dos \u00e9coresponsable qui vous accompagne toute la journ\u00e9e. Entre fonctionnalit\u00e9 et mode, les nombreux rangements facilitent votre vie au quotidien : double compartiment de rangement interne avec plusieurs poches. Dans le compartiment principal, vous trouverez une pochette rembourr\u00e9e s\u00e9par\u00e9e pour les tablettes et un ordinateur portable jusqu&#8217;\u00e0 15 pouces. Dans le compartiment avant, un organiseur intelligent facilitera le rangement des petits accessoires. Le sac \u00e0 dos Daily est le partenaire id\u00e9al pour les trajets quotidiens.<\/p>\n<h3>Tout savoir sur le sac \u00e0 dos Daily de Lefrik<\/h3>\n<p>Le sac \u00e0 dos Daily est adapt\u00e9 pour le quotidien.<br \/>&#8211; Compartiment de rangement interne double.<br \/>&#8211; Poign\u00e9e sup\u00e9rieure avec un bouton pression.<br \/>&#8211; Petite anse en bas.<br \/>&#8211; Poche avant \u00e0 acc\u00e8s rapide avec fermeture \u00e0 glissi\u00e8re.<br \/>&#8211; Housse rembourr\u00e9e s\u00e9par\u00e9e pour tablettes et ordinateur portable jusqu&#8217;\u00e0 15 &#8220;,<br \/>&#8211; Poign\u00e9e sp\u00e9ciale \u00e0 l&#8217;arri\u00e8re pour attacher votre sac \u00e0 dos \u00e0 votre valise.<br \/>&#8211; Sac \u00e0 dos Daily Eco-Friendly | 100% Recycl\u00e9 et \u00c9coresponsable<\/p>\n","protected":false},"excerpt":{"rendered":"<p>Lefrik c\u2019est la marque des sacs \u00e0 dos urbains et responsables. Daily est fabriqu\u00e9 plastique recycl\u00e9, un mod\u00e8le pour la plan\u00e8te. Daily, le sac \u00e0 dos de Lefrik qu\u2019on a en main Daily c\u2019est le sac \u00e0 dos \u00e9coresponsable qui vous accompagne toute la journ\u00e9e. Entre fonctionnalit\u00e9 et mode, les nombreux rangements facilitent votre vie [&hellip;]<\/p>\n","protected":false},"featured_media":671921,"comment_status":"open","ping_status":"closed","template":"","meta":[],"product_brand":[],"product_cat":[1756,1764],"product_tag":[1810],"acf":[],"_links":{"self":[{"href":"https:\/\/streetmarkets.fr\/app\/wp-json\/wp\/v2\/product\/671920"}],"collection":[{"href":"https:\/\/streetmarkets.fr\/app\/wp-json\/wp\/v2\/product"}],"about":[{"href":"https:\/\/streetmarkets.fr\/app\/wp-json\/wp\/v2\/types\/product"}],"replies":[{"embeddable":true,"href":"https:\/\/streetmarkets.fr\/app\/wp-json\/wp\/v2\/comments?post=671920"}],"wp:featuredmedia":[{"embeddable":true,"href":"https:\/\/streetmarkets.fr\/app\/wp-json\/wp\/v2\/media\/671921"}],"wp:attachment":[{"href":"https:\/\/streetmarkets.fr\/app\/wp-json\/wp\/v2\/media?parent=671920"}],"wp:term":[{"taxonomy":"product_brand","embeddable":true,"href":"https:\/\/streetmarkets.fr\/app\/wp-json\/wp\/v2\/product_brand?post=671920"},{"taxonomy":"product_cat","embeddable":true,"href":"https:\/\/streetmarkets.fr\/app\/wp-json\/wp\/v2\/product_cat?post=671920"},{"taxonomy":"product_tag","embeddable":true,"href":"https:\/\/streetmarkets.fr\/app\/wp-json\/wp\/v2\/product_tag?post=671920"}],"curies":[{"name":"wp","href":"https:\/\/api.w.org\/{rel}","templated":true}]}}