{"id":671552,"date":"2024-10-13T18:46:17","date_gmt":"2024-10-13T16:46:17","guid":{"rendered":"https:\/\/streetmarkets.fr\/app\/produit\/hindbag-andrea-sac-a-main-banane\/"},"modified":"2024-10-14T01:45:45","modified_gmt":"2024-10-13T23:45:45","slug":"hindbag-andrea-sac-a-main-banane","status":"publish","type":"product","link":"https:\/\/streetmarkets.fr\/app\/produit\/hindbag-andrea-sac-a-main-banane\/","title":{"rendered":"Hindbag Andrea &#8211; sac \u00e0 main banane"},"content":{"rendered":"<p>Avec son design unique en forme de demi-lune, Andrea est le sac \u00e0 main parfait pour sortir en mode responsable. D\u00e9j\u00e0 un best-seller de la marque Hindbag<\/p>\n<h3><span style=\"color:#005376\">Entre le sac \u00e0 main et la banane, c\u2019est Andrea<\/span><\/h3>\n<p>Le Hindbag se hisse au sommet de sa popularit\u00e9 gr\u00e2ce \u00e0 ce mod\u00e8le interm\u00e9diaire entre le sac \u00e0 main et la banane. Port\u00e9 en besace, Andrea a un look sympa et tr\u00e8s pratique. Sa large ouverture sur le dessus et sa poche zipp\u00e9e \u00e0 l\u2019arri\u00e8re offre plein de solution \u00e0 celle qui aime avoir tout sur la main. Hindbag la marque Fran\u00e7aise \u00e9thique et solidaire d\u2019accessoires qui sont fabriqu\u00e9s par une ONG indienne, SSMI, qui \u0153uvre \u00e0 l\u2019\u00e9mancipation des femmes et l\u2019\u00e9ducation des enfants du quartier de Punjabi Bagh \u00e0 New Delhi.<\/p>\n<h2>Tout savoir le sac banane Andrea de Hindbag<\/h2>\n<p>Dimensions : L 32 cm &#8211; H 16 cm \u2013 P 8 cm<br \/>Mati\u00e8re : Coton bio \u00e9pais 500g\/m2 labellis\u00e9 GOTS super r\u00e9sistant\u2028<br \/>Ou laine recycl\u00e9e au label GRS (GlobalRecycled Standards)<br \/>Une Anse ajustable pour tous les d\u00e9placements\u2028<br \/>1 poche zipp\u00e9e ultra-pratique + 1 petite Poche \u00e0 l\u2019arri\u00e8re <br \/>Dessin\u00e9 en France et fabriqu\u00e9 par une ONG indienne, SSMI, qui \u0153uvre \u00e0 l&#8217;\u00e9mancipation des femmes et l&#8217;\u00e9ducation des enfants en Inde.<\/p>\n","protected":false},"excerpt":{"rendered":"<p>Avec son design unique en forme de demi-lune, Andrea est le sac \u00e0 main parfait pour sortir en mode responsable. D\u00e9j\u00e0 un best-seller de la marque Hindbag Entre le sac \u00e0 main et la banane, c\u2019est Andrea Le Hindbag se hisse au sommet de sa popularit\u00e9 gr\u00e2ce \u00e0 ce mod\u00e8le interm\u00e9diaire entre le sac \u00e0 [&hellip;]<\/p>\n","protected":false},"featured_media":671553,"comment_status":"open","ping_status":"closed","template":"","meta":[],"product_brand":[],"product_cat":[1756,1764],"product_tag":[1810],"acf":[],"_links":{"self":[{"href":"https:\/\/streetmarkets.fr\/app\/wp-json\/wp\/v2\/product\/671552"}],"collection":[{"href":"https:\/\/streetmarkets.fr\/app\/wp-json\/wp\/v2\/product"}],"about":[{"href":"https:\/\/streetmarkets.fr\/app\/wp-json\/wp\/v2\/types\/product"}],"replies":[{"embeddable":true,"href":"https:\/\/streetmarkets.fr\/app\/wp-json\/wp\/v2\/comments?post=671552"}],"wp:featuredmedia":[{"embeddable":true,"href":"https:\/\/streetmarkets.fr\/app\/wp-json\/wp\/v2\/media\/671553"}],"wp:attachment":[{"href":"https:\/\/streetmarkets.fr\/app\/wp-json\/wp\/v2\/media?parent=671552"}],"wp:term":[{"taxonomy":"product_brand","embeddable":true,"href":"https:\/\/streetmarkets.fr\/app\/wp-json\/wp\/v2\/product_brand?post=671552"},{"taxonomy":"product_cat","embeddable":true,"href":"https:\/\/streetmarkets.fr\/app\/wp-json\/wp\/v2\/product_cat?post=671552"},{"taxonomy":"product_tag","embeddable":true,"href":"https:\/\/streetmarkets.fr\/app\/wp-json\/wp\/v2\/product_tag?post=671552"}],"curies":[{"name":"wp","href":"https:\/\/api.w.org\/{rel}","templated":true}]}}