{"id":671368,"date":"2024-10-13T18:46:13","date_gmt":"2024-10-13T16:46:13","guid":{"rendered":"https:\/\/streetmarkets.fr\/app\/produit\/parapluie-dots-original-duckhead\/"},"modified":"2024-10-14T01:45:44","modified_gmt":"2024-10-13T23:45:44","slug":"parapluie-dots-original-duckhead","status":"publish","type":"product","link":"https:\/\/streetmarkets.fr\/app\/produit\/parapluie-dots-original-duckhead\/","title":{"rendered":"Parapluie Dots Original Duckhead"},"content":{"rendered":"<p>Le Pop Art inspire les parapluies de Orignal Duckhead qui d\u00e9cline sa c\u00e9l\u00e8bre t\u00eate de canard dans une \u00e9dition qui va colorer votre look, m\u00eame sous la pluie<\/p>\n<h3>Un vrai tableau ce parapluie Dots<\/h3>\n<p>Avec Original Duckhead, vous avez le plaisir de sortir de votre sac, un beau parapluie et se balader dans la rue en mode Pop-Art ! Cette \u00e9dition sp\u00e9ciale \u00ab Dots multicolore \u00bb donne \u00e0 votre style un look original et tendance. C\u2019est l\u2019accessoire \u00e0 offrir en un cadeau femme pour \u00eatre chic !<\/p>\n<h2>Focus sur l\u2019\u00e9dition Dots de Original Duckhead<\/h2>\n<p>Des motifs Pop art sur une toile pointill\u00e9e, le manche de ce parapluie est en bois massif et repr\u00e9sente une t\u00eate de canard au bec noir. La structure est en acier et aluminium, est tr\u00e8s r\u00e9sistante pour les forts coups de vent.<br \/>\u00a0<br \/>Ces parapluies sont fabriqu\u00e9s avec des mat\u00e9riaux recycl\u00e9s, recyclables, et \u00e9coresponsable.<br \/>\u00a0<br \/>Fait main | Tissus 100% PET Recycl\u00e9 | Eco-Friendly<\/p>\n","protected":false},"excerpt":{"rendered":"<p>Le Pop Art inspire les parapluies de Orignal Duckhead qui d\u00e9cline sa c\u00e9l\u00e8bre t\u00eate de canard dans une \u00e9dition qui va colorer votre look, m\u00eame sous la pluie Un vrai tableau ce parapluie Dots Avec Original Duckhead, vous avez le plaisir de sortir de votre sac, un beau parapluie et se balader dans la rue [&hellip;]<\/p>\n","protected":false},"featured_media":671369,"comment_status":"open","ping_status":"closed","template":"","meta":[],"product_brand":[],"product_cat":[1756,1764],"product_tag":[1810],"acf":[],"_links":{"self":[{"href":"https:\/\/streetmarkets.fr\/app\/wp-json\/wp\/v2\/product\/671368"}],"collection":[{"href":"https:\/\/streetmarkets.fr\/app\/wp-json\/wp\/v2\/product"}],"about":[{"href":"https:\/\/streetmarkets.fr\/app\/wp-json\/wp\/v2\/types\/product"}],"replies":[{"embeddable":true,"href":"https:\/\/streetmarkets.fr\/app\/wp-json\/wp\/v2\/comments?post=671368"}],"wp:featuredmedia":[{"embeddable":true,"href":"https:\/\/streetmarkets.fr\/app\/wp-json\/wp\/v2\/media\/671369"}],"wp:attachment":[{"href":"https:\/\/streetmarkets.fr\/app\/wp-json\/wp\/v2\/media?parent=671368"}],"wp:term":[{"taxonomy":"product_brand","embeddable":true,"href":"https:\/\/streetmarkets.fr\/app\/wp-json\/wp\/v2\/product_brand?post=671368"},{"taxonomy":"product_cat","embeddable":true,"href":"https:\/\/streetmarkets.fr\/app\/wp-json\/wp\/v2\/product_cat?post=671368"},{"taxonomy":"product_tag","embeddable":true,"href":"https:\/\/streetmarkets.fr\/app\/wp-json\/wp\/v2\/product_tag?post=671368"}],"curies":[{"name":"wp","href":"https:\/\/api.w.org\/{rel}","templated":true}]}}