{"id":671323,"date":"2024-10-13T18:46:13","date_gmt":"2024-10-13T16:46:13","guid":{"rendered":"https:\/\/streetmarkets.fr\/app\/produit\/parapluie-original-duckhead-kelly-bars-cadeau-insolite-femme\/"},"modified":"2024-10-14T01:45:44","modified_gmt":"2024-10-13T23:45:44","slug":"parapluie-original-duckhead-kelly-bars-cadeau-insolite-femme","status":"publish","type":"product","link":"https:\/\/streetmarkets.fr\/app\/produit\/parapluie-original-duckhead-kelly-bars-cadeau-insolite-femme\/","title":{"rendered":"Parapluie Original Duckhead Kelly Bars | Cadeau Insolite Femme"},"content":{"rendered":"<p>Un petit cadeau \u00e0 faire ? Et pourquoi pas un parapluie ! Mais pas n\u2019importe lequel \u2026 Pensez au Kelly Bars, les femmes adorent !<\/p>\n<h2>Parapluie Femme Kelly Bars, Le cadeau insolite \u00e0 la t\u00eate de canard<\/h2>\n<h3>Un id\u00e9e cadeau que l\u2019on l\u2019offre facilement \u00e0 une femme<\/h3>\n<p>C\u2019est le petit cadeau qui fait toujours plaisir, Ce parapluie est\u00a0 indispensable dans un sac \u00e0 main\u00a0! Une couleur verte tr\u00e8s sympa et des motifs tr\u00e8s fun, c\u2019est l\u2019accessoire original que les femmes adorent surtout sous pluie\u00a0!<\/p>\n<h3>Kelly Bars, on vous dit tout\u00a0| Insolite Sign\u00e9 Original Duckhead<\/h3>\n<p>Des motifs sympas en vert imprim\u00e9 sur une toile Blanche solide et recycl\u00e9e. Le manche est en bois massif et repr\u00e9sente une t\u00eate de canard tr\u00e8s fun ou se trouve le petit bouton pour l\u2019ouverture automatique. Enfin la structure est en acier et aluminium tr\u00e8s r\u00e9sistant pour les forts coups de vent.<\/p>\n<p>Ces parapluies sont fabriqu\u00e9s avec des mat\u00e9riaux recycl\u00e9s, recyclables, et \u00e9coresponsable.<br \/>\u00a0<br \/>Fait main | Tissus 100% PET Recycl\u00e9 | Eco-Friendly<\/p>\n<p><a href=\"\/brand\/22-original-duckhead\"> <img decoding=\"async\" src=\"\/img\/cms\/00%20all%20site\/Brand%20Marque\/original%20Duckhead\/Original-Duckhead-idees-cadeaux-homme-Femme.png\" alt=\"\" \/><\/a> Original Duckhead<\/p>\n<h2>Parapluie Kelly Original Duckhead | Une marque de Fabrique Anglaise<\/h2>\n<p>Original Duckhead est une fabrique sp\u00e9cialis\u00e9e dans le parapluie bas\u00e9e \u00e0 Londres. Une fabrique qui rend cet accessoire sympa et original pour en faire des cadeaux Fashion et Tendance. <\/p>\n<p>Deux anglaises ont d\u00e9cid\u00e9 de se lancer dans l\u2019aventure et ont donn\u00e9 naissance au c\u00e9l\u00e8bre parapluie \u00e0 la t\u00eate de canard. <\/p>\n<p>Compact et pratique, accompagn\u00e9 de motifs color\u00e9s et designs, cet objet est aujourd\u2019hui l\u2019accessoire que les femmes adorent avoir dans leurs sacs pour le meilleur et pour le pire ! En plus, vous allez faire un geste pour la plan\u00e8te car la toile de cet Umbrella est Upcycling !<\/p>\n<h2>Le Kelly Bars, Le petit cadeau Femme qui fait toujours plaisir<\/h2>\n<p>Voil\u00e0 un petit cadeau qui est original et que l\u2019on offre dans pratiquement toutes les occasions. Nous, on adore le sortir du sac car il fait toujours de l\u2019effet tellement il est mignon .. ce petit duck\u00a0kelly Bars !<\/p>\n<p>La Note:<\/p>\n<p>4,5\/5<\/p>\n<p><img decoding=\"async\" src=\"\/img\/cms\/00%20all%20site\/Logo%20marque\/Ecofriendy\/PETAapprovedveganLOGO.png\" alt=\"\" \/>Label Vegan<\/p>\n","protected":false},"excerpt":{"rendered":"<p>Un petit cadeau \u00e0 faire ? Et pourquoi pas un parapluie ! Mais pas n\u2019importe lequel \u2026 Pensez au Kelly Bars, les femmes adorent ! Parapluie Femme Kelly Bars, Le cadeau insolite \u00e0 la t\u00eate de canard Un id\u00e9e cadeau que l\u2019on l\u2019offre facilement \u00e0 une femme C\u2019est le petit cadeau qui fait toujours plaisir, [&hellip;]<\/p>\n","protected":false},"featured_media":671324,"comment_status":"open","ping_status":"closed","template":"","meta":[],"product_brand":[],"product_cat":[1756,1764],"product_tag":[1810],"acf":[],"_links":{"self":[{"href":"https:\/\/streetmarkets.fr\/app\/wp-json\/wp\/v2\/product\/671323"}],"collection":[{"href":"https:\/\/streetmarkets.fr\/app\/wp-json\/wp\/v2\/product"}],"about":[{"href":"https:\/\/streetmarkets.fr\/app\/wp-json\/wp\/v2\/types\/product"}],"replies":[{"embeddable":true,"href":"https:\/\/streetmarkets.fr\/app\/wp-json\/wp\/v2\/comments?post=671323"}],"wp:featuredmedia":[{"embeddable":true,"href":"https:\/\/streetmarkets.fr\/app\/wp-json\/wp\/v2\/media\/671324"}],"wp:attachment":[{"href":"https:\/\/streetmarkets.fr\/app\/wp-json\/wp\/v2\/media?parent=671323"}],"wp:term":[{"taxonomy":"product_brand","embeddable":true,"href":"https:\/\/streetmarkets.fr\/app\/wp-json\/wp\/v2\/product_brand?post=671323"},{"taxonomy":"product_cat","embeddable":true,"href":"https:\/\/streetmarkets.fr\/app\/wp-json\/wp\/v2\/product_cat?post=671323"},{"taxonomy":"product_tag","embeddable":true,"href":"https:\/\/streetmarkets.fr\/app\/wp-json\/wp\/v2\/product_tag?post=671323"}],"curies":[{"name":"wp","href":"https:\/\/api.w.org\/{rel}","templated":true}]}}