{"id":667383,"date":"2024-10-13T12:17:15","date_gmt":"2024-10-13T10:17:15","guid":{"rendered":"https:\/\/streetmarkets.fr\/app\/produit\/creation-rebel-hostile-environment\/"},"modified":"2026-05-13T03:50:44","modified_gmt":"2026-05-13T01:50:44","slug":"creation-rebel-hostile-environment","status":"publish","type":"product","link":"https:\/\/streetmarkets.fr\/app\/produit\/creation-rebel-hostile-environment\/","title":{"rendered":"Creation Rebel &#8211; Hostile Environment"},"content":{"rendered":"<p><strong>Hostile Environment<\/strong> est le premier album depuis plus de quarante ans du l\u00e9gendaire Creation Rebel, qui \u00e9tait le groupe \u00e0 l&#8217;origine de classiques tels que Dub from Creation et Starship Africa. Le trio compos\u00e9 de Crucial Tony, Eskimo Fox et Magoo est de retour avec le producteur Adrian Sherwood pour donner une tournure moderne \u00e0 leurs rythmes dub lourds.<\/p>\n<p>Il s&#8217;agit du septi\u00e8me album du groupe, qui s&#8217;est form\u00e9 \u00e0 l&#8217;origine en tant que groupe d&#8217;accompagnement de Prince Far I, partageant ainsi la sc\u00e8ne avec des groupes tels que The Clash, The Slits et Don Cherry. Des voix de leur ancien leader, conserv\u00e9es sur des bandes d&#8217;archives, figurent sur le nouvel album, ainsi que des contributions d&#8217;invit\u00e9s tels que Cyrus Richards (directeur musical d&#8217;Horace Andy et du Dub Asante Band), le maestro italien du synth\u00e9 Gaudi et le roi de la conversation rapide Daddy Freddy.<\/p>\n<p>Le titre de l&#8217;album fait r\u00e9f\u00e9rence \u00e0 la politique controvers\u00e9e de l&#8217;ancienne Premi\u00e8re ministre britannique Theresa May \u00e0 l&#8217;\u00e9gard des demandeurs d&#8217;asile et au r\u00e9cent scandale Windrush, ce qui n&#8217;est que trop pertinent pour un groupe de musiciens d&#8217;origine jama\u00efcaine qui a pass\u00e9 toute sa vie dans l&#8217;ombre d&#8217;une ancienne puissance coloniale \u00e0 la m\u00e9moire incroyablement courte pour les erreurs historiques.<\/p>\n<p>\u00a0<\/p>\n<p>Edition 2023<\/p>\n","protected":false},"excerpt":{"rendered":"<p>Hostile Environment est le premier album depuis plus de quarante ans du l\u00e9gendaire Creation Rebel, qui \u00e9tait le groupe \u00e0 l&#8217;origine de classiques tels que Dub from Creation et Starship Africa. Le trio compos\u00e9 de Crucial Tony, Eskimo Fox et Magoo est de retour avec le producteur Adrian Sherwood pour donner une tournure moderne \u00e0 [&hellip;]<\/p>\n","protected":false},"featured_media":667384,"comment_status":"open","ping_status":"closed","template":"","meta":[],"product_brand":[],"product_cat":[1756,1764],"product_tag":[2244],"acf":[],"_links":{"self":[{"href":"https:\/\/streetmarkets.fr\/app\/wp-json\/wp\/v2\/product\/667383"}],"collection":[{"href":"https:\/\/streetmarkets.fr\/app\/wp-json\/wp\/v2\/product"}],"about":[{"href":"https:\/\/streetmarkets.fr\/app\/wp-json\/wp\/v2\/types\/product"}],"replies":[{"embeddable":true,"href":"https:\/\/streetmarkets.fr\/app\/wp-json\/wp\/v2\/comments?post=667383"}],"wp:featuredmedia":[{"embeddable":true,"href":"https:\/\/streetmarkets.fr\/app\/wp-json\/wp\/v2\/media\/667384"}],"wp:attachment":[{"href":"https:\/\/streetmarkets.fr\/app\/wp-json\/wp\/v2\/media?parent=667383"}],"wp:term":[{"taxonomy":"product_brand","embeddable":true,"href":"https:\/\/streetmarkets.fr\/app\/wp-json\/wp\/v2\/product_brand?post=667383"},{"taxonomy":"product_cat","embeddable":true,"href":"https:\/\/streetmarkets.fr\/app\/wp-json\/wp\/v2\/product_cat?post=667383"},{"taxonomy":"product_tag","embeddable":true,"href":"https:\/\/streetmarkets.fr\/app\/wp-json\/wp\/v2\/product_tag?post=667383"}],"curies":[{"name":"wp","href":"https:\/\/api.w.org\/{rel}","templated":true}]}}