{"id":665614,"date":"2024-10-13T12:13:12","date_gmt":"2024-10-13T10:13:12","guid":{"rendered":"https:\/\/streetmarkets.fr\/app\/produit\/something-for-a-cactus-throat\/"},"modified":"2026-05-10T03:50:36","modified_gmt":"2026-05-10T01:50:36","slug":"something-for-a-cactus-throat","status":"publish","type":"product","link":"https:\/\/streetmarkets.fr\/app\/produit\/something-for-a-cactus-throat\/","title":{"rendered":"Something For a Cactus Throat"},"content":{"rendered":"<p>Les gorges sont tr\u00e8s sensibles. Des tenues sexy, quelques verres, des soir\u00e9es enfum\u00e9es, de longues nuits avec des amis ou simplement la saison de la grippe ne sont que quelques exemples qui la mettront en col\u00e8re contre vous. <strong>Something\u00ae for a cactus throat<\/strong> est un m\u00e9lange rafra\u00eechissant et efficace de cuivre, de propolis et de mousse islandaise qui aide \u00e0 apaiser et \u00e0 faire la paix avec votre gorge aga\u00e7ante. <\/p>\n<p>Le produit est : Sans OGM | Sans sucre raffin\u00e9 | Sans gluten | Sans lactose.<\/p>\n<p><span data-mce-fragment=\"1\">1 bouteille, 5 spray en cas de douleurs (maximum 8 par jour)<\/span><\/p>\n<p><span data-mce-fragment=\"1\">5604841904012<\/span><\/p>\n","protected":false},"excerpt":{"rendered":"<p>Les gorges sont tr\u00e8s sensibles. Des tenues sexy, quelques verres, des soir\u00e9es enfum\u00e9es, de longues nuits avec des amis ou simplement la saison de la grippe ne sont que quelques exemples qui la mettront en col\u00e8re contre vous. Something\u00ae for a cactus throat est un m\u00e9lange rafra\u00eechissant et efficace de cuivre, de propolis et de [&hellip;]<\/p>\n","protected":false},"featured_media":665615,"comment_status":"open","ping_status":"closed","template":"","meta":[],"product_brand":[],"product_cat":[1756,1760],"product_tag":[2244],"acf":[],"_links":{"self":[{"href":"https:\/\/streetmarkets.fr\/app\/wp-json\/wp\/v2\/product\/665614"}],"collection":[{"href":"https:\/\/streetmarkets.fr\/app\/wp-json\/wp\/v2\/product"}],"about":[{"href":"https:\/\/streetmarkets.fr\/app\/wp-json\/wp\/v2\/types\/product"}],"replies":[{"embeddable":true,"href":"https:\/\/streetmarkets.fr\/app\/wp-json\/wp\/v2\/comments?post=665614"}],"wp:featuredmedia":[{"embeddable":true,"href":"https:\/\/streetmarkets.fr\/app\/wp-json\/wp\/v2\/media\/665615"}],"wp:attachment":[{"href":"https:\/\/streetmarkets.fr\/app\/wp-json\/wp\/v2\/media?parent=665614"}],"wp:term":[{"taxonomy":"product_brand","embeddable":true,"href":"https:\/\/streetmarkets.fr\/app\/wp-json\/wp\/v2\/product_brand?post=665614"},{"taxonomy":"product_cat","embeddable":true,"href":"https:\/\/streetmarkets.fr\/app\/wp-json\/wp\/v2\/product_cat?post=665614"},{"taxonomy":"product_tag","embeddable":true,"href":"https:\/\/streetmarkets.fr\/app\/wp-json\/wp\/v2\/product_tag?post=665614"}],"curies":[{"name":"wp","href":"https:\/\/api.w.org\/{rel}","templated":true}]}}