{"id":659560,"date":"2024-10-13T12:01:29","date_gmt":"2024-10-13T10:01:29","guid":{"rendered":"https:\/\/streetmarkets.fr\/app\/produit\/la-ceramique-horia\/"},"modified":"2026-05-06T00:56:03","modified_gmt":"2026-05-05T22:56:03","slug":"la-ceramique-horia","status":"publish","type":"product","link":"https:\/\/streetmarkets.fr\/app\/produit\/la-ceramique-horia\/","title":{"rendered":"La C\u00e9ramique Horia"},"content":{"rendered":"<p>La C\u00e9ramique Horia est bien plus qu\u2019un simple contenant, c\u2019est une pi\u00e8ce unique, fa\u00e7onn\u00e9e \u00e0 la main par l&#8217;artisane c\u00e9ramiste Chlo\u00e9 de Gamelle Ceramique. Con\u00e7ue en gr\u00e8s blanc lisse, cette c\u00e9ramique peut \u00eatre transform\u00e9e en bougie gr\u00e2ce au kit de recharge de la marque ou devenir un \u00e9l\u00e9gant objet de d\u00e9coration.\u00a0<\/p>\n<p>LE PETIT PLUS<\/p>\n<ul>\n<li>Faite main par une artisane c\u00e9ramiste ind\u00e9pendante en France.\n<\/li>\n<li>\nChaque pi\u00e8ce \u00e9tant faite \u00e0 la main, peut pr\u00e9senter de l\u00e9g\u00e8res variations de forme et de couleur.<\/li>\n<\/ul>\n<p>COMPOSITION<\/p>\n<ul>\n<li>Contenant en gr\u00e8s blanc lisse.<\/li>\n<li>Contenance : 250 ml.<\/li>\n<li>Dimensions : 9 cm \/ Hauteur 11 cm.\n<\/li>\n<\/ul>\n<p><span data-sheets-userformat='{\"2\":7103,\"3\":{\"1\":0},\"4\":{\"1\":2,\"2\":16776960},\"5\":{\"1\":[{\"1\":2,\"2\":0,\"5\":{\"1\":2,\"2\":0}},{\"1\":0,\"2\":0,\"3\":3},{\"1\":1,\"2\":0,\"4\":1}]},\"6\":{\"1\":[{\"1\":2,\"2\":0,\"5\":{\"1\":2,\"2\":0}},{\"1\":0,\"2\":0,\"3\":3},{\"1\":1,\"2\":0,\"4\":1}]},\"7\":{\"1\":[{\"1\":2,\"2\":0,\"5\":{\"1\":2,\"2\":0}},{\"1\":0,\"2\":0,\"3\":3},{\"1\":1,\"2\":0,\"4\":1}]},\"8\":{\"1\":[{\"1\":2,\"2\":0,\"5\":{\"1\":2,\"2\":0}},{\"1\":0,\"2\":0,\"3\":3},{\"1\":1,\"2\":0,\"4\":1}]},\"10\":0,\"11\":4,\"12\":0,\"14\":{\"1\":2,\"2\":0},\"15\":\"\"Helvetica Neue\"\"}' data-sheets-value=\"{&quot;1&quot;:2,&quot;2&quot;:&quot;D\u00e9couvrez la bougie rechargeable en c\u00e9ramique au parfum figue sauvage, fabriqu\u00e9e \u00e0 la main \u00e0 Bordeaux. \\n\\n LE CONSEIL D'ASTRID\\n \\n Vous serez tellement conquis par ce bel objet, que je vous conseille de prendre en m\u00eame temps une des recharges. Cela sera l'occasion de tester un nouveau parfum :-)\\n \\n D\u00c9TAILS\\n \\n - Bougie en c\u00e9ramique gr\u00e8s de St-Amand-en-Puisaye de 240g\\n \\n - En collaboration avec l'artisan c\u00e9ramiste Beno\u00eet Audureau\\n \\n - Cire de soja europ\u00e9enne 100% v\u00e9g\u00e9tale et sans OGM\\n \\n - Parfum sans CMR et sans mati\u00e8re animale\\n \\n - Combustion : 50h\\n \\nNotes de t\u00eate : Pin, Accord frais\u2060\\n\\nNotes de coeur : Patchouli, Santal, C\u00e8dre\u2060\\n\\nNotes de fond : Mousse, Vanille, Cuir\u2060\\n \\n LA MARQUE\\n \\n - La bougie naturelle en c\u00e9ramique et rechargeable -\\n \\n C'est \u00e0 Bordeaux que Chahnez fabrique sa propre cire naturelle et qu\u2019elle s\u2019entoure des c\u00e9ramistes de la r\u00e9gion pour cr\u00e9er LA bougie dont on r\u00eave tous: un beau contenant en c\u00e9ramique, un parfum enivrant, une recharge pour lui donner une 2\u00e8me vie. Elle sait ravir nos sens avec une dimension \u00e9co-responsable . What else ?&quot;}\" data-mce-fragment=\"1\">LA MARQUE<br data-mce-fragment=\"1\"><br data-mce-fragment=\"1\">&#8211; La bougie naturelle en c\u00e9ramique et rechargeable &#8211;<br data-mce-fragment=\"1\"><br data-mce-fragment=\"1\">C&#8217;est \u00e0 Bordeaux que Chahnez fabrique sa propre cire naturelle et qu\u2019elle s\u2019entoure des c\u00e9ramistes de la r\u00e9gion pour cr\u00e9er LA bougie dont on r\u00eave tous : un beau contenant en c\u00e9ramique, un parfum enivrant, une recharge pour lui donner une 2\u00e8me vie. Elle sait ravir nos sens avec une dimension \u00e9co-responsable . What else ?<\/span><\/p>\n","protected":false},"excerpt":{"rendered":"<p>La C\u00e9ramique Horia est bien plus qu\u2019un simple contenant, c\u2019est une pi\u00e8ce unique, fa\u00e7onn\u00e9e \u00e0 la main par l&#8217;artisane c\u00e9ramiste Chlo\u00e9 de Gamelle Ceramique. Con\u00e7ue en gr\u00e8s blanc lisse, cette c\u00e9ramique peut \u00eatre transform\u00e9e en bougie gr\u00e2ce au kit de recharge de la marque ou devenir un \u00e9l\u00e9gant objet de d\u00e9coration.\u00a0 LE PETIT PLUS Faite [&hellip;]<\/p>\n","protected":false},"featured_media":659561,"comment_status":"open","ping_status":"closed","template":"","meta":[],"product_brand":[],"product_cat":[1756,1764],"product_tag":[1813],"acf":[],"_links":{"self":[{"href":"https:\/\/streetmarkets.fr\/app\/wp-json\/wp\/v2\/product\/659560"}],"collection":[{"href":"https:\/\/streetmarkets.fr\/app\/wp-json\/wp\/v2\/product"}],"about":[{"href":"https:\/\/streetmarkets.fr\/app\/wp-json\/wp\/v2\/types\/product"}],"replies":[{"embeddable":true,"href":"https:\/\/streetmarkets.fr\/app\/wp-json\/wp\/v2\/comments?post=659560"}],"wp:featuredmedia":[{"embeddable":true,"href":"https:\/\/streetmarkets.fr\/app\/wp-json\/wp\/v2\/media\/659561"}],"wp:attachment":[{"href":"https:\/\/streetmarkets.fr\/app\/wp-json\/wp\/v2\/media?parent=659560"}],"wp:term":[{"taxonomy":"product_brand","embeddable":true,"href":"https:\/\/streetmarkets.fr\/app\/wp-json\/wp\/v2\/product_brand?post=659560"},{"taxonomy":"product_cat","embeddable":true,"href":"https:\/\/streetmarkets.fr\/app\/wp-json\/wp\/v2\/product_cat?post=659560"},{"taxonomy":"product_tag","embeddable":true,"href":"https:\/\/streetmarkets.fr\/app\/wp-json\/wp\/v2\/product_tag?post=659560"}],"curies":[{"name":"wp","href":"https:\/\/api.w.org\/{rel}","templated":true}]}}