{"id":658029,"date":"2024-10-13T11:59:21","date_gmt":"2024-10-13T09:59:21","guid":{"rendered":"https:\/\/streetmarkets.fr\/app\/produit\/short-gaz-de-coton-ocre\/"},"modified":"2026-05-09T00:55:51","modified_gmt":"2026-05-08T22:55:51","slug":"short-gaz-de-coton-ocre","status":"publish","type":"product","link":"https:\/\/streetmarkets.fr\/app\/produit\/short-gaz-de-coton-ocre\/","title":{"rendered":"Short gaz de coton &#8211; ocre"},"content":{"rendered":"<p><span>Ce joli short <\/span><span>ocre<\/span><span> en gaz de coton tout doux vous apportera un confort ultime pour cet \u00e9t\u00e9. <\/span><\/p>\n<p><span>Fabriqu\u00e9 au Portugal. <\/span><\/p>\n<p><span>D\u00c9TAILS \u200e \u200e \u200e <\/span><\/p>\n<p><span>&#8211; Couleur <\/span><span>ocre<\/span><span>, broderie beige <\/span><\/p>\n<p><span>&#8211; Longueur de jambe mi cuisse <\/span><\/p>\n<p><span>&#8211; Poches italiennes sur les c\u00f4t\u00e9s <\/span><\/p>\n<p><span>&#8211; Ajustement \u00e0 la taille avec un cordon beige <\/span><\/p>\n<p><span>COMPOSITION <\/span><\/p>\n<p><span>&#8211; Short en gaze de coton, 100% coton organique <\/span><\/p>\n<p><span>&#8211; Fil d\u2019origine certifi\u00e9 GOTS\u00ae <\/span><\/p>\n<p><span>&#8211; Teinture Oeko-Tex\u00ae standard 100 <\/span><\/p>\n<p><span>&#8211; Teinture \/ impression Oeko-Tex\u00ae standard 100 <\/span><\/p>\n<p><span>LE CONSEIL D&#8217;ASTRID <\/span><\/p>\n<p><span>Pour vos balades ensoleill\u00e9es, associez ce short \u00e0 un des t-shirts de la marque.<\/span><\/p>\n<p><span> CONSEILS D&#8217;ENTRETIEN <\/span><\/p>\n<p><span>&#8211; Lavage d\u00e9licat 30\u00b0C. <\/span><\/p>\n<p><span>LA MARQUE <\/span><\/p>\n<p><span>&#8211; La mode f\u00e9minine citadine et nature du pays basque <\/span><span>&#8211; <\/span><\/p>\n<p><span>Graine Clothing, a \u00e9t\u00e9 cr\u00e9e par un duo p\u00e8re-fille imaginant les essentiels conjuguant vie citadine et quotidien en pleine nature. Une mode imagin\u00e9e par Chlo\u00e9 en r\u00e9f\u00e9rence \u00e0 son potager clandestin, qui s\u2019inspire des saisons qui nous traversent.<\/span><\/p>\n","protected":false},"excerpt":{"rendered":"<p>Ce joli short ocre en gaz de coton tout doux vous apportera un confort ultime pour cet \u00e9t\u00e9. Fabriqu\u00e9 au Portugal. D\u00c9TAILS \u200e \u200e \u200e &#8211; Couleur ocre, broderie beige &#8211; Longueur de jambe mi cuisse &#8211; Poches italiennes sur les c\u00f4t\u00e9s &#8211; Ajustement \u00e0 la taille avec un cordon beige COMPOSITION &#8211; Short en [&hellip;]<\/p>\n","protected":false},"featured_media":658030,"comment_status":"open","ping_status":"closed","template":"","meta":[],"product_brand":[],"product_cat":[1756,1758],"product_tag":[1813],"acf":[],"_links":{"self":[{"href":"https:\/\/streetmarkets.fr\/app\/wp-json\/wp\/v2\/product\/658029"}],"collection":[{"href":"https:\/\/streetmarkets.fr\/app\/wp-json\/wp\/v2\/product"}],"about":[{"href":"https:\/\/streetmarkets.fr\/app\/wp-json\/wp\/v2\/types\/product"}],"replies":[{"embeddable":true,"href":"https:\/\/streetmarkets.fr\/app\/wp-json\/wp\/v2\/comments?post=658029"}],"wp:featuredmedia":[{"embeddable":true,"href":"https:\/\/streetmarkets.fr\/app\/wp-json\/wp\/v2\/media\/658030"}],"wp:attachment":[{"href":"https:\/\/streetmarkets.fr\/app\/wp-json\/wp\/v2\/media?parent=658029"}],"wp:term":[{"taxonomy":"product_brand","embeddable":true,"href":"https:\/\/streetmarkets.fr\/app\/wp-json\/wp\/v2\/product_brand?post=658029"},{"taxonomy":"product_cat","embeddable":true,"href":"https:\/\/streetmarkets.fr\/app\/wp-json\/wp\/v2\/product_cat?post=658029"},{"taxonomy":"product_tag","embeddable":true,"href":"https:\/\/streetmarkets.fr\/app\/wp-json\/wp\/v2\/product_tag?post=658029"}],"curies":[{"name":"wp","href":"https:\/\/api.w.org\/{rel}","templated":true}]}}