{"id":657250,"date":"2024-10-13T11:58:29","date_gmt":"2024-10-13T09:58:29","guid":{"rendered":"https:\/\/streetmarkets.fr\/app\/produit\/vernis-green-flash-mimosa\/"},"modified":"2026-05-02T00:55:55","modified_gmt":"2026-05-01T22:55:55","slug":"vernis-green-flash-mimosa","status":"publish","type":"product","link":"https:\/\/streetmarkets.fr\/app\/produit\/vernis-green-flash-mimosa\/","title":{"rendered":"Vernis Green Flash &#8211; Mimosa"},"content":{"rendered":"<p><span>D\u00e9couvrez le vernis Mimosa, un jaune pastel id\u00e9al\u00a0pour l&#8217;\u00e9t\u00e9. Une palette de couleurs vari\u00e9e de vernis est \u00e0 d\u00e9couvrir sur le site. <\/span><br data-mce-fragment=\"1\"><br data-mce-fragment=\"1\"><span>Fabriqu\u00e9 en France. <\/span><br data-mce-fragment=\"1\"><br data-mce-fragment=\"1\"><span>LE CONSEIL D&#8217;ASTRID<\/span><br data-mce-fragment=\"1\"><br data-mce-fragment=\"1\"><span>Si vous n&#8217;avez pas encore test\u00e9 la manucure professionnelle avec ces vernis semi-permanents, commencer par vous acheter le kit qui contient tout ce qu&#8217;il faut pour d\u00e9buter: la lampe, la base, le top coat, la couleur et le dissolvant. <\/span><br data-mce-fragment=\"1\"><br data-mce-fragment=\"1\"><span>LES PETITS PLUS<\/span><br data-mce-fragment=\"1\"><br data-mce-fragment=\"1\"><span>Pinceaux qualit\u00e9 professionnelle<\/span><br data-mce-fragment=\"1\"><span>Se retire comme un vernis<\/span><br data-mce-fragment=\"1\"><span>Tenue jusqu&#8217;\u00e0 10 jours\u00a0<\/span><br data-mce-fragment=\"1\"><span>Sans perturbateur endocrinien, ni mol\u00e9cule pr\u00e9sentante un risque allerg\u00e8ne<\/span><br data-mce-fragment=\"1\"><span>12-free<\/span><br data-mce-fragment=\"1\"><br data-mce-fragment=\"1\"><span>COMPOSITION<\/span><br data-mce-fragment=\"1\"><br data-mce-fragment=\"1\"><span>15ml<\/span><br \/><br data-mce-fragment=\"1\"><span data-mce-fragment=\"1\">ethyl acetate, butyl acetate, nitrocellulose, hydroxyethyl acrylate\/IPDI\/PPG-15 glyceryl ether copolymer, acetyl tributyl citrate, isopropyl alcohol, bis-HEMA poly(1,4-butanediol)-9\/IPDI copolymer, ethyl trimethylbenzoyl phenylphosphinate, CI 77891 (titanium dioxide), stearalkonium bentonite, diacetone alcohol, silica, CI 19140 (yellow 5 lake), BHT, phosphoric acid <\/span><br data-mce-fragment=\"1\"><br data-mce-fragment=\"1\"><span data-mce-fragment=\"1\">Bio-sourc\u00e9s \u00e0 59%<\/span><br data-mce-fragment=\"1\"><br data-mce-fragment=\"1\"><span>LA MARQUE<\/span><br data-mce-fragment=\"1\"><br data-mce-fragment=\"1\"><span>&#8211; Les vernis clean &#8211;<\/span><br data-mce-fragment=\"1\"><br data-mce-fragment=\"1\"><span>Manucurist propose depuis ses d\u00e9buts des vernis et des soins sains pour la peau et qui donnent le sourire gr\u00e2ce \u00e0 ses couleurs travaill\u00e9es et \u00e9l\u00e9gantes. La marque a lanc\u00e9 une petite r\u00e9volution avec ses vernis green semi-permanents aux ingr\u00e9dients les plus naturels possible.<\/span><\/p>\n","protected":false},"excerpt":{"rendered":"<p>D\u00e9couvrez le vernis Mimosa, un jaune pastel id\u00e9al\u00a0pour l&#8217;\u00e9t\u00e9. Une palette de couleurs vari\u00e9e de vernis est \u00e0 d\u00e9couvrir sur le site. Fabriqu\u00e9 en France. LE CONSEIL D&#8217;ASTRIDSi vous n&#8217;avez pas encore test\u00e9 la manucure professionnelle avec ces vernis semi-permanents, commencer par vous acheter le kit qui contient tout ce qu&#8217;il faut pour d\u00e9buter: la [&hellip;]<\/p>\n","protected":false},"featured_media":657251,"comment_status":"open","ping_status":"closed","template":"","meta":[],"product_brand":[],"product_cat":[1756,1764],"product_tag":[1813],"acf":[],"_links":{"self":[{"href":"https:\/\/streetmarkets.fr\/app\/wp-json\/wp\/v2\/product\/657250"}],"collection":[{"href":"https:\/\/streetmarkets.fr\/app\/wp-json\/wp\/v2\/product"}],"about":[{"href":"https:\/\/streetmarkets.fr\/app\/wp-json\/wp\/v2\/types\/product"}],"replies":[{"embeddable":true,"href":"https:\/\/streetmarkets.fr\/app\/wp-json\/wp\/v2\/comments?post=657250"}],"wp:featuredmedia":[{"embeddable":true,"href":"https:\/\/streetmarkets.fr\/app\/wp-json\/wp\/v2\/media\/657251"}],"wp:attachment":[{"href":"https:\/\/streetmarkets.fr\/app\/wp-json\/wp\/v2\/media?parent=657250"}],"wp:term":[{"taxonomy":"product_brand","embeddable":true,"href":"https:\/\/streetmarkets.fr\/app\/wp-json\/wp\/v2\/product_brand?post=657250"},{"taxonomy":"product_cat","embeddable":true,"href":"https:\/\/streetmarkets.fr\/app\/wp-json\/wp\/v2\/product_cat?post=657250"},{"taxonomy":"product_tag","embeddable":true,"href":"https:\/\/streetmarkets.fr\/app\/wp-json\/wp\/v2\/product_tag?post=657250"}],"curies":[{"name":"wp","href":"https:\/\/api.w.org\/{rel}","templated":true}]}}