{"id":648606,"date":"2024-10-11T12:06:16","date_gmt":"2024-10-11T10:06:16","guid":{"rendered":"https:\/\/streetmarkets.fr\/app\/produit\/manteau-berbere\/"},"modified":"2026-04-27T05:21:25","modified_gmt":"2026-04-27T03:21:25","slug":"manteau-berbere","status":"publish","type":"product","link":"https:\/\/streetmarkets.fr\/app\/produit\/manteau-berbere\/","title":{"rendered":"MANTEAU Berb\u00e8re"},"content":{"rendered":"<p>Manteau en toile de coton tiss\u00e9e \u00e9paisse avec une jolie tenue.<br \/>\nFinitions passepoil noir et bord cote aux manches.<br \/>\nManteau doubl\u00e9 de voile de coton.<\/p>\n<p>A porter avec toutes des couleurs de votre garde robe! <\/p>\n<p>Prix: 320\u20ac    SOLDES-50% 160\u20ac<\/p>\n","protected":false},"excerpt":{"rendered":"<p>Manteau en toile de coton tiss\u00e9e \u00e9paisse avec une jolie tenue. Finitions passepoil noir et bord cote aux manches. Manteau doubl\u00e9 de voile de coton. A porter avec toutes des couleurs de votre garde robe! Prix: 320\u20ac SOLDES-50% 160\u20ac<\/p>\n","protected":false},"featured_media":648607,"comment_status":"open","ping_status":"closed","template":"","meta":[],"product_brand":[1310],"product_cat":[1756,1762],"product_tag":[1813],"acf":[],"_links":{"self":[{"href":"https:\/\/streetmarkets.fr\/app\/wp-json\/wp\/v2\/product\/648606"}],"collection":[{"href":"https:\/\/streetmarkets.fr\/app\/wp-json\/wp\/v2\/product"}],"about":[{"href":"https:\/\/streetmarkets.fr\/app\/wp-json\/wp\/v2\/types\/product"}],"replies":[{"embeddable":true,"href":"https:\/\/streetmarkets.fr\/app\/wp-json\/wp\/v2\/comments?post=648606"}],"wp:featuredmedia":[{"embeddable":true,"href":"https:\/\/streetmarkets.fr\/app\/wp-json\/wp\/v2\/media\/648607"}],"wp:attachment":[{"href":"https:\/\/streetmarkets.fr\/app\/wp-json\/wp\/v2\/media?parent=648606"}],"wp:term":[{"taxonomy":"product_brand","embeddable":true,"href":"https:\/\/streetmarkets.fr\/app\/wp-json\/wp\/v2\/product_brand?post=648606"},{"taxonomy":"product_cat","embeddable":true,"href":"https:\/\/streetmarkets.fr\/app\/wp-json\/wp\/v2\/product_cat?post=648606"},{"taxonomy":"product_tag","embeddable":true,"href":"https:\/\/streetmarkets.fr\/app\/wp-json\/wp\/v2\/product_tag?post=648606"}],"curies":[{"name":"wp","href":"https:\/\/api.w.org\/{rel}","templated":true}]}}