{"id":648514,"date":"2024-10-11T12:06:01","date_gmt":"2024-10-11T10:06:01","guid":{"rendered":"https:\/\/streetmarkets.fr\/app\/produit\/pantalon-tanger-turquoise\/"},"modified":"2026-05-09T05:21:27","modified_gmt":"2026-05-09T03:21:27","slug":"pantalon-tanger-turquoise","status":"publish","type":"product","link":"https:\/\/streetmarkets.fr\/app\/produit\/pantalon-tanger-turquoise\/","title":{"rendered":"PANTALON TANGER Turquoise"},"content":{"rendered":"<p>Cet \u00e9t\u00e9 le pantalon studio est d\u00e9clin\u00e9 en toile de lin 100%. jolie tenue; lin plut\u00f4t souple et \u00e9pais.<br \/>\nLes caract\u00e9ristiques de cette mati\u00e8re sont id\u00e9ales par temps chaud et on peut d\u00e9j\u00e0 en profiter d\u00e8s le printemps.<br \/>\nFinitions de passepoil noir.<\/p>\n<p>Prix :175\u20ac    SOLDES-50% : \u20ac<\/p>\n","protected":false},"excerpt":{"rendered":"<p>Cet \u00e9t\u00e9 le pantalon studio est d\u00e9clin\u00e9 en toile de lin 100%. jolie tenue; lin plut\u00f4t souple et \u00e9pais. Les caract\u00e9ristiques de cette mati\u00e8re sont id\u00e9ales par temps chaud et on peut d\u00e9j\u00e0 en profiter d\u00e8s le printemps. Finitions de passepoil noir. Prix :175\u20ac SOLDES-50% : \u20ac<\/p>\n","protected":false},"featured_media":648515,"comment_status":"open","ping_status":"closed","template":"","meta":[],"product_brand":[1310],"product_cat":[1756,1762],"product_tag":[1813],"acf":[],"_links":{"self":[{"href":"https:\/\/streetmarkets.fr\/app\/wp-json\/wp\/v2\/product\/648514"}],"collection":[{"href":"https:\/\/streetmarkets.fr\/app\/wp-json\/wp\/v2\/product"}],"about":[{"href":"https:\/\/streetmarkets.fr\/app\/wp-json\/wp\/v2\/types\/product"}],"replies":[{"embeddable":true,"href":"https:\/\/streetmarkets.fr\/app\/wp-json\/wp\/v2\/comments?post=648514"}],"wp:featuredmedia":[{"embeddable":true,"href":"https:\/\/streetmarkets.fr\/app\/wp-json\/wp\/v2\/media\/648515"}],"wp:attachment":[{"href":"https:\/\/streetmarkets.fr\/app\/wp-json\/wp\/v2\/media?parent=648514"}],"wp:term":[{"taxonomy":"product_brand","embeddable":true,"href":"https:\/\/streetmarkets.fr\/app\/wp-json\/wp\/v2\/product_brand?post=648514"},{"taxonomy":"product_cat","embeddable":true,"href":"https:\/\/streetmarkets.fr\/app\/wp-json\/wp\/v2\/product_cat?post=648514"},{"taxonomy":"product_tag","embeddable":true,"href":"https:\/\/streetmarkets.fr\/app\/wp-json\/wp\/v2\/product_tag?post=648514"}],"curies":[{"name":"wp","href":"https:\/\/api.w.org\/{rel}","templated":true}]}}