{"id":648467,"date":"2024-10-11T12:06:00","date_gmt":"2024-10-11T10:06:00","guid":{"rendered":"https:\/\/streetmarkets.fr\/app\/produit\/blouson-belleville\/"},"modified":"2026-05-07T05:21:24","modified_gmt":"2026-05-07T03:21:24","slug":"blouson-belleville","status":"publish","type":"product","link":"https:\/\/streetmarkets.fr\/app\/produit\/blouson-belleville\/","title":{"rendered":"BLOUSON BELLEVILLE"},"content":{"rendered":"<p>Blouson en Lainage tricot \u00e9pais marine et tissage pied de coq en lainage \u00e9galement.<br \/>\nFinitions bord cote.<br \/>\nCoupe droite ajust\u00e9e pas trop long pour un look r\u00e9tro et f\u00e9minin.<br \/>\nPetit plus surprise:  la doublure est imprim\u00e9e l\u00e9opard !<br \/>\n260 \u20ac -40%=  1565\u20ac<\/p>\n","protected":false},"excerpt":{"rendered":"<p>Blouson en Lainage tricot \u00e9pais marine et tissage pied de coq en lainage \u00e9galement. Finitions bord cote. Coupe droite ajust\u00e9e pas trop long pour un look r\u00e9tro et f\u00e9minin. Petit plus surprise: la doublure est imprim\u00e9e l\u00e9opard ! 260 \u20ac -40%= 1565\u20ac<\/p>\n","protected":false},"featured_media":648468,"comment_status":"open","ping_status":"closed","template":"","meta":[],"product_brand":[1310],"product_cat":[1756,1762],"product_tag":[1813],"acf":[],"_links":{"self":[{"href":"https:\/\/streetmarkets.fr\/app\/wp-json\/wp\/v2\/product\/648467"}],"collection":[{"href":"https:\/\/streetmarkets.fr\/app\/wp-json\/wp\/v2\/product"}],"about":[{"href":"https:\/\/streetmarkets.fr\/app\/wp-json\/wp\/v2\/types\/product"}],"replies":[{"embeddable":true,"href":"https:\/\/streetmarkets.fr\/app\/wp-json\/wp\/v2\/comments?post=648467"}],"wp:featuredmedia":[{"embeddable":true,"href":"https:\/\/streetmarkets.fr\/app\/wp-json\/wp\/v2\/media\/648468"}],"wp:attachment":[{"href":"https:\/\/streetmarkets.fr\/app\/wp-json\/wp\/v2\/media?parent=648467"}],"wp:term":[{"taxonomy":"product_brand","embeddable":true,"href":"https:\/\/streetmarkets.fr\/app\/wp-json\/wp\/v2\/product_brand?post=648467"},{"taxonomy":"product_cat","embeddable":true,"href":"https:\/\/streetmarkets.fr\/app\/wp-json\/wp\/v2\/product_cat?post=648467"},{"taxonomy":"product_tag","embeddable":true,"href":"https:\/\/streetmarkets.fr\/app\/wp-json\/wp\/v2\/product_tag?post=648467"}],"curies":[{"name":"wp","href":"https:\/\/api.w.org\/{rel}","templated":true}]}}