{"id":648116,"date":"2024-10-11T12:05:24","date_gmt":"2024-10-11T10:05:24","guid":{"rendered":"https:\/\/streetmarkets.fr\/app\/produit\/cabas-feuillage\/"},"modified":"2026-05-08T05:20:57","modified_gmt":"2026-05-08T03:20:57","slug":"cabas-feuillage","status":"publish","type":"product","link":"https:\/\/streetmarkets.fr\/app\/produit\/cabas-feuillage\/","title":{"rendered":"Cabas feuillage"},"content":{"rendered":"<p>Cabas rigide en wax imprim\u00e9 et coton marine.<br \/>\nAnses en cuir noir, finitions biais \u00e0 l&#8217;int\u00e9rieur, petite poche et fermeture aimant\u00e9e.<\/p>\n<p>Port\u00e9 \u00e9paule possible (avec un manteau \u00e9galement): hauteur des anses 25 cm.<br \/>\nhauteur sac 35 cm environ (hauteur totale 60 cm)<br \/>\nProfondeur int\u00e9rieure 14 cm<br \/>\nlargeur totale  42 cm: largeur du tissu imprim\u00e9 30 cm : dossiers, ordinateurs peuvent \u00eatre contenus dans ce cabas.<\/p>\n<p>Prix: 98\u20ac<\/p>\n","protected":false},"excerpt":{"rendered":"<p>Cabas rigide en wax imprim\u00e9 et coton marine. Anses en cuir noir, finitions biais \u00e0 l&#8217;int\u00e9rieur, petite poche et fermeture aimant\u00e9e. Port\u00e9 \u00e9paule possible (avec un manteau \u00e9galement): hauteur des anses 25 cm. hauteur sac 35 cm environ (hauteur totale 60 cm) Profondeur int\u00e9rieure 14 cm largeur totale 42 cm: largeur du tissu imprim\u00e9 30 [&hellip;]<\/p>\n","protected":false},"featured_media":648117,"comment_status":"open","ping_status":"closed","template":"","meta":[],"product_brand":[1310],"product_cat":[1756,1764],"product_tag":[1813],"acf":[],"_links":{"self":[{"href":"https:\/\/streetmarkets.fr\/app\/wp-json\/wp\/v2\/product\/648116"}],"collection":[{"href":"https:\/\/streetmarkets.fr\/app\/wp-json\/wp\/v2\/product"}],"about":[{"href":"https:\/\/streetmarkets.fr\/app\/wp-json\/wp\/v2\/types\/product"}],"replies":[{"embeddable":true,"href":"https:\/\/streetmarkets.fr\/app\/wp-json\/wp\/v2\/comments?post=648116"}],"wp:featuredmedia":[{"embeddable":true,"href":"https:\/\/streetmarkets.fr\/app\/wp-json\/wp\/v2\/media\/648117"}],"wp:attachment":[{"href":"https:\/\/streetmarkets.fr\/app\/wp-json\/wp\/v2\/media?parent=648116"}],"wp:term":[{"taxonomy":"product_brand","embeddable":true,"href":"https:\/\/streetmarkets.fr\/app\/wp-json\/wp\/v2\/product_brand?post=648116"},{"taxonomy":"product_cat","embeddable":true,"href":"https:\/\/streetmarkets.fr\/app\/wp-json\/wp\/v2\/product_cat?post=648116"},{"taxonomy":"product_tag","embeddable":true,"href":"https:\/\/streetmarkets.fr\/app\/wp-json\/wp\/v2\/product_tag?post=648116"}],"curies":[{"name":"wp","href":"https:\/\/api.w.org\/{rel}","templated":true}]}}