{"id":647838,"date":"2024-10-11T12:05:03","date_gmt":"2024-10-11T10:05:03","guid":{"rendered":"https:\/\/streetmarkets.fr\/app\/produit\/tunique-chemise-en-lin\/"},"modified":"2026-05-08T05:20:42","modified_gmt":"2026-05-08T03:20:42","slug":"tunique-chemise-en-lin","status":"publish","type":"product","link":"https:\/\/streetmarkets.fr\/app\/produit\/tunique-chemise-en-lin\/","title":{"rendered":"Tunique chemise en lin"},"content":{"rendered":"<p>Robe tunique en lin m\u00e9lang\u00e9. D\u00e9coupes soulign\u00e9es de passepoil argent.<br \/>\nLa jupe de la tunique est doubl\u00e9e.<br \/>\nA noter: carrure petite (\u00e9paules)<br \/>\nColoris blanc<br \/>\ncoloris gris ray\u00e9<br \/>\nColoris blanc tres fine rayure <\/p>\n","protected":false},"excerpt":{"rendered":"<p>Robe tunique en lin m\u00e9lang\u00e9. D\u00e9coupes soulign\u00e9es de passepoil argent. La jupe de la tunique est doubl\u00e9e. A noter: carrure petite (\u00e9paules) Coloris blanc coloris gris ray\u00e9 Coloris blanc tres fine rayure<\/p>\n","protected":false},"featured_media":647839,"comment_status":"open","ping_status":"closed","template":"","meta":[],"product_brand":[1310],"product_cat":[1756,1762],"product_tag":[1813],"acf":[],"_links":{"self":[{"href":"https:\/\/streetmarkets.fr\/app\/wp-json\/wp\/v2\/product\/647838"}],"collection":[{"href":"https:\/\/streetmarkets.fr\/app\/wp-json\/wp\/v2\/product"}],"about":[{"href":"https:\/\/streetmarkets.fr\/app\/wp-json\/wp\/v2\/types\/product"}],"replies":[{"embeddable":true,"href":"https:\/\/streetmarkets.fr\/app\/wp-json\/wp\/v2\/comments?post=647838"}],"wp:featuredmedia":[{"embeddable":true,"href":"https:\/\/streetmarkets.fr\/app\/wp-json\/wp\/v2\/media\/647839"}],"wp:attachment":[{"href":"https:\/\/streetmarkets.fr\/app\/wp-json\/wp\/v2\/media?parent=647838"}],"wp:term":[{"taxonomy":"product_brand","embeddable":true,"href":"https:\/\/streetmarkets.fr\/app\/wp-json\/wp\/v2\/product_brand?post=647838"},{"taxonomy":"product_cat","embeddable":true,"href":"https:\/\/streetmarkets.fr\/app\/wp-json\/wp\/v2\/product_cat?post=647838"},{"taxonomy":"product_tag","embeddable":true,"href":"https:\/\/streetmarkets.fr\/app\/wp-json\/wp\/v2\/product_tag?post=647838"}],"curies":[{"name":"wp","href":"https:\/\/api.w.org\/{rel}","templated":true}]}}